CREATE TABLE `arbor_contact` (
  `id_contact` int(10) unsigned NOT NULL AUTO_INCREMENT,
  `email` varchar(128) NOT NULL,
  `position` tinyint(2) unsigned NOT NULL DEFAULT '0',
  PRIMARY KEY (`id_contact`)
) ENGINE=MyISAM AUTO_INCREMENT=4 DEFAULT CHARSET=utf8;

INSERT INTO `arbor_contact` VALUES
('1','arborethic@free.fr','0'),
('2','arborethic@free.fr','0'),
('3','arbres-venerables@orange.fr','0');
/* Scheme for table arbor_contact_lang */
CREATE TABLE `arbor_contact_lang` (
  `id_contact` int(10) unsigned NOT NULL,
  `id_lang` int(10) unsigned NOT NULL,
  `name` varchar(32) NOT NULL,
  `description` text,
  UNIQUE KEY `contact_lang_index` (`id_contact`,`id_lang`)
) ENGINE=MyISAM DEFAULT CHARSET=utf8;

INSERT INTO `arbor_contact_lang` VALUES
('1','1','Webmaster','If a technical problem occurs on this website'),
('1','2','Webmaster','Si un problème technique survient sur le site'),
('2','1','Customer service','For any question about a product, an order'),
('2','2','Service client','Pour toute question ou réclamation sur une commande'),
('3','1','Jérôme Hutin','Contact the photographer Jerome Hutin'),
('3','2','Jérôme Hutin','Contactez le photographe Jérôme Hutin');
/* Scheme for table arbor_country */
CREATE TABLE `arbor_country` (
  `id_country` int(10) unsigned NOT NULL AUTO_INCREMENT,
  `id_zone` int(10) unsigned NOT NULL,
  `iso_code` varchar(3) NOT NULL,
  `active` tinyint(1) unsigned NOT NULL DEFAULT '0',
  `contains_states` tinyint(1) NOT NULL DEFAULT '0',
  `need_identification_number` tinyint(1) NOT NULL DEFAULT '0',
  PRIMARY KEY (`id_country`),
  KEY `country_iso_code` (`iso_code`),
  KEY `country_` (`id_zone`)
) ENGINE=MyISAM AUTO_INCREMENT=42 DEFAULT CHARSET=utf8;

INSERT INTO `arbor_country` VALUES
('1','1','DE','1','0','0'),
('2','1','AT','1','0','0'),
('3','1','BE','1','0','0'),
('4','2','CA','1','0','0'),
('5','3','CN','1','0','0'),
('6','1','ES','1','0','0'),
('7','1','FI','1','0','0'),
('8','1','FR','1','0','0'),
('9','1','GR','1','0','0'),
('10','1','IT','1','0','0'),
('11','3','JP','1','0','0'),
('12','1','LU','1','0','0'),
('13','1','NL','1','0','0'),
('14','1','PL','1','0','0'),
('15','1','PT','1','0','0'),
('16','1','CZ','1','0','0'),
('17','1','GB','1','0','0'),
('18','1','SE','1','0','0'),
('19','1','CH','1','0','0'),
('20','1','DK','1','0','0'),
('21','2','US','1','1','0'),
('22','3','HK','1','0','0'),
('23','1','NO','1','0','0'),
('24','5','AU','1','0','0'),
('25','3','SG','1','0','0'),
('26','1','IE','1','0','0'),
('27','5','NZ','1','0','0'),
('28','3','KR','1','0','0'),
('29','3','IL','1','0','0'),
('30','1','NL','1','0','0'),
('31','4','ZA','1','0','0'),
('32','4','NG','1','0','0'),
('33','4','CI','1','0','0'),
('34','4','TG','1','0','0'),
('35','2','US','1','1','0'),
('36','6','CH','1','0','0'),
('37','10','FR','1','0','0'),
('38','10','FR','1','0','0'),
('39','12','MC','1','1','0'),
('40','10','FR','1','0','0'),
('41','10','FR','1','0','0');
/* Scheme for table arbor_country_lang */
CREATE TABLE `arbor_country_lang` (
  `id_country` int(10) unsigned NOT NULL,
  `id_lang` int(10) unsigned NOT NULL,
  `name` varchar(64) NOT NULL,
  UNIQUE KEY `country_lang_index` (`id_country`,`id_lang`)
) ENGINE=MyISAM DEFAULT CHARSET=utf8;

INSERT INTO `arbor_country_lang` VALUES
('1','1','Germany'),
('1','2','Allemagne'),
('2','1','Austria'),
('2','2','Autriche'),
('3','1','Belgium'),
('3','2','Belgique'),
('4','1','Canada'),
('4','2','Canada'),
('5','1','China'),
('5','2','Chine'),
('6','1','Spain'),
('6','2','Espagne'),
('7','1','Finland'),
('7','2','Finlande'),
('8','1','France'),
('8','2','France'),
('9','1','Greece'),
('9','2','Grèce'),
('10','1','Italy'),
('10','2','Italie'),
('11','1','Japan'),
('11','2','Japon'),
('12','1','Luxemburg'),
('12','2','Luxembourg'),
('13','1','The Netherlands'),
('13','2','Pays-bas'),
('14','1','Poland'),
('14','2','Pologne'),
('15','1','Portugal'),
('15','2','Portugal'),
('16','1','Czech Republic'),
('16','2','République Tchèque'),
('17','1','United Kingdom'),
('17','2','Royaume-Uni'),
('18','1','Sweden'),
('18','2','Suède'),
('19','1','Switzerland'),
('19','2','Suisse'),
('20','1','Denmark'),
('20','2','Danemark'),
('21','1','USA'),
('21','2','USA'),
('22','1','HongKong'),
('22','2','Hong-Kong'),
('23','1','Norway'),
('23','2','Norvège'),
('24','1','Australia'),
('24','2','Australie'),
('25','1','Singapore'),
('25','2','Singapour'),
('26','1','Irelande'),
('26','2','Eire'),
('27','1','New Zealand'),
('27','2','Nouvelle-Zélande'),
('28','1','South Korea'),
('28','2','Corée du Sud'),
('29','1','Israel'),
('29','2','Israël'),
('30','1','Netherlands'),
('30','2','Pays-Bas'),
('31','1','South Africa'),
('31','2','Afrique du Sud'),
('32','1','Nigeria'),
('32','2','Nigeria'),
('33','1','Ivory Coast'),
('33','2','Côte d\'Ivoire'),
('34','1','Togo'),
('34','2','Togo'),
('1','3','Germany'),
('1','4','Germany'),
('1','6','Germany'),
('1','7','Germany'),
('1','8','Germany'),
('1','9','Germany'),
('1','10','Germany'),
('1','11','Germany'),
('1','12','Germany'),
('1','13','Germany'),
('1','14','Germany'),
('1','15','Germany'),
('1','16','Germany'),
('1','17','Germany'),
('1','18','Germany'),
('1','19','Germany'),
('1','20','Germany'),
('1','21','Germany'),
('2','3','Austria'),
('2','4','Austria'),
('2','6','Austria'),
('2','7','Austria'),
('2','8','Austria'),
('2','9','Austria'),
('2','10','Austria'),
('2','11','Austria'),
('2','12','Austria'),
('2','13','Austria'),
('2','14','Austria'),
('2','15','Austria'),
('2','16','Austria'),
('2','17','Austria'),
('2','18','Austria'),
('2','19','Austria'),
('2','20','Austria'),
('2','21','Austria'),
('3','3','Belgium'),
('3','4','Belgium'),
('3','6','Belgium'),
('3','7','Belgium'),
('3','8','Belgium'),
('3','9','Belgium'),
('3','10','Belgium'),
('3','11','Belgium'),
('3','12','Belgium'),
('3','13','Belgium'),
('3','14','Belgium'),
('3','15','Belgium'),
('3','16','Belgium'),
('3','17','Belgium'),
('3','18','Belgium'),
('3','19','Belgium'),
('3','20','Belgium'),
('3','21','Belgium'),
('4','3','Canada'),
('4','4','Canada'),
('4','6','Canada'),
('4','7','Canada'),
('4','8','Canada'),
('4','9','Canada'),
('4','10','Canada'),
('4','11','Canada'),
('4','12','Canada'),
('4','13','Canada'),
('4','14','Canada'),
('4','15','Canada'),
('4','16','Canada'),
('4','17','Canada'),
('4','18','Canada'),
('4','19','Canada'),
('4','20','Canada'),
('4','21','Canada'),
('5','3','China'),
('5','4','China'),
('5','6','China'),
('5','7','China'),
('5','8','China'),
('5','9','China'),
('5','10','China'),
('5','11','China'),
('5','12','China'),
('5','13','China'),
('5','14','China'),
('5','15','China'),
('5','16','China'),
('5','17','China'),
('5','18','China'),
('5','19','China'),
('5','20','China'),
('5','21','China'),
('6','3','Spain'),
('6','4','Spain'),
('6','6','Spain'),
('6','7','Spain'),
('6','8','Spain'),
('6','9','Spain'),
('6','10','Spain'),
('6','11','Spain'),
('6','12','Spain'),
('6','13','Spain'),
('6','14','Spain'),
('6','15','Spain'),
('6','16','Spain'),
('6','17','Spain'),
('6','18','Spain'),
('6','19','Spain'),
('6','20','Spain'),
('6','21','Spain'),
('7','3','Finland'),
('7','4','Finland'),
('7','6','Finland'),
('7','7','Finland'),
('7','8','Finland'),
('7','9','Finland'),
('7','10','Finland'),
('7','11','Finland'),
('7','12','Finland'),
('7','13','Finland'),
('7','14','Finland'),
('7','15','Finland'),
('7','16','Finland'),
('7','17','Finland'),
('7','18','Finland'),
('7','19','Finland'),
('7','20','Finland'),
('7','21','Finland'),
('8','3','France'),
('8','4','France'),
('8','6','France'),
('8','7','France'),
('8','8','France'),
('8','9','France');
INSERT INTO `arbor_country_lang` VALUES
('8','10','France'),
('8','11','France'),
('8','12','France'),
('8','13','France'),
('8','14','France'),
('8','15','France'),
('8','16','France'),
('8','17','France'),
('8','18','France'),
('8','19','France'),
('8','20','France'),
('8','21','France'),
('9','3','Greece'),
('9','4','Greece'),
('9','6','Greece'),
('9','7','Greece'),
('9','8','Greece'),
('9','9','Greece'),
('9','10','Greece'),
('9','11','Greece'),
('9','12','Greece'),
('9','13','Greece'),
('9','14','Greece'),
('9','15','Greece'),
('9','16','Greece'),
('9','17','Greece'),
('9','18','Greece'),
('9','19','Greece'),
('9','20','Greece'),
('9','21','Greece'),
('10','3','Italy'),
('10','4','Italy'),
('10','6','Italy'),
('10','7','Italy'),
('10','8','Italy'),
('10','9','Italy'),
('10','10','Italy'),
('10','11','Italy'),
('10','12','Italy'),
('10','13','Italy'),
('10','14','Italy'),
('10','15','Italy'),
('10','16','Italy'),
('10','17','Italy'),
('10','18','Italy'),
('10','19','Italy'),
('10','20','Italy'),
('10','21','Italy'),
('11','3','Japan'),
('11','4','Japan'),
('11','6','Japan'),
('11','7','Japan'),
('11','8','Japan'),
('11','9','Japan'),
('11','10','Japan'),
('11','11','Japan'),
('11','12','Japan'),
('11','13','Japan'),
('11','14','Japan'),
('11','15','Japan'),
('11','16','Japan'),
('11','17','Japan'),
('11','18','Japan'),
('11','19','Japan'),
('11','20','Japan'),
('11','21','Japan'),
('12','3','Luxemburg'),
('12','4','Luxemburg'),
('12','6','Luxemburg'),
('12','7','Luxemburg'),
('12','8','Luxemburg'),
('12','9','Luxemburg'),
('12','10','Luxemburg'),
('12','11','Luxemburg'),
('12','12','Luxemburg'),
('12','13','Luxemburg'),
('12','14','Luxemburg'),
('12','15','Luxemburg'),
('12','16','Luxemburg'),
('12','17','Luxemburg'),
('12','18','Luxemburg'),
('12','19','Luxemburg'),
('12','20','Luxemburg'),
('12','21','Luxemburg'),
('13','3','The Netherlands'),
('13','4','The Netherlands'),
('13','6','The Netherlands'),
('13','7','The Netherlands'),
('13','8','The Netherlands'),
('13','9','The Netherlands'),
('13','10','The Netherlands'),
('13','11','The Netherlands'),
('13','12','The Netherlands'),
('13','13','The Netherlands'),
('13','14','The Netherlands'),
('13','15','The Netherlands'),
('13','16','The Netherlands'),
('13','17','The Netherlands'),
('13','18','The Netherlands'),
('13','19','The Netherlands'),
('13','20','The Netherlands'),
('13','21','The Netherlands'),
('14','3','Poland'),
('14','4','Poland'),
('14','6','Poland'),
('14','7','Poland'),
('14','8','Poland'),
('14','9','Poland'),
('14','10','Poland'),
('14','11','Poland'),
('14','12','Poland'),
('14','13','Poland'),
('14','14','Poland'),
('14','15','Poland'),
('14','16','Poland'),
('14','17','Poland'),
('14','18','Poland'),
('14','19','Poland'),
('14','20','Poland'),
('14','21','Poland'),
('15','3','Portugal'),
('15','4','Portugal'),
('15','6','Portugal'),
('15','7','Portugal'),
('15','8','Portugal'),
('15','9','Portugal'),
('15','10','Portugal'),
('15','11','Portugal'),
('15','12','Portugal'),
('15','13','Portugal'),
('15','14','Portugal'),
('15','15','Portugal'),
('15','16','Portugal'),
('15','17','Portugal'),
('15','18','Portugal'),
('15','19','Portugal'),
('15','20','Portugal'),
('15','21','Portugal'),
('16','3','Czech Republic'),
('16','4','Czech Republic'),
('16','6','Czech Republic'),
('16','7','Czech Republic'),
('16','8','Czech Republic'),
('16','9','Czech Republic'),
('16','10','Czech Republic'),
('16','11','Czech Republic'),
('16','12','Czech Republic'),
('16','13','Czech Republic'),
('16','14','Czech Republic'),
('16','15','Czech Republic'),
('16','16','Czech Republic'),
('16','17','Czech Republic'),
('16','18','Czech Republic'),
('16','19','Czech Republic'),
('16','20','Czech Republic'),
('16','21','Czech Republic'),
('17','3','United Kingdom'),
('17','4','United Kingdom'),
('17','6','United Kingdom'),
('17','7','United Kingdom'),
('17','8','United Kingdom'),
('17','9','United Kingdom'),
('17','10','United Kingdom'),
('17','11','United Kingdom'),
('17','12','United Kingdom'),
('17','13','United Kingdom'),
('17','14','United Kingdom'),
('17','15','United Kingdom'),
('17','16','United Kingdom'),
('17','17','United Kingdom'),
('17','18','United Kingdom'),
('17','19','United Kingdom'),
('17','20','United Kingdom'),
('17','21','United Kingdom'),
('18','3','Sweden'),
('18','4','Sweden'),
('18','6','Sweden'),
('18','7','Sweden'),
('18','8','Sweden'),
('18','9','Sweden'),
('18','10','Sweden'),
('18','11','Sweden'),
('18','12','Sweden'),
('18','13','Sweden'),
('18','14','Sweden'),
('18','15','Sweden'),
('18','16','Sweden'),
('18','17','Sweden'),
('18','18','Sweden'),
('18','19','Sweden'),
('18','20','Sweden'),
('18','21','Sweden'),
('19','3','Switzerland'),
('19','4','Switzerland'),
('41','2','France'),
('19','6','Switzerland'),
('19','7','Switzerland'),
('19','8','Switzerland'),
('19','9','Switzerland'),
('19','10','Switzerland');
INSERT INTO `arbor_country_lang` VALUES
('19','11','Switzerland'),
('19','12','Switzerland'),
('19','13','Switzerland'),
('19','14','Switzerland'),
('19','15','Switzerland'),
('19','16','Switzerland'),
('19','17','Switzerland'),
('19','18','Switzerland'),
('19','19','Switzerland'),
('19','20','Switzerland'),
('19','21','Switzerland'),
('20','3','Denmark'),
('20','4','Denmark'),
('41','1','France'),
('20','6','Denmark'),
('20','7','Denmark'),
('20','8','Denmark'),
('20','9','Denmark'),
('20','10','Denmark'),
('20','11','Denmark'),
('20','12','Denmark'),
('20','13','Denmark'),
('20','14','Denmark'),
('20','15','Denmark'),
('20','16','Denmark'),
('20','17','Denmark'),
('20','18','Denmark'),
('20','19','Denmark'),
('20','20','Denmark'),
('20','21','Denmark'),
('21','3','USA'),
('21','4','USA'),
('40','2','France'),
('21','6','USA'),
('21','7','USA'),
('21','8','USA'),
('21','9','USA'),
('21','10','USA'),
('21','11','USA'),
('21','12','USA'),
('21','13','USA'),
('21','14','USA'),
('21','15','USA'),
('21','16','USA'),
('21','17','USA'),
('21','18','USA'),
('21','19','USA'),
('21','20','USA'),
('21','21','USA'),
('22','3','HongKong'),
('22','4','HongKong'),
('40','1','France'),
('22','6','HongKong'),
('22','7','HongKong'),
('22','8','HongKong'),
('22','9','HongKong'),
('22','10','HongKong'),
('22','11','HongKong'),
('22','12','HongKong'),
('22','13','HongKong'),
('22','14','HongKong'),
('22','15','HongKong'),
('22','16','HongKong'),
('22','17','HongKong'),
('22','18','HongKong'),
('22','19','HongKong'),
('22','20','HongKong'),
('22','21','HongKong'),
('23','3','Norway'),
('23','4','Norway'),
('39','2','Monaco'),
('23','6','Norway'),
('23','7','Norway'),
('23','8','Norway'),
('23','9','Norway'),
('23','10','Norway'),
('23','11','Norway'),
('23','12','Norway'),
('23','13','Norway'),
('23','14','Norway'),
('23','15','Norway'),
('23','16','Norway'),
('23','17','Norway'),
('23','18','Norway'),
('23','19','Norway'),
('23','20','Norway'),
('23','21','Norway'),
('24','3','Australia'),
('24','4','Australia'),
('39','1','Monaco'),
('24','6','Australia'),
('24','7','Australia'),
('24','8','Australia'),
('24','9','Australia'),
('24','10','Australia'),
('24','11','Australia'),
('24','12','Australia'),
('24','13','Australia'),
('24','14','Australia'),
('24','15','Australia'),
('24','16','Australia'),
('24','17','Australia'),
('24','18','Australia'),
('24','19','Australia'),
('24','20','Australia'),
('24','21','Australia'),
('25','3','Singapore'),
('25','4','Singapore'),
('38','2','France'),
('25','6','Singapore'),
('25','7','Singapore'),
('25','8','Singapore'),
('25','9','Singapore'),
('25','10','Singapore'),
('25','11','Singapore'),
('25','12','Singapore'),
('25','13','Singapore'),
('25','14','Singapore'),
('25','15','Singapore'),
('25','16','Singapore'),
('25','17','Singapore'),
('25','18','Singapore'),
('25','19','Singapore'),
('25','20','Singapore'),
('25','21','Singapore'),
('26','3','Irelande'),
('26','4','Irelande'),
('38','1','France'),
('26','6','Irelande'),
('26','7','Irelande'),
('26','8','Irelande'),
('26','9','Irelande'),
('26','10','Irelande'),
('26','11','Irelande'),
('26','12','Irelande'),
('26','13','Irelande'),
('26','14','Irelande'),
('26','15','Irelande'),
('26','16','Irelande'),
('26','17','Irelande'),
('26','18','Irelande'),
('26','19','Irelande'),
('26','20','Irelande'),
('26','21','Irelande'),
('27','3','New Zealand'),
('27','4','New Zealand'),
('37','2','France'),
('27','6','New Zealand'),
('27','7','New Zealand'),
('27','8','New Zealand'),
('27','9','New Zealand'),
('27','10','New Zealand'),
('27','11','New Zealand'),
('27','12','New Zealand'),
('27','13','New Zealand'),
('27','14','New Zealand'),
('27','15','New Zealand'),
('27','16','New Zealand'),
('27','17','New Zealand'),
('27','18','New Zealand'),
('27','19','New Zealand'),
('27','20','New Zealand'),
('27','21','New Zealand'),
('28','3','South Korea'),
('28','4','South Korea'),
('37','1','France'),
('28','6','South Korea'),
('28','7','South Korea'),
('28','8','South Korea'),
('28','9','South Korea'),
('28','10','South Korea'),
('28','11','South Korea'),
('28','12','South Korea'),
('28','13','South Korea'),
('28','14','South Korea'),
('28','15','South Korea'),
('28','16','South Korea'),
('28','17','South Korea'),
('28','18','South Korea'),
('28','19','South Korea'),
('28','20','South Korea'),
('28','21','South Korea'),
('29','3','Israel'),
('29','4','Israel'),
('36','2','Suisse'),
('29','6','Israel'),
('29','7','Israel'),
('29','8','Israel'),
('29','9','Israel'),
('29','10','Israel'),
('29','11','Israel'),
('29','12','Israel'),
('29','13','Israel'),
('29','14','Israel'),
('29','15','Israel'),
('29','16','Israel'),
('29','17','Israel'),
('29','18','Israel'),
('29','19','Israel'),
('29','20','Israel');
INSERT INTO `arbor_country_lang` VALUES
('29','21','Israel'),
('30','3','Netherlands'),
('30','4','Netherlands'),
('36','1','Switzerland'),
('30','6','Netherlands'),
('30','7','Netherlands'),
('30','8','Netherlands'),
('30','9','Netherlands'),
('30','10','Netherlands'),
('30','11','Netherlands'),
('30','12','Netherlands'),
('30','13','Netherlands'),
('30','14','Netherlands'),
('30','15','Netherlands'),
('30','16','Netherlands'),
('30','17','Netherlands'),
('30','18','Netherlands'),
('30','19','Netherlands'),
('30','20','Netherlands'),
('30','21','Netherlands'),
('31','3','South Africa'),
('31','4','South Africa'),
('31','6','South Africa'),
('31','7','South Africa'),
('31','8','South Africa'),
('31','9','South Africa'),
('31','10','South Africa'),
('31','11','South Africa'),
('31','12','South Africa'),
('31','13','South Africa'),
('31','14','South Africa'),
('31','15','South Africa'),
('31','16','South Africa'),
('31','17','South Africa'),
('31','18','South Africa'),
('31','19','South Africa'),
('31','20','South Africa'),
('31','21','South Africa'),
('32','3','Nigeria'),
('32','4','Nigeria'),
('35','2','Etats-Unis'),
('32','6','Nigeria'),
('32','7','Nigeria'),
('32','8','Nigeria'),
('32','9','Nigeria'),
('32','10','Nigeria'),
('32','11','Nigeria'),
('32','12','Nigeria'),
('32','13','Nigeria'),
('32','14','Nigeria'),
('32','15','Nigeria'),
('32','16','Nigeria'),
('32','17','Nigeria'),
('32','18','Nigeria'),
('32','19','Nigeria'),
('32','20','Nigeria'),
('32','21','Nigeria'),
('33','3','Ivory Coast'),
('33','4','Ivory Coast'),
('33','6','Ivory Coast'),
('33','7','Ivory Coast'),
('33','8','Ivory Coast'),
('33','9','Ivory Coast'),
('33','10','Ivory Coast'),
('33','11','Ivory Coast'),
('33','12','Ivory Coast'),
('33','13','Ivory Coast'),
('33','14','Ivory Coast'),
('33','15','Ivory Coast'),
('33','16','Ivory Coast'),
('33','17','Ivory Coast'),
('33','18','Ivory Coast'),
('33','19','Ivory Coast'),
('33','20','Ivory Coast'),
('33','21','Ivory Coast'),
('34','3','Togo'),
('34','4','Togo'),
('35','1','Etats-Unis'),
('34','6','Togo'),
('34','7','Togo'),
('34','8','Togo'),
('34','9','Togo'),
('34','10','Togo'),
('34','11','Togo'),
('34','12','Togo'),
('34','13','Togo'),
('34','14','Togo'),
('34','15','Togo'),
('34','16','Togo'),
('34','17','Togo'),
('34','18','Togo'),
('34','19','Togo'),
('34','20','Togo'),
('34','21','Togo');
/* Scheme for table arbor_currency */
CREATE TABLE `arbor_currency` (
  `id_currency` int(10) unsigned NOT NULL AUTO_INCREMENT,
  `name` varchar(32) NOT NULL,
  `iso_code` varchar(3) NOT NULL DEFAULT '0',
  `sign` varchar(8) NOT NULL,
  `blank` tinyint(1) unsigned NOT NULL DEFAULT '0',
  `format` tinyint(1) unsigned NOT NULL DEFAULT '0',
  `decimals` tinyint(1) unsigned NOT NULL DEFAULT '1',
  `conversion_rate` decimal(13,6) NOT NULL,
  `deleted` tinyint(1) unsigned NOT NULL DEFAULT '0',
  PRIMARY KEY (`id_currency`)
) ENGINE=MyISAM AUTO_INCREMENT=5 DEFAULT CHARSET=utf8;

INSERT INTO `arbor_currency` VALUES
('1','Euro','EUR','&euro;','1','2','1','1.000000','0'),
('2','Dollar','USD','$','0','1','1','1.480000','0'),
('3','Pound','GBP','£','0','1','1','0.800000','1'),
('4','Francs suisse','CHF','CHF','1','2','1','1.329000','0');
/* Scheme for table arbor_customer_group */
CREATE TABLE `arbor_customer_group` (
  `id_customer` int(10) unsigned NOT NULL,
  `id_group` int(10) unsigned NOT NULL,
  PRIMARY KEY (`id_customer`,`id_group`),
  KEY `customer_login` (`id_group`),
  KEY `id_customer` (`id_customer`)
) ENGINE=MyISAM DEFAULT CHARSET=utf8;

INSERT INTO `arbor_customer_group` VALUES
('1','1'),
('2','1'),
('3','1'),
('4','1'),
('5','1'),
('6','1'),
('7','1'),
('8','1'),
('10','1'),
('11','1'),
('12','1'),
('13','1'),
('14','1'),
('15','1'),
('16','1'),
('17','1'),
('21','1'),
('22','1'),
('23','1'),
('24','1'),
('25','1'),
('26','1'),
('27','1'),
('28','1'),
('29','1'),
('30','1'),
('31','1'),
('32','1'),
('33','1'),
('34','1'),
('35','1'),
('36','1'),
('37','1'),
('38','1'),
('39','1'),
('40','1'),
('41','1'),
('42','1'),
('43','1'),
('44','1'),
('45','1');
/* Scheme for table arbor_customization */
CREATE TABLE `arbor_customization` (
  `id_customization` int(10) unsigned NOT NULL AUTO_INCREMENT,
  `id_product_attribute` int(10) unsigned NOT NULL DEFAULT '0',
  `id_cart` int(10) unsigned NOT NULL,
  `id_product` int(10) NOT NULL,
  `quantity` int(10) NOT NULL,
  `quantity_refunded` int(11) NOT NULL DEFAULT '0',
  `quantity_returned` int(11) NOT NULL DEFAULT '0',
  PRIMARY KEY (`id_customization`,`id_cart`,`id_product`),
  KEY `id_product_attribute` (`id_product_attribute`)
) ENGINE=MyISAM AUTO_INCREMENT=2 DEFAULT CHARSET=utf8;

INSERT INTO `arbor_customization` VALUES
('1','631','2217','135','1','0','0');
/* Scheme for table arbor_customization_field */
CREATE TABLE `arbor_customization_field` (
  `id_customization_field` int(10) unsigned NOT NULL AUTO_INCREMENT,
  `id_product` int(10) unsigned NOT NULL,
  `type` tinyint(1) NOT NULL,
  `required` tinyint(1) NOT NULL,
  PRIMARY KEY (`id_customization_field`),
  KEY `id_product` (`id_product`)
) ENGINE=MyISAM AUTO_INCREMENT=10 DEFAULT CHARSET=utf8;

INSERT INTO `arbor_customization_field` VALUES
('1','74','0','0'),
('2','74','1','0'),
('7','92','0','0'),
('8','92','1','0'),
('9','92','0','0');
/* Scheme for table arbor_customization_field_lang */
CREATE TABLE `arbor_customization_field_lang` (
  `id_customization_field` int(10) unsigned NOT NULL,
  `id_lang` int(10) unsigned NOT NULL,
  `name` varchar(255) NOT NULL,
  PRIMARY KEY (`id_customization_field`,`id_lang`)
) ENGINE=MyISAM DEFAULT CHARSET=utf8;

INSERT INTO `arbor_customization_field_lang` VALUES
('2','1',''),
('2','2',''),
('1','1',''),
('1','2',''),
('7','1','Download your photo here'),
('7','2','Télécharger votre photo en 300 DPI , 3000 x 3000 pixels, maximum 3 giga, merci.'),
('8','1','You can also send a personalisez text.'),
('8','2','Vous pouvez aussi envoyer un texte personnalisé.'),
('9','1','Download your photo here'),
('9','2','Télécharger votre photo en 300 DPI , 3000 x 3000 pixels, maximum 3 giga, merci.');
/* Scheme for table arbor_customized_data */
CREATE TABLE `arbor_customized_data` (
  `id_customization` int(10) unsigned NOT NULL,
  `type` tinyint(1) NOT NULL,
  `index` int(3) NOT NULL,
  `value` varchar(255) NOT NULL,
  PRIMARY KEY (`id_customization`,`type`,`index`)
) ENGINE=MyISAM DEFAULT CHARSET=utf8;

INSERT INTO `arbor_customized_data` VALUES
('1','0','3','10e1a2e7eea65517a15836f440d147b8'),
('1','1','5','logo');
/* Scheme for table arbor_date_range */
CREATE TABLE `arbor_date_range` (
  `id_date_range` int(10) unsigned NOT NULL AUTO_INCREMENT,
  `time_start` datetime NOT NULL,
  `time_end` datetime NOT NULL,
  PRIMARY KEY (`id_date_range`)
) ENGINE=MyISAM AUTO_INCREMENT=714 DEFAULT CHARSET=utf8;

INSERT INTO `arbor_date_range` VALUES
('1','2008-12-27 00:00:00','2008-12-27 23:59:59'),
('2','2010-01-09 00:00:00','2010-01-09 23:59:59'),
('3','2010-01-10 00:00:00','2010-01-10 23:59:59'),
('4','2010-01-11 00:00:00','2010-01-11 23:59:59'),
('5','2010-01-12 00:00:00','2010-01-12 23:59:59'),
('6','2010-01-13 00:00:00','2010-01-13 23:59:59'),
('7','2010-01-14 00:00:00','2010-01-14 23:59:59'),
('8','2010-01-15 00:00:00','2010-01-15 23:59:59'),
('9','2010-01-16 00:00:00','2010-01-16 23:59:59'),
('10','2010-01-17 00:00:00','2010-01-17 23:59:59'),
('11','2010-01-18 00:00:00','2010-01-18 23:59:59'),
('12','2010-01-19 00:00:00','2010-01-19 23:59:59'),
('13','2010-01-20 00:00:00','2010-01-20 23:59:59'),
('14','2010-01-21 00:00:00','2010-01-21 23:59:59'),
('15','2010-01-22 00:00:00','2010-01-22 23:59:59'),
('16','2010-01-23 00:00:00','2010-01-23 23:59:59'),
('17','2010-01-24 00:00:00','2010-01-24 23:59:59'),
('18','2010-01-25 00:00:00','2010-01-25 23:59:59'),
('19','2010-01-26 00:00:00','2010-01-26 23:59:59'),
('20','2010-01-27 00:00:00','2010-01-27 23:59:59'),
('21','2010-01-28 00:00:00','2010-01-28 23:59:59'),
('22','2010-01-29 00:00:00','2010-01-29 23:59:59'),
('23','2010-01-30 00:00:00','2010-01-30 23:59:59'),
('24','2010-01-31 00:00:00','2010-01-31 23:59:59'),
('25','2010-02-01 00:00:00','2010-02-01 23:59:59'),
('26','2010-02-02 00:00:00','2010-02-02 23:59:59'),
('27','2010-02-03 00:00:00','2010-02-03 23:59:59'),
('28','2010-02-04 00:00:00','2010-02-04 23:59:59'),
('29','2010-02-05 00:00:00','2010-02-05 23:59:59'),
('30','2010-02-06 00:00:00','2010-02-06 23:59:59'),
('31','2010-02-07 00:00:00','2010-02-07 23:59:59'),
('32','2010-02-08 00:00:00','2010-02-08 23:59:59'),
('33','2010-02-09 00:00:00','2010-02-09 23:59:59'),
('34','2010-02-10 00:00:00','2010-02-10 23:59:59'),
('35','2010-02-11 00:00:00','2010-02-11 23:59:59'),
('36','2010-02-12 00:00:00','2010-02-12 23:59:59'),
('37','2010-02-13 00:00:00','2010-02-13 23:59:59'),
('38','2010-02-14 00:00:00','2010-02-14 23:59:59'),
('39','2010-02-15 00:00:00','2010-02-15 23:59:59'),
('40','2010-02-16 00:00:00','2010-02-16 23:59:59'),
('41','2010-02-17 00:00:00','2010-02-17 23:59:59'),
('42','2010-02-18 00:00:00','2010-02-18 23:59:59'),
('43','2010-02-19 00:00:00','2010-02-19 23:59:59'),
('44','2010-02-20 00:00:00','2010-02-20 23:59:59'),
('45','2010-02-21 00:00:00','2010-02-21 23:59:59'),
('46','2010-02-22 00:00:00','2010-02-22 23:59:59'),
('47','2010-02-23 00:00:00','2010-02-23 23:59:59'),
('48','2010-02-24 00:00:00','2010-02-24 23:59:59'),
('49','2010-02-25 00:00:00','2010-02-25 23:59:59'),
('50','2010-02-26 00:00:00','2010-02-26 23:59:59'),
('51','2010-02-27 00:00:00','2010-02-27 23:59:59'),
('52','2010-02-28 00:00:00','2010-02-28 23:59:59'),
('53','2010-03-01 00:00:00','2010-03-01 23:59:59'),
('54','2010-03-02 00:00:00','2010-03-02 23:59:59'),
('55','2010-03-03 00:00:00','2010-03-03 23:59:59'),
('56','2010-03-04 00:00:00','2010-03-04 23:59:59'),
('57','2010-03-05 00:00:00','2010-03-05 23:59:59'),
('58','2010-03-06 00:00:00','2010-03-06 23:59:59'),
('59','2010-03-07 00:00:00','2010-03-07 23:59:59'),
('60','2010-03-08 00:00:00','2010-03-08 23:59:59'),
('61','2010-03-09 00:00:00','2010-03-09 23:59:59'),
('62','2010-03-10 00:00:00','2010-03-10 23:59:59'),
('63','2010-03-11 00:00:00','2010-03-11 23:59:59'),
('64','2010-03-12 00:00:00','2010-03-12 23:59:59'),
('65','2010-03-13 00:00:00','2010-03-13 23:59:59'),
('66','2010-03-14 00:00:00','2010-03-14 23:59:59'),
('67','2010-03-15 00:00:00','2010-03-15 23:59:59'),
('68','2010-03-16 00:00:00','2010-03-16 23:59:59'),
('69','2010-03-17 00:00:00','2010-03-17 23:59:59'),
('70','2010-03-18 00:00:00','2010-03-18 23:59:59'),
('71','2010-03-19 00:00:00','2010-03-19 23:59:59'),
('72','2010-03-20 00:00:00','2010-03-20 23:59:59'),
('73','2010-03-21 00:00:00','2010-03-21 23:59:59'),
('74','2010-03-22 00:00:00','2010-03-22 23:59:59'),
('75','2010-03-23 00:00:00','2010-03-23 23:59:59'),
('76','2010-03-24 00:00:00','2010-03-24 23:59:59'),
('77','2010-03-25 00:00:00','2010-03-25 23:59:59'),
('78','2010-03-26 00:00:00','2010-03-26 23:59:59'),
('79','2010-03-27 00:00:00','2010-03-27 23:59:59'),
('80','2010-03-28 00:00:00','2010-03-29 00:59:59'),
('81','2010-03-29 00:00:00','2010-03-29 23:59:59'),
('82','2010-03-30 00:00:00','2010-03-30 23:59:59'),
('83','2010-03-31 00:00:00','2010-03-31 23:59:59'),
('84','2010-04-01 00:00:00','2010-04-01 23:59:59'),
('85','2010-04-02 00:00:00','2010-04-02 23:59:59'),
('86','2010-04-03 00:00:00','2010-04-03 23:59:59'),
('87','2010-04-04 00:00:00','2010-04-04 23:59:59'),
('88','2010-04-05 00:00:00','2010-04-05 23:59:59'),
('89','2010-04-06 00:00:00','2010-04-06 23:59:59'),
('90','2010-04-07 00:00:00','2010-04-07 23:59:59'),
('91','2010-04-08 00:00:00','2010-04-08 23:59:59'),
('92','2010-04-09 00:00:00','2010-04-09 23:59:59'),
('93','2010-04-10 00:00:00','2010-04-10 23:59:59'),
('94','2010-04-11 00:00:00','2010-04-11 23:59:59'),
('95','2010-04-12 00:00:00','2010-04-12 23:59:59'),
('96','2010-04-13 00:00:00','2010-04-13 23:59:59'),
('97','2010-04-14 00:00:00','2010-04-14 23:59:59'),
('98','2010-04-15 00:00:00','2010-04-15 23:59:59'),
('99','2010-04-16 00:00:00','2010-04-16 23:59:59'),
('100','2010-04-17 00:00:00','2010-04-17 23:59:59'),
('101','2010-04-18 00:00:00','2010-04-18 23:59:59'),
('102','2010-04-19 00:00:00','2010-04-19 23:59:59'),
('103','2010-04-20 00:00:00','2010-04-20 23:59:59'),
('104','2010-04-21 00:00:00','2010-04-21 23:59:59'),
('105','2010-04-22 00:00:00','2010-04-22 23:59:59'),
('106','2010-04-23 00:00:00','2010-04-23 23:59:59'),
('107','2010-04-24 00:00:00','2010-04-24 23:59:59'),
('108','2010-04-25 00:00:00','2010-04-25 23:59:59'),
('109','2010-04-26 00:00:00','2010-04-26 23:59:59'),
('110','2010-04-27 00:00:00','2010-04-27 23:59:59'),
('111','2010-04-28 00:00:00','2010-04-28 23:59:59'),
('112','2010-04-29 00:00:00','2010-04-29 23:59:59'),
('113','2010-04-30 00:00:00','2010-04-30 23:59:59'),
('114','2010-05-01 00:00:00','2010-05-01 23:59:59'),
('115','2010-05-02 00:00:00','2010-05-02 23:59:59'),
('116','2010-05-03 00:00:00','2010-05-03 23:59:59'),
('117','2010-05-04 00:00:00','2010-05-04 23:59:59'),
('118','2010-05-05 00:00:00','2010-05-05 23:59:59'),
('119','2010-05-06 00:00:00','2010-05-06 23:59:59'),
('120','2010-05-07 00:00:00','2010-05-07 23:59:59'),
('121','2010-05-08 00:00:00','2010-05-08 23:59:59'),
('122','2010-05-09 00:00:00','2010-05-09 23:59:59'),
('123','2010-05-10 00:00:00','2010-05-10 23:59:59'),
('124','2010-05-11 00:00:00','2010-05-11 23:59:59'),
('125','2010-05-12 00:00:00','2010-05-12 23:59:59'),
('126','2010-05-13 00:00:00','2010-05-13 23:59:59'),
('127','2010-05-14 00:00:00','2010-05-14 23:59:59'),
('128','2010-05-15 00:00:00','2010-05-15 23:59:59'),
('129','2010-05-16 00:00:00','2010-05-16 23:59:59'),
('130','2010-05-17 00:00:00','2010-05-17 23:59:59'),
('131','2010-05-18 00:00:00','2010-05-18 23:59:59'),
('132','2010-05-19 00:00:00','2010-05-19 23:59:59'),
('133','2010-05-20 00:00:00','2010-05-20 23:59:59'),
('134','2010-05-21 00:00:00','2010-05-21 23:59:59'),
('135','2010-05-22 00:00:00','2010-05-22 23:59:59'),
('136','2010-05-23 00:00:00','2010-05-23 23:59:59'),
('137','2010-05-24 00:00:00','2010-05-24 23:59:59'),
('138','2010-05-25 00:00:00','2010-05-25 23:59:59'),
('139','2010-05-26 00:00:00','2010-05-26 23:59:59'),
('140','2010-05-27 00:00:00','2010-05-27 23:59:59'),
('141','2010-05-28 00:00:00','2010-05-28 23:59:59'),
('142','2010-05-29 00:00:00','2010-05-29 23:59:59'),
('143','2010-05-30 00:00:00','2010-05-30 23:59:59'),
('144','2010-05-31 00:00:00','2010-05-31 23:59:59'),
('145','2010-06-01 00:00:00','2010-06-01 23:59:59'),
('146','2010-06-02 00:00:00','2010-06-02 23:59:59'),
('147','2010-06-03 00:00:00','2010-06-03 23:59:59'),
('148','2010-06-04 00:00:00','2010-06-04 23:59:59'),
('149','2010-06-05 00:00:00','2010-06-05 23:59:59'),
('150','2010-06-06 00:00:00','2010-06-06 23:59:59'),
('151','2010-06-07 00:00:00','2010-06-07 23:59:59'),
('152','2010-06-08 00:00:00','2010-06-08 23:59:59'),
('153','2010-06-09 00:00:00','2010-06-09 23:59:59'),
('154','2010-06-10 00:00:00','2010-06-10 23:59:59'),
('155','2010-06-11 00:00:00','2010-06-11 23:59:59'),
('156','2010-06-12 00:00:00','2010-06-12 23:59:59'),
('157','2010-06-13 00:00:00','2010-06-13 23:59:59'),
('158','2010-06-14 00:00:00','2010-06-14 23:59:59'),
('159','2010-06-15 00:00:00','2010-06-15 23:59:59'),
('160','2010-06-16 00:00:00','2010-06-16 23:59:59'),
('161','2010-06-17 00:00:00','2010-06-17 23:59:59'),
('162','2010-06-18 00:00:00','2010-06-18 23:59:59'),
('163','2010-06-19 00:00:00','2010-06-19 23:59:59'),
('164','2010-06-20 00:00:00','2010-06-20 23:59:59'),
('165','2010-06-21 00:00:00','2010-06-21 23:59:59'),
('166','2010-06-22 00:00:00','2010-06-22 23:59:59'),
('167','2010-06-23 00:00:00','2010-06-23 23:59:59'),
('168','2010-06-24 00:00:00','2010-06-24 23:59:59'),
('169','2010-06-25 00:00:00','2010-06-25 23:59:59'),
('170','2010-06-26 00:00:00','2010-06-26 23:59:59'),
('171','2010-06-27 00:00:00','2010-06-27 23:59:59'),
('172','2010-06-28 00:00:00','2010-06-28 23:59:59'),
('173','2010-06-29 00:00:00','2010-06-29 23:59:59'),
('174','2010-06-30 00:00:00','2010-06-30 23:59:59'),
('175','2010-07-01 00:00:00','2010-07-01 23:59:59'),
('176','2010-07-02 00:00:00','2010-07-02 23:59:59'),
('177','2010-07-03 00:00:00','2010-07-03 23:59:59'),
('178','2010-07-04 00:00:00','2010-07-04 23:59:59'),
('179','2010-07-05 00:00:00','2010-07-05 23:59:59'),
('180','2010-07-06 00:00:00','2010-07-06 23:59:59'),
('181','2010-07-07 00:00:00','2010-07-07 23:59:59'),
('182','2010-07-08 00:00:00','2010-07-08 23:59:59'),
('183','2010-07-09 00:00:00','2010-07-09 23:59:59'),
('184','2010-07-10 00:00:00','2010-07-10 23:59:59'),
('185','2010-07-11 00:00:00','2010-07-11 23:59:59'),
('186','2010-07-12 00:00:00','2010-07-12 23:59:59'),
('187','2010-07-13 00:00:00','2010-07-13 23:59:59'),
('188','2010-07-14 00:00:00','2010-07-14 23:59:59'),
('189','2010-07-15 00:00:00','2010-07-15 23:59:59'),
('190','2010-07-16 00:00:00','2010-07-16 23:59:59'),
('191','2010-07-17 00:00:00','2010-07-17 23:59:59'),
('192','2010-07-18 00:00:00','2010-07-18 23:59:59'),
('193','2010-07-19 00:00:00','2010-07-19 23:59:59'),
('194','2010-07-20 00:00:00','2010-07-20 23:59:59'),
('195','2010-07-21 00:00:00','2010-07-21 23:59:59'),
('196','2010-07-22 00:00:00','2010-07-22 23:59:59'),
('197','2010-07-23 00:00:00','2010-07-23 23:59:59'),
('198','2010-07-24 00:00:00','2010-07-24 23:59:59'),
('199','2010-07-25 00:00:00','2010-07-25 23:59:59'),
('200','2010-07-26 00:00:00','2010-07-26 23:59:59');
INSERT INTO `arbor_date_range` VALUES
('201','2010-07-27 00:00:00','2010-07-27 23:59:59'),
('202','2010-07-28 00:00:00','2010-07-28 23:59:59'),
('203','2010-07-29 00:00:00','2010-07-29 23:59:59'),
('204','2010-07-30 00:00:00','2010-07-30 23:59:59'),
('205','2010-07-31 00:00:00','2010-07-31 23:59:59'),
('206','2010-08-01 00:00:00','2010-08-01 23:59:59'),
('207','2010-08-02 00:00:00','2010-08-02 23:59:59'),
('208','2010-08-03 00:00:00','2010-08-03 23:59:59'),
('209','2010-08-04 00:00:00','2010-08-04 23:59:59'),
('210','2010-08-05 00:00:00','2010-08-05 23:59:59'),
('211','2010-08-06 00:00:00','2010-08-06 23:59:59'),
('212','2010-08-07 00:00:00','2010-08-07 23:59:59'),
('213','2010-08-08 00:00:00','2010-08-08 23:59:59'),
('214','2010-08-09 00:00:00','2010-08-09 23:59:59'),
('215','2010-08-10 00:00:00','2010-08-10 23:59:59'),
('216','2010-08-11 00:00:00','2010-08-11 23:59:59'),
('217','2010-08-12 00:00:00','2010-08-12 23:59:59'),
('218','2010-08-13 00:00:00','2010-08-13 23:59:59'),
('219','2010-08-14 00:00:00','2010-08-14 23:59:59'),
('220','2010-08-15 00:00:00','2010-08-15 23:59:59'),
('221','2010-08-16 00:00:00','2010-08-16 23:59:59'),
('222','2010-08-17 00:00:00','2010-08-17 23:59:59'),
('223','2010-08-18 00:00:00','2010-08-18 23:59:59'),
('224','2010-08-19 00:00:00','2010-08-19 23:59:59'),
('225','2010-08-20 00:00:00','2010-08-20 23:59:59'),
('226','2010-08-21 00:00:00','2010-08-21 23:59:59'),
('227','2010-08-22 00:00:00','2010-08-22 23:59:59'),
('228','2010-08-23 00:00:00','2010-08-23 23:59:59'),
('229','2010-08-24 00:00:00','2010-08-24 23:59:59'),
('230','2010-08-25 00:00:00','2010-08-25 23:59:59'),
('231','2010-08-26 00:00:00','2010-08-26 23:59:59'),
('232','2010-08-27 00:00:00','2010-08-27 23:59:59'),
('233','2010-08-28 00:00:00','2010-08-28 23:59:59'),
('234','2010-08-29 00:00:00','2010-08-29 23:59:59'),
('235','2010-08-30 00:00:00','2010-08-30 23:59:59'),
('236','2010-08-31 00:00:00','2010-08-31 23:59:59'),
('237','2010-09-01 00:00:00','2010-09-01 23:59:59'),
('238','2010-09-02 00:00:00','2010-09-02 23:59:59'),
('239','2010-09-03 00:00:00','2010-09-03 23:59:59'),
('240','2010-09-04 00:00:00','2010-09-04 23:59:59'),
('241','2010-09-05 00:00:00','2010-09-05 23:59:59'),
('242','2010-09-06 00:00:00','2010-09-06 23:59:59'),
('243','2010-09-07 00:00:00','2010-09-07 23:59:59'),
('244','2010-09-08 00:00:00','2010-09-08 23:59:59'),
('245','2010-09-09 00:00:00','2010-09-09 23:59:59'),
('246','2010-09-10 00:00:00','2010-09-10 23:59:59'),
('247','2010-09-11 00:00:00','2010-09-11 23:59:59'),
('248','2010-09-12 00:00:00','2010-09-12 23:59:59'),
('249','2010-09-13 00:00:00','2010-09-13 23:59:59'),
('250','2010-09-14 00:00:00','2010-09-14 23:59:59'),
('251','2010-09-15 00:00:00','2010-09-15 23:59:59'),
('252','2010-09-16 00:00:00','2010-09-16 23:59:59'),
('253','2010-09-17 00:00:00','2010-09-17 23:59:59'),
('254','2010-09-18 00:00:00','2010-09-18 23:59:59'),
('255','2010-09-19 00:00:00','2010-09-19 23:59:59'),
('256','2010-09-20 00:00:00','2010-09-20 23:59:59'),
('257','2010-09-21 00:00:00','2010-09-21 23:59:59'),
('258','2010-09-22 00:00:00','2010-09-22 23:59:59'),
('259','2010-09-23 00:00:00','2010-09-23 23:59:59'),
('260','2010-09-24 00:00:00','2010-09-24 23:59:59'),
('261','2010-09-25 00:00:00','2010-09-25 23:59:59'),
('262','2010-09-26 00:00:00','2010-09-26 23:59:59'),
('263','2010-09-27 00:00:00','2010-09-27 23:59:59'),
('264','2010-09-28 00:00:00','2010-09-28 23:59:59'),
('265','2010-09-29 00:00:00','2010-09-29 23:59:59'),
('266','2010-09-30 00:00:00','2010-09-30 23:59:59'),
('267','2010-10-01 00:00:00','2010-10-01 23:59:59'),
('268','2010-10-02 00:00:00','2010-10-02 23:59:59'),
('269','2010-10-03 00:00:00','2010-10-03 23:59:59'),
('270','2010-10-04 00:00:00','2010-10-04 23:59:59'),
('271','2010-10-05 00:00:00','2010-10-05 23:59:59'),
('272','2010-10-06 00:00:00','2010-10-06 23:59:59'),
('273','2010-10-07 00:00:00','2010-10-07 23:59:59'),
('274','2010-10-08 00:00:00','2010-10-08 23:59:59'),
('275','2010-10-09 00:00:00','2010-10-09 23:59:59'),
('276','2010-10-10 00:00:00','2010-10-10 23:59:59'),
('277','2010-10-11 00:00:00','2010-10-11 23:59:59'),
('278','2010-10-12 00:00:00','2010-10-12 23:59:59'),
('279','2010-10-13 00:00:00','2010-10-13 23:59:59'),
('280','2010-10-14 00:00:00','2010-10-14 23:59:59'),
('281','2010-10-15 00:00:00','2010-10-15 23:59:59'),
('282','2010-10-16 00:00:00','2010-10-16 23:59:59'),
('283','2010-10-17 00:00:00','2010-10-17 23:59:59'),
('284','2010-10-18 00:00:00','2010-10-18 23:59:59'),
('285','2010-10-19 00:00:00','2010-10-19 23:59:59'),
('286','2010-10-20 00:00:00','2010-10-20 23:59:59'),
('287','2010-10-21 00:00:00','2010-10-21 23:59:59'),
('288','2010-10-22 00:00:00','2010-10-22 23:59:59'),
('289','2010-10-23 00:00:00','2010-10-23 23:59:59'),
('290','2010-10-24 00:00:00','2010-10-24 23:59:59'),
('291','2010-10-25 00:00:00','2010-10-25 23:59:59'),
('292','2010-10-26 00:00:00','2010-10-26 23:59:59'),
('293','2010-10-27 00:00:00','2010-10-27 23:59:59'),
('294','2010-10-28 00:00:00','2010-10-28 23:59:59'),
('295','2010-10-29 00:00:00','2010-10-29 23:59:59'),
('296','2010-10-30 00:00:00','2010-10-30 23:59:59'),
('297','2010-10-31 00:00:00','2010-10-31 22:59:59'),
('298','2010-10-31 00:00:00','2010-10-31 22:59:59'),
('299','2010-10-31 00:00:00','2010-10-31 22:59:59'),
('300','2010-10-31 00:00:00','2010-10-31 22:59:59'),
('301','2010-10-31 00:00:00','2010-10-31 22:59:59'),
('302','2010-10-31 00:00:00','2010-10-31 22:59:59'),
('303','2010-10-31 00:00:00','2010-10-31 22:59:59'),
('304','2010-10-31 00:00:00','2010-10-31 22:59:59'),
('305','2010-10-31 00:00:00','2010-10-31 22:59:59'),
('306','2010-10-31 00:00:00','2010-10-31 22:59:59'),
('307','2010-10-31 00:00:00','2010-10-31 22:59:59'),
('308','2010-10-31 00:00:00','2010-10-31 22:59:59'),
('309','2010-10-31 00:00:00','2010-10-31 22:59:59'),
('310','2010-10-31 00:00:00','2010-10-31 22:59:59'),
('311','2010-10-31 00:00:00','2010-10-31 22:59:59'),
('312','2010-10-31 00:00:00','2010-10-31 22:59:59'),
('313','2010-10-31 00:00:00','2010-10-31 22:59:59'),
('314','2010-10-31 00:00:00','2010-10-31 22:59:59'),
('315','2010-10-31 00:00:00','2010-10-31 22:59:59'),
('316','2010-10-31 00:00:00','2010-10-31 22:59:59'),
('317','2010-10-31 00:00:00','2010-10-31 22:59:59'),
('318','2010-10-31 00:00:00','2010-10-31 22:59:59'),
('319','2010-11-01 00:00:00','2010-11-01 23:59:59'),
('320','2010-11-02 00:00:00','2010-11-02 23:59:59'),
('321','2010-11-03 00:00:00','2010-11-03 23:59:59'),
('322','2010-11-04 00:00:00','2010-11-04 23:59:59'),
('323','2010-11-05 00:00:00','2010-11-05 23:59:59'),
('324','2010-11-06 00:00:00','2010-11-06 23:59:59'),
('325','2010-11-07 00:00:00','2010-11-07 23:59:59'),
('326','2010-11-08 00:00:00','2010-11-08 23:59:59'),
('327','2010-11-09 00:00:00','2010-11-09 23:59:59'),
('328','2010-11-10 00:00:00','2010-11-10 23:59:59'),
('329','2010-11-11 00:00:00','2010-11-11 23:59:59'),
('330','2010-11-12 00:00:00','2010-11-12 23:59:59'),
('331','2010-11-13 00:00:00','2010-11-13 23:59:59'),
('332','2010-11-14 00:00:00','2010-11-14 23:59:59'),
('333','2010-11-15 00:00:00','2010-11-15 23:59:59'),
('334','2010-11-16 00:00:00','2010-11-16 23:59:59'),
('335','2010-11-17 00:00:00','2010-11-17 23:59:59'),
('336','2010-11-18 00:00:00','2010-11-18 23:59:59'),
('337','2010-11-19 00:00:00','2010-11-19 23:59:59'),
('338','2010-11-20 00:00:00','2010-11-20 23:59:59'),
('339','2010-11-21 00:00:00','2010-11-21 23:59:59'),
('340','2010-11-22 00:00:00','2010-11-22 23:59:59'),
('341','2010-11-23 00:00:00','2010-11-23 23:59:59'),
('342','2010-11-24 00:00:00','2010-11-24 23:59:59'),
('343','2010-11-25 00:00:00','2010-11-25 23:59:59'),
('344','2010-11-26 00:00:00','2010-11-26 23:59:59'),
('345','2010-11-27 00:00:00','2010-11-27 23:59:59'),
('346','2010-11-28 00:00:00','2010-11-28 23:59:59'),
('347','2010-11-29 00:00:00','2010-11-29 23:59:59'),
('348','2010-11-30 00:00:00','2010-11-30 23:59:59'),
('349','2010-12-01 00:00:00','2010-12-01 23:59:59'),
('350','2010-12-02 00:00:00','2010-12-02 23:59:59'),
('351','2010-12-03 00:00:00','2010-12-03 23:59:59'),
('352','2010-12-04 00:00:00','2010-12-04 23:59:59'),
('353','2010-12-05 00:00:00','2010-12-05 23:59:59'),
('354','2010-12-06 00:00:00','2010-12-06 23:59:59'),
('355','2010-12-07 00:00:00','2010-12-07 23:59:59'),
('356','2010-12-08 00:00:00','2010-12-08 23:59:59'),
('357','2010-12-09 00:00:00','2010-12-09 23:59:59'),
('358','2010-12-10 00:00:00','2010-12-10 23:59:59'),
('359','2010-12-11 00:00:00','2010-12-11 23:59:59'),
('360','2010-12-12 00:00:00','2010-12-12 23:59:59'),
('361','2010-12-13 00:00:00','2010-12-13 23:59:59'),
('362','2010-12-14 00:00:00','2010-12-14 23:59:59'),
('363','2010-12-15 00:00:00','2010-12-15 23:59:59'),
('364','2010-12-16 00:00:00','2010-12-16 23:59:59'),
('365','2010-12-17 00:00:00','2010-12-17 23:59:59'),
('366','2010-12-18 00:00:00','2010-12-18 23:59:59'),
('367','2010-12-19 00:00:00','2010-12-19 23:59:59'),
('368','2010-12-20 00:00:00','2010-12-20 23:59:59'),
('369','2010-12-21 00:00:00','2010-12-21 23:59:59'),
('370','2010-12-22 00:00:00','2010-12-22 23:59:59'),
('371','2010-12-23 00:00:00','2010-12-23 23:59:59'),
('372','2010-12-24 00:00:00','2010-12-24 23:59:59'),
('373','2010-12-25 00:00:00','2010-12-25 23:59:59'),
('374','2010-12-26 00:00:00','2010-12-26 23:59:59'),
('375','2010-12-27 00:00:00','2010-12-27 23:59:59'),
('376','2010-12-28 00:00:00','2010-12-28 23:59:59'),
('377','2010-12-29 00:00:00','2010-12-29 23:59:59'),
('378','2010-12-30 00:00:00','2010-12-30 23:59:59'),
('379','2010-12-31 00:00:00','2010-12-31 23:59:59'),
('380','2011-01-01 00:00:00','2011-01-01 23:59:59'),
('381','2011-01-02 00:00:00','2011-01-02 23:59:59'),
('382','2011-01-03 00:00:00','2011-01-03 23:59:59'),
('383','2011-01-04 00:00:00','2011-01-04 23:59:59'),
('384','2011-01-05 00:00:00','2011-01-05 23:59:59'),
('385','2011-01-06 00:00:00','2011-01-06 23:59:59'),
('386','2011-01-07 00:00:00','2011-01-07 23:59:59'),
('387','2011-01-08 00:00:00','2011-01-08 23:59:59'),
('388','2011-01-09 00:00:00','2011-01-09 23:59:59'),
('389','2011-01-10 00:00:00','2011-01-10 23:59:59'),
('390','2011-01-11 00:00:00','2011-01-11 23:59:59'),
('391','2011-01-12 00:00:00','2011-01-12 23:59:59'),
('392','2011-01-13 00:00:00','2011-01-13 23:59:59'),
('393','2011-01-14 00:00:00','2011-01-14 23:59:59'),
('394','2011-01-15 00:00:00','2011-01-15 23:59:59'),
('395','2011-01-16 00:00:00','2011-01-16 23:59:59'),
('396','2011-01-17 00:00:00','2011-01-17 23:59:59'),
('397','2011-01-18 00:00:00','2011-01-18 23:59:59'),
('398','2011-01-19 00:00:00','2011-01-19 23:59:59'),
('399','2011-01-20 00:00:00','2011-01-20 23:59:59'),
('400','2011-01-21 00:00:00','2011-01-21 23:59:59');
INSERT INTO `arbor_date_range` VALUES
('401','2011-01-22 00:00:00','2011-01-22 23:59:59'),
('402','2011-01-23 00:00:00','2011-01-23 23:59:59'),
('403','2011-01-24 00:00:00','2011-01-24 23:59:59'),
('404','2011-01-25 00:00:00','2011-01-25 23:59:59'),
('405','2011-01-26 00:00:00','2011-01-26 23:59:59'),
('406','2011-01-27 00:00:00','2011-01-27 23:59:59'),
('407','2011-01-28 00:00:00','2011-01-28 23:59:59'),
('408','2011-01-29 00:00:00','2011-01-29 23:59:59'),
('409','2011-01-30 00:00:00','2011-01-30 23:59:59'),
('410','2011-01-31 00:00:00','2011-01-31 23:59:59'),
('411','2011-02-01 00:00:00','2011-02-01 23:59:59'),
('412','2011-02-02 00:00:00','2011-02-02 23:59:59'),
('413','2011-02-03 00:00:00','2011-02-03 23:59:59'),
('414','2011-02-04 00:00:00','2011-02-04 23:59:59'),
('415','2011-02-05 00:00:00','2011-02-05 23:59:59'),
('416','2011-02-06 00:00:00','2011-02-06 23:59:59'),
('417','2011-02-07 00:00:00','2011-02-07 23:59:59'),
('418','2011-02-08 00:00:00','2011-02-08 23:59:59'),
('419','2011-02-09 00:00:00','2011-02-09 23:59:59'),
('420','2011-02-10 00:00:00','2011-02-10 23:59:59'),
('421','2011-02-11 00:00:00','2011-02-11 23:59:59'),
('422','2011-02-12 00:00:00','2011-02-12 23:59:59'),
('423','2011-02-13 00:00:00','2011-02-13 23:59:59'),
('424','2011-02-14 00:00:00','2011-02-14 23:59:59'),
('425','2011-02-15 00:00:00','2011-02-15 23:59:59'),
('426','2011-02-16 00:00:00','2011-02-16 23:59:59'),
('427','2011-02-17 00:00:00','2011-02-17 23:59:59'),
('428','2011-02-18 00:00:00','2011-02-18 23:59:59'),
('429','2011-02-19 00:00:00','2011-02-19 23:59:59'),
('430','2011-02-20 00:00:00','2011-02-20 23:59:59'),
('431','2011-02-21 00:00:00','2011-02-21 23:59:59'),
('432','2011-02-22 00:00:00','2011-02-22 23:59:59'),
('433','2011-02-23 00:00:00','2011-02-23 23:59:59'),
('434','2011-02-24 00:00:00','2011-02-24 23:59:59'),
('435','2011-02-25 00:00:00','2011-02-25 23:59:59'),
('436','2011-02-26 00:00:00','2011-02-26 23:59:59'),
('437','2011-02-27 00:00:00','2011-02-27 23:59:59'),
('438','2011-02-28 00:00:00','2011-02-28 23:59:59'),
('439','2011-03-01 00:00:00','2011-03-01 23:59:59'),
('440','2011-03-02 00:00:00','2011-03-02 23:59:59'),
('441','2011-03-03 00:00:00','2011-03-03 23:59:59'),
('442','2011-03-04 00:00:00','2011-03-04 23:59:59'),
('443','2011-03-05 00:00:00','2011-03-05 23:59:59'),
('444','2011-03-06 00:00:00','2011-03-06 23:59:59'),
('445','2011-03-07 00:00:00','2011-03-07 23:59:59'),
('446','2011-03-08 00:00:00','2011-03-08 23:59:59'),
('447','2011-03-09 00:00:00','2011-03-09 23:59:59'),
('448','2011-03-10 00:00:00','2011-03-10 23:59:59'),
('449','2011-03-11 00:00:00','2011-03-11 23:59:59'),
('450','2011-03-12 00:00:00','2011-03-12 23:59:59'),
('451','2011-03-13 00:00:00','2011-03-13 23:59:59'),
('452','2011-03-14 00:00:00','2011-03-14 23:59:59'),
('453','2011-03-15 00:00:00','2011-03-15 23:59:59'),
('454','2011-03-16 00:00:00','2011-03-16 23:59:59'),
('455','2011-03-17 00:00:00','2011-03-17 23:59:59'),
('456','2011-03-18 00:00:00','2011-03-18 23:59:59'),
('457','2011-03-19 00:00:00','2011-03-19 23:59:59'),
('458','2011-03-20 00:00:00','2011-03-20 23:59:59'),
('459','2011-03-21 00:00:00','2011-03-21 23:59:59'),
('460','2011-03-22 00:00:00','2011-03-22 23:59:59'),
('461','2011-03-23 00:00:00','2011-03-23 23:59:59'),
('462','2011-03-24 00:00:00','2011-03-24 23:59:59'),
('463','2011-03-25 00:00:00','2011-03-25 23:59:59'),
('464','2011-03-26 00:00:00','2011-03-26 23:59:59'),
('465','2011-03-27 00:00:00','2011-03-28 00:59:59'),
('466','2011-03-28 00:00:00','2011-03-28 23:59:59'),
('467','2011-03-29 00:00:00','2011-03-29 23:59:59'),
('468','2011-03-30 00:00:00','2011-03-30 23:59:59'),
('469','2011-03-31 00:00:00','2011-03-31 23:59:59'),
('470','2011-04-01 00:00:00','2011-04-01 23:59:59'),
('471','2011-04-02 00:00:00','2011-04-02 23:59:59'),
('472','2011-04-03 00:00:00','2011-04-03 23:59:59'),
('473','2011-04-04 00:00:00','2011-04-04 23:59:59'),
('474','2011-04-05 00:00:00','2011-04-05 23:59:59'),
('475','2011-04-06 00:00:00','2011-04-06 23:59:59'),
('476','2011-04-07 00:00:00','2011-04-07 23:59:59'),
('477','2011-04-08 00:00:00','2011-04-08 23:59:59'),
('478','2011-04-09 00:00:00','2011-04-09 23:59:59'),
('479','2011-04-10 00:00:00','2011-04-10 23:59:59'),
('480','2011-04-11 00:00:00','2011-04-11 23:59:59'),
('481','2011-04-12 00:00:00','2011-04-12 23:59:59'),
('482','2011-04-13 00:00:00','2011-04-13 23:59:59'),
('483','2011-04-14 00:00:00','2011-04-14 23:59:59'),
('484','2011-04-15 00:00:00','2011-04-15 23:59:59'),
('485','2011-04-16 00:00:00','2011-04-16 23:59:59'),
('486','2011-04-17 00:00:00','2011-04-17 23:59:59'),
('487','2011-04-18 00:00:00','2011-04-18 23:59:59'),
('488','2011-04-19 00:00:00','2011-04-19 23:59:59'),
('489','2011-04-20 00:00:00','2011-04-20 23:59:59'),
('490','2011-04-21 00:00:00','2011-04-21 23:59:59'),
('491','2011-04-22 00:00:00','2011-04-22 23:59:59'),
('492','2011-04-23 00:00:00','2011-04-23 23:59:59'),
('493','2011-04-24 00:00:00','2011-04-24 23:59:59'),
('494','2011-04-25 00:00:00','2011-04-25 23:59:59'),
('495','2011-04-26 00:00:00','2011-04-26 23:59:59'),
('496','2011-04-27 00:00:00','2011-04-27 23:59:59'),
('497','2011-04-28 00:00:00','2011-04-28 23:59:59'),
('498','2011-04-29 00:00:00','2011-04-29 23:59:59'),
('499','2011-04-30 00:00:00','2011-04-30 23:59:59'),
('500','2011-05-01 00:00:00','2011-05-01 23:59:59'),
('501','2011-05-02 00:00:00','2011-05-02 23:59:59'),
('502','2011-05-03 00:00:00','2011-05-03 23:59:59'),
('503','2011-05-04 00:00:00','2011-05-04 23:59:59'),
('504','2011-05-05 00:00:00','2011-05-05 23:59:59'),
('505','2011-05-06 00:00:00','2011-05-06 23:59:59'),
('506','2011-05-07 00:00:00','2011-05-07 23:59:59'),
('507','2011-05-08 00:00:00','2011-05-08 23:59:59'),
('508','2011-05-09 00:00:00','2011-05-09 23:59:59'),
('509','2011-05-10 00:00:00','2011-05-10 23:59:59'),
('510','2011-05-11 00:00:00','2011-05-11 23:59:59'),
('511','2011-05-12 00:00:00','2011-05-12 23:59:59'),
('512','2011-05-13 00:00:00','2011-05-13 23:59:59'),
('513','2011-05-14 00:00:00','2011-05-14 23:59:59'),
('514','2011-05-15 00:00:00','2011-05-15 23:59:59'),
('515','2011-05-16 00:00:00','2011-05-16 23:59:59'),
('516','2011-05-17 00:00:00','2011-05-17 23:59:59'),
('517','2011-05-18 00:00:00','2011-05-18 23:59:59'),
('518','2011-05-19 00:00:00','2011-05-19 23:59:59'),
('519','2011-05-20 00:00:00','2011-05-20 23:59:59'),
('520','2011-05-21 00:00:00','2011-05-21 23:59:59'),
('521','2011-05-22 00:00:00','2011-05-22 23:59:59'),
('522','2011-05-23 00:00:00','2011-05-23 23:59:59'),
('523','2011-05-24 00:00:00','2011-05-24 23:59:59'),
('524','2011-05-25 00:00:00','2011-05-25 23:59:59'),
('525','2011-05-26 00:00:00','2011-05-26 23:59:59'),
('526','2011-05-27 00:00:00','2011-05-27 23:59:59'),
('527','2011-05-28 00:00:00','2011-05-28 23:59:59'),
('528','2011-05-29 00:00:00','2011-05-29 23:59:59'),
('529','2011-05-30 00:00:00','2011-05-30 23:59:59'),
('530','2011-05-31 00:00:00','2011-05-31 23:59:59'),
('531','2011-06-01 00:00:00','2011-06-01 23:59:59'),
('532','2011-06-02 00:00:00','2011-06-02 23:59:59'),
('533','2011-06-07 00:00:00','2011-06-07 23:59:59'),
('534','2011-06-08 00:00:00','2011-06-08 23:59:59'),
('535','2011-06-09 00:00:00','2011-06-09 23:59:59'),
('536','2011-06-10 00:00:00','2011-06-10 23:59:59'),
('537','2011-06-11 00:00:00','2011-06-11 23:59:59'),
('538','2011-06-12 00:00:00','2011-06-12 23:59:59'),
('539','2011-06-13 00:00:00','2011-06-13 23:59:59'),
('540','2011-06-14 00:00:00','2011-06-14 23:59:59'),
('541','2011-06-15 00:00:00','2011-06-15 23:59:59'),
('542','2011-06-16 00:00:00','2011-06-16 23:59:59'),
('543','2011-06-17 00:00:00','2011-06-17 23:59:59'),
('544','2011-06-18 00:00:00','2011-06-18 23:59:59'),
('545','2011-06-19 00:00:00','2011-06-19 23:59:59'),
('546','2011-06-20 00:00:00','2011-06-20 23:59:59'),
('547','2011-06-21 00:00:00','2011-06-21 23:59:59'),
('548','2011-06-22 00:00:00','2011-06-22 23:59:59'),
('549','2011-06-23 00:00:00','2011-06-23 23:59:59'),
('550','2011-06-24 00:00:00','2011-06-24 23:59:59'),
('551','2011-06-25 00:00:00','2011-06-25 23:59:59'),
('552','2011-06-26 00:00:00','2011-06-26 23:59:59'),
('553','2011-06-27 00:00:00','2011-06-27 23:59:59'),
('554','2011-06-28 00:00:00','2011-06-28 23:59:59'),
('555','2011-06-29 00:00:00','2011-06-29 23:59:59'),
('556','2011-06-30 00:00:00','2011-06-30 23:59:59'),
('557','2011-07-01 00:00:00','2011-07-01 23:59:59'),
('558','2011-07-02 00:00:00','2011-07-02 23:59:59'),
('559','2011-07-03 00:00:00','2011-07-03 23:59:59'),
('560','2011-07-04 00:00:00','2011-07-04 23:59:59'),
('561','2011-07-05 00:00:00','2011-07-05 23:59:59'),
('562','2011-07-06 00:00:00','2011-07-06 23:59:59'),
('563','2011-07-07 00:00:00','2011-07-07 23:59:59'),
('564','2011-07-08 00:00:00','2011-07-08 23:59:59'),
('565','2011-07-09 00:00:00','2011-07-09 23:59:59'),
('566','2011-07-10 00:00:00','2011-07-10 23:59:59'),
('567','2011-07-11 00:00:00','2011-07-11 23:59:59'),
('568','2011-07-12 00:00:00','2011-07-12 23:59:59'),
('569','2011-07-13 00:00:00','2011-07-13 23:59:59'),
('570','2011-07-14 00:00:00','2011-07-14 23:59:59'),
('571','2011-07-15 00:00:00','2011-07-15 23:59:59'),
('572','2011-07-16 00:00:00','2011-07-16 23:59:59'),
('573','2011-07-17 00:00:00','2011-07-17 23:59:59'),
('574','2011-07-18 00:00:00','2011-07-18 23:59:59'),
('575','2011-07-19 00:00:00','2011-07-19 23:59:59'),
('576','2011-07-20 00:00:00','2011-07-20 23:59:59'),
('577','2011-07-21 00:00:00','2011-07-21 23:59:59'),
('578','2011-07-22 00:00:00','2011-07-22 23:59:59'),
('579','2011-07-23 00:00:00','2011-07-23 23:59:59'),
('580','2011-07-24 00:00:00','2011-07-24 23:59:59'),
('581','2011-07-25 00:00:00','2011-07-25 23:59:59'),
('582','2011-07-26 00:00:00','2011-07-26 23:59:59'),
('583','2011-07-27 00:00:00','2011-07-27 23:59:59'),
('584','2011-07-28 00:00:00','2011-07-28 23:59:59'),
('585','2011-07-29 00:00:00','2011-07-29 23:59:59'),
('586','2011-07-30 00:00:00','2011-07-30 23:59:59'),
('587','2011-07-31 00:00:00','2011-07-31 23:59:59'),
('588','2011-08-01 00:00:00','2011-08-01 23:59:59'),
('589','2011-08-02 00:00:00','2011-08-02 23:59:59'),
('590','2011-08-03 00:00:00','2011-08-03 23:59:59'),
('591','2011-08-04 00:00:00','2011-08-04 23:59:59'),
('592','2011-08-05 00:00:00','2011-08-05 23:59:59'),
('593','2011-08-06 00:00:00','2011-08-06 23:59:59'),
('594','2011-08-07 00:00:00','2011-08-07 23:59:59'),
('595','2011-08-08 00:00:00','2011-08-08 23:59:59'),
('596','2011-08-09 00:00:00','2011-08-09 23:59:59'),
('597','2011-08-10 00:00:00','2011-08-10 23:59:59'),
('598','2011-08-11 00:00:00','2011-08-11 23:59:59'),
('599','2011-08-12 00:00:00','2011-08-12 23:59:59'),
('600','2011-08-13 00:00:00','2011-08-13 23:59:59');
INSERT INTO `arbor_date_range` VALUES
('601','2011-08-14 00:00:00','2011-08-14 23:59:59'),
('602','2011-08-15 00:00:00','2011-08-15 23:59:59'),
('603','2011-08-16 00:00:00','2011-08-16 23:59:59'),
('604','2011-08-17 00:00:00','2011-08-17 23:59:59'),
('605','2011-08-18 00:00:00','2011-08-18 23:59:59'),
('606','2011-08-19 00:00:00','2011-08-19 23:59:59'),
('607','2011-08-20 00:00:00','2011-08-20 23:59:59'),
('608','2011-08-21 00:00:00','2011-08-21 23:59:59'),
('609','2011-08-22 00:00:00','2011-08-22 23:59:59'),
('610','2011-08-23 00:00:00','2011-08-23 23:59:59'),
('611','2011-08-24 00:00:00','2011-08-24 23:59:59'),
('612','2011-08-25 00:00:00','2011-08-25 23:59:59'),
('613','2011-08-26 00:00:00','2011-08-26 23:59:59'),
('614','2011-08-27 00:00:00','2011-08-27 23:59:59'),
('615','2011-08-28 00:00:00','2011-08-28 23:59:59'),
('616','2011-08-29 00:00:00','2011-08-29 23:59:59'),
('617','2011-08-30 00:00:00','2011-08-30 23:59:59'),
('618','2011-08-31 00:00:00','2011-08-31 23:59:59'),
('619','2011-09-01 00:00:00','2011-09-01 23:59:59'),
('620','2011-09-02 00:00:00','2011-09-02 23:59:59'),
('621','2011-09-03 00:00:00','2011-09-03 23:59:59'),
('622','2011-09-04 00:00:00','2011-09-04 23:59:59'),
('623','2011-09-05 00:00:00','2011-09-05 23:59:59'),
('624','2011-09-06 00:00:00','2011-09-06 23:59:59'),
('625','2011-09-07 00:00:00','2011-09-07 23:59:59'),
('626','2011-09-08 00:00:00','2011-09-08 23:59:59'),
('627','2011-09-09 00:00:00','2011-09-09 23:59:59'),
('628','2011-09-10 00:00:00','2011-09-10 23:59:59'),
('629','2011-09-11 00:00:00','2011-09-11 23:59:59'),
('630','2011-09-12 00:00:00','2011-09-12 23:59:59'),
('631','2011-09-13 00:00:00','2011-09-13 23:59:59'),
('632','2011-09-14 00:00:00','2011-09-14 23:59:59'),
('633','2011-09-15 00:00:00','2011-09-15 23:59:59'),
('634','2011-09-16 00:00:00','2011-09-16 23:59:59'),
('635','2011-09-17 00:00:00','2011-09-17 23:59:59'),
('636','2011-09-18 00:00:00','2011-09-18 23:59:59'),
('637','2011-09-19 00:00:00','2011-09-19 23:59:59'),
('638','2011-09-20 00:00:00','2011-09-20 23:59:59'),
('639','2011-09-21 00:00:00','2011-09-21 23:59:59'),
('640','2011-09-22 00:00:00','2011-09-22 23:59:59'),
('641','2011-09-23 00:00:00','2011-09-23 23:59:59'),
('642','2011-09-24 00:00:00','2011-09-24 23:59:59'),
('643','2011-09-25 00:00:00','2011-09-25 23:59:59'),
('644','2011-09-26 00:00:00','2011-09-26 23:59:59'),
('645','2011-09-27 00:00:00','2011-09-27 23:59:59'),
('646','2011-09-28 00:00:00','2011-09-28 23:59:59'),
('647','2011-09-29 00:00:00','2011-09-29 23:59:59'),
('648','2011-09-30 00:00:00','2011-09-30 23:59:59'),
('649','2011-10-01 00:00:00','2011-10-01 23:59:59'),
('650','2011-10-02 00:00:00','2011-10-02 23:59:59'),
('651','2011-10-03 00:00:00','2011-10-03 23:59:59'),
('652','2011-10-04 00:00:00','2011-10-04 23:59:59'),
('653','2011-10-05 00:00:00','2011-10-05 23:59:59'),
('654','2011-10-06 00:00:00','2011-10-06 23:59:59'),
('655','2011-10-07 00:00:00','2011-10-07 23:59:59'),
('656','2011-10-08 00:00:00','2011-10-08 23:59:59'),
('657','2011-10-09 00:00:00','2011-10-09 23:59:59'),
('658','2011-10-10 00:00:00','2011-10-10 23:59:59'),
('659','2011-10-11 00:00:00','2011-10-11 23:59:59'),
('660','2011-10-12 00:00:00','2011-10-12 23:59:59'),
('661','2011-10-13 00:00:00','2011-10-13 23:59:59'),
('662','2011-10-14 00:00:00','2011-10-14 23:59:59'),
('663','2011-10-15 00:00:00','2011-10-15 23:59:59'),
('664','2011-10-16 00:00:00','2011-10-16 23:59:59'),
('665','2011-10-17 00:00:00','2011-10-17 23:59:59'),
('666','2011-10-18 00:00:00','2011-10-18 23:59:59'),
('667','2011-10-19 00:00:00','2011-10-19 23:59:59'),
('668','2011-10-20 00:00:00','2011-10-20 23:59:59'),
('669','2011-10-21 00:00:00','2011-10-21 23:59:59'),
('670','2011-10-22 00:00:00','2011-10-22 23:59:59'),
('671','2011-10-23 00:00:00','2011-10-23 23:59:59'),
('672','2011-10-24 00:00:00','2011-10-24 23:59:59'),
('673','2011-10-25 00:00:00','2011-10-25 23:59:59'),
('674','2011-10-26 00:00:00','2011-10-26 23:59:59'),
('675','2011-10-27 00:00:00','2011-10-27 23:59:59'),
('676','2011-10-28 00:00:00','2011-10-28 23:59:59'),
('677','2011-10-29 00:00:00','2011-10-29 23:59:59'),
('678','2011-10-30 00:00:00','2011-10-30 22:59:59'),
('679','2011-10-30 00:00:00','2011-10-30 22:59:59'),
('680','2011-10-30 00:00:00','2011-10-30 22:59:59'),
('681','2011-10-30 00:00:00','2011-10-30 22:59:59'),
('682','2011-10-30 00:00:00','2011-10-30 22:59:59'),
('683','2011-10-30 00:00:00','2011-10-30 22:59:59'),
('684','2011-10-30 00:00:00','2011-10-30 22:59:59'),
('685','2011-10-30 00:00:00','2011-10-30 22:59:59'),
('686','2011-10-30 00:00:00','2011-10-30 22:59:59'),
('687','2011-10-30 00:00:00','2011-10-30 22:59:59'),
('688','2011-10-31 00:00:00','2011-10-31 23:59:59'),
('689','2011-11-01 00:00:00','2011-11-01 23:59:59'),
('690','2011-11-02 00:00:00','2011-11-02 23:59:59'),
('691','2011-11-03 00:00:00','2011-11-03 23:59:59'),
('692','2011-11-04 00:00:00','2011-11-04 23:59:59'),
('693','2011-11-05 00:00:00','2011-11-05 23:59:59'),
('694','2011-11-06 00:00:00','2011-11-06 23:59:59'),
('695','2011-11-07 00:00:00','2011-11-07 23:59:59'),
('696','2011-11-08 00:00:00','2011-11-08 23:59:59'),
('697','2011-11-09 00:00:00','2011-11-09 23:59:59'),
('698','2011-11-10 00:00:00','2011-11-10 23:59:59'),
('699','2011-11-11 00:00:00','2011-11-11 23:59:59'),
('700','2011-11-12 00:00:00','2011-11-12 23:59:59'),
('701','2011-11-13 00:00:00','2011-11-13 23:59:59'),
('702','2011-11-14 00:00:00','2011-11-14 23:59:59'),
('703','2011-11-15 00:00:00','2011-11-15 23:59:59'),
('704','2011-11-16 00:00:00','2011-11-16 23:59:59'),
('705','2011-11-17 00:00:00','2011-11-17 23:59:59'),
('706','2011-11-18 00:00:00','2011-11-18 23:59:59'),
('707','2011-11-19 00:00:00','2011-11-19 23:59:59'),
('708','2011-11-20 00:00:00','2011-11-20 23:59:59'),
('709','2011-11-21 00:00:00','2011-11-21 23:59:59'),
('710','2011-11-22 00:00:00','2011-11-22 23:59:59'),
('711','2011-11-23 00:00:00','2011-11-23 23:59:59'),
('712','2011-11-24 00:00:00','2011-11-24 23:59:59'),
('713','2011-11-25 00:00:00','2011-11-25 23:59:59');
/* Scheme for table arbor_delivery */
CREATE TABLE `arbor_delivery` (
  `id_delivery` int(10) unsigned NOT NULL AUTO_INCREMENT,
  `id_carrier` int(10) unsigned NOT NULL,
  `id_range_price` int(10) unsigned DEFAULT NULL,
  `id_range_weight` int(10) unsigned DEFAULT NULL,
  `id_zone` int(10) unsigned NOT NULL,
  `price` decimal(17,2) NOT NULL,
  PRIMARY KEY (`id_delivery`),
  KEY `id_zone` (`id_zone`),
  KEY `id_carrier` (`id_carrier`,`id_zone`),
  KEY `id_range_price` (`id_range_price`),
  KEY `id_range_weight` (`id_range_weight`)
) ENGINE=MyISAM AUTO_INCREMENT=1003 DEFAULT CHARSET=utf8;

INSERT INTO `arbor_delivery` VALUES
('7','2',NULL,'1','2','5.00'),
('6','2',NULL,'1','1','5.00'),
('4','2','1',NULL,'1','5.00'),
('5','2','1',NULL,'2','5.00'),
('8','3','2',NULL,'1','5.00'),
('9','3','2',NULL,'2','5.00'),
('10','3',NULL,'2','2','5.00'),
('11','3',NULL,'2','1','5.00'),
('12','8','3',NULL,'1','5.00'),
('13','8','3',NULL,'2','5.00'),
('14','8',NULL,'3','2','5.00'),
('15','8',NULL,'3','1','5.00'),
('21','9','5',NULL,'1','7.00'),
('20','9','4',NULL,'1','5.00'),
('24','9',NULL,'5','1','7.40'),
('23','9',NULL,'4','1','6.50'),
('22','9','6',NULL,'1','10.00'),
('25','9',NULL,'6','1','10.00'),
('26','10',NULL,'8','4','0.00'),
('27','10',NULL,'9','4','0.00'),
('28','10',NULL,'10','4','0.00'),
('29','10',NULL,'11','4','0.00'),
('30','10',NULL,'8','3','120.00'),
('31','10',NULL,'9','3','160.00'),
('32','10',NULL,'10','3','200.00'),
('33','10',NULL,'11','3','390.00'),
('34','10',NULL,'8','1','63.00'),
('35','10',NULL,'9','1','70.00'),
('36','10',NULL,'10','1','90.00'),
('37','10',NULL,'11','1','100.00'),
('38','10',NULL,'8','5','0.00'),
('39','10',NULL,'9','5','0.00'),
('40','10',NULL,'10','5','0.00'),
('41','10',NULL,'11','5','0.00'),
('42','10',NULL,'8','2','80.00'),
('43','10',NULL,'9','2','95.00'),
('44','10',NULL,'10','2','130.00'),
('45','10',NULL,'11','2','170.00'),
('46','11',NULL,'12','4','0.00'),
('47','11',NULL,'12','3','120.00'),
('48','11',NULL,'12','1','63.00'),
('49','11',NULL,'12','5','0.00'),
('50','11',NULL,'12','2','80.00'),
('51','11',NULL,'13','4','0.00'),
('52','11',NULL,'13','3','160.00'),
('53','11',NULL,'13','1','70.00'),
('54','11',NULL,'13','5','0.00'),
('55','11',NULL,'13','2','95.00'),
('56','11',NULL,'14','4','0.00'),
('57','11',NULL,'14','3','200.00'),
('58','11',NULL,'14','1','90.00'),
('59','11',NULL,'14','5','0.00'),
('60','11',NULL,'14','2','130.00'),
('61','11',NULL,'15','4','0.00'),
('62','11',NULL,'15','3','390.00'),
('63','11',NULL,'15','1','100.00'),
('64','11',NULL,'15','5','0.00'),
('65','11',NULL,'15','2','170.00'),
('66','12','7',NULL,'1','5.00'),
('67','12','8',NULL,'1','7.00'),
('68','12','9',NULL,'1','10.00'),
('69','12',NULL,'16','1','6.50'),
('70','12',NULL,'17','1','7.40'),
('71','12',NULL,'18','1','10.00'),
('72','13','10',NULL,'1','5.00'),
('73','13','11',NULL,'1','7.00'),
('74','13','12',NULL,'1','10.00'),
('75','13',NULL,'20','1','6.50'),
('76','13',NULL,'21','1','7.40'),
('77','13',NULL,'22','1','10.00'),
('78','14','13',NULL,'1','5.00'),
('79','14','14',NULL,'1','7.00'),
('80','14','15',NULL,'1','10.00'),
('86','14',NULL,'26','4','0.00'),
('85','14',NULL,'25','4','0.00'),
('84','14',NULL,'24','4','0.00'),
('87','14',NULL,'27','4','0.00'),
('88','14',NULL,'24','3','0.00'),
('89','14',NULL,'25','3','0.00'),
('90','14',NULL,'26','3','0.00'),
('91','14',NULL,'27','3','0.00'),
('92','14',NULL,'24','1','15.00'),
('93','14',NULL,'25','1','17.00'),
('94','14',NULL,'26','1','25.00'),
('95','14',NULL,'27','1','40.00'),
('96','14',NULL,'24','9','0.00'),
('97','14',NULL,'25','9','0.00'),
('98','14',NULL,'26','9','0.00'),
('99','14',NULL,'27','9','0.00'),
('100','14',NULL,'24','10','6.50'),
('101','14',NULL,'25','10','7.40'),
('102','14',NULL,'26','10','10.00'),
('103','14',NULL,'27','10','14.60'),
('104','14',NULL,'24','7','0.00'),
('105','14',NULL,'25','7','0.00'),
('106','14',NULL,'26','7','0.00'),
('107','14',NULL,'27','7','0.00'),
('108','14',NULL,'24','5','0.00'),
('109','14',NULL,'25','5','0.00'),
('110','14',NULL,'26','5','0.00'),
('111','14',NULL,'27','5','0.00'),
('112','14',NULL,'24','11','0.00'),
('113','14',NULL,'25','11','0.00'),
('114','14',NULL,'26','11','0.00'),
('115','14',NULL,'27','11','0.00'),
('116','14',NULL,'24','6','0.00'),
('117','14',NULL,'25','6','0.00'),
('118','14',NULL,'26','6','0.00'),
('119','14',NULL,'27','6','0.00'),
('120','14',NULL,'24','2','0.00'),
('121','14',NULL,'25','2','0.00'),
('122','14',NULL,'26','2','0.00'),
('123','14',NULL,'27','2','0.00'),
('391','16','22',NULL,'10','5.00'),
('390','16','22',NULL,'5','24.00'),
('389','16','22',NULL,'11','7.00'),
('127','15',NULL,'28','4','0.00'),
('128','15',NULL,'28','3','0.00'),
('129','15',NULL,'28','1','15.00'),
('130','15',NULL,'28','9','0.00'),
('131','15',NULL,'28','10','6.50'),
('132','15',NULL,'28','7','0.00'),
('133','15',NULL,'28','5','0.00'),
('134','15',NULL,'28','11','0.00'),
('135','15',NULL,'28','6','0.00'),
('136','15',NULL,'28','2','0.00'),
('137','15',NULL,'29','4','0.00'),
('138','15',NULL,'29','3','0.00'),
('139','15',NULL,'29','1','17.00'),
('140','15',NULL,'29','9','0.00'),
('141','15',NULL,'29','10','7.40'),
('142','15',NULL,'29','7','0.00'),
('143','15',NULL,'29','5','0.00'),
('144','15',NULL,'29','11','0.00'),
('145','15',NULL,'29','6','0.00'),
('146','15',NULL,'29','2','0.00'),
('147','15',NULL,'30','4','0.00'),
('148','15',NULL,'30','3','0.00'),
('149','15',NULL,'30','1','25.00'),
('150','15',NULL,'30','9','0.00'),
('151','15',NULL,'30','10','10.00'),
('152','15',NULL,'30','7','0.00'),
('153','15',NULL,'30','5','0.00'),
('154','15',NULL,'30','11','0.00'),
('155','15',NULL,'30','6','0.00'),
('156','15',NULL,'30','2','0.00'),
('157','15',NULL,'31','4','0.00'),
('158','15',NULL,'31','3','0.00'),
('159','15',NULL,'31','1','40.00'),
('160','15',NULL,'31','9','0.00'),
('161','15',NULL,'31','10','14.60'),
('162','15',NULL,'31','7','0.00'),
('163','15',NULL,'31','5','0.00'),
('164','15',NULL,'31','11','0.00'),
('165','15',NULL,'31','6','0.00'),
('166','15',NULL,'31','2','0.00'),
('388','16','22',NULL,'6','15.00'),
('387','16','22',NULL,'2','24.00'),
('386','15','21',NULL,'2','0.00'),
('385','15','20',NULL,'2','0.00'),
('384','15','19',NULL,'2','40.00'),
('383','15','18',NULL,'2','24.00'),
('382','15','16',NULL,'2','24.00'),
('381','15','21',NULL,'6','0.00'),
('380','15','20',NULL,'6','0.00'),
('379','15','19',NULL,'6','20.00'),
('378','15','18',NULL,'6','16.00'),
('377','15','16',NULL,'6','15.00'),
('376','15','21',NULL,'11','0.00'),
('375','15','20',NULL,'11','0.00'),
('374','15','19',NULL,'11','18.00'),
('373','15','18',NULL,'11','11.00'),
('372','15','16',NULL,'11','7.00'),
('371','15','21',NULL,'5','0.00'),
('370','15','20',NULL,'5','0.00'),
('369','15','19',NULL,'5','40.00'),
('368','15','18',NULL,'5','24.00'),
('367','15','16',NULL,'5','24.00'),
('366','15','21',NULL,'10','0.00'),
('365','15','20',NULL,'10','0.00'),
('364','15','19',NULL,'10','10.00'),
('363','15','18',NULL,'10','7.00'),
('362','15','16',NULL,'10','5.00'),
('361','15','21',NULL,'9','0.00'),
('360','15','20',NULL,'9','0.00'),
('359','15','19',NULL,'9','24.00'),
('358','15','18',NULL,'9','20.00'),
('357','15','16',NULL,'9','18.00'),
('356','15','21',NULL,'1','0.00'),
('355','15','20',NULL,'1','0.00'),
('354','15','19',NULL,'1','20.00'),
('353','15','18',NULL,'1','16.00'),
('352','15','16',NULL,'1','15.00'),
('351','15','21',NULL,'3','0.00'),
('350','15','20',NULL,'3','0.00'),
('349','15','19',NULL,'3','40.00'),
('348','15','18',NULL,'3','24.00'),
('347','15','16',NULL,'3','24.00'),
('346','15','21',NULL,'4','0.00'),
('345','15','20',NULL,'4','0.00');
INSERT INTO `arbor_delivery` VALUES
('344','15','19',NULL,'4','40.00'),
('343','15','18',NULL,'4','24.00'),
('342','15','16',NULL,'4','24.00'),
('392','16','22',NULL,'9','18.00'),
('393','16','22',NULL,'1','15.00'),
('394','16','22',NULL,'3','24.00'),
('395','16','22',NULL,'4','24.00'),
('396','16','23',NULL,'2','0.00'),
('397','16','23',NULL,'6','0.00'),
('398','16','23',NULL,'11','0.00'),
('399','16','23',NULL,'5','0.00'),
('400','16','23',NULL,'10','0.00'),
('401','16','23',NULL,'9','0.00'),
('402','16','23',NULL,'1','0.00'),
('403','16','23',NULL,'3','0.00'),
('404','16','23',NULL,'4','0.00'),
('405','16','24',NULL,'2','24.00'),
('406','16','24',NULL,'6','16.00'),
('407','16','24',NULL,'11','11.00'),
('408','16','24',NULL,'5','24.00'),
('409','16','24',NULL,'10','7.00'),
('410','16','24',NULL,'9','20.00'),
('411','16','24',NULL,'1','16.00'),
('412','16','24',NULL,'3','24.00'),
('413','16','24',NULL,'4','24.00'),
('414','16','25',NULL,'2','40.00'),
('415','16','25',NULL,'6','20.00'),
('416','16','25',NULL,'11','18.00'),
('417','16','25',NULL,'5','40.00'),
('418','16','25',NULL,'10','10.00'),
('419','16','25',NULL,'9','24.00'),
('420','16','25',NULL,'1','20.00'),
('421','16','25',NULL,'3','40.00'),
('422','16','25',NULL,'4','40.00'),
('423','16','26',NULL,'2','0.00'),
('424','16','26',NULL,'6','0.00'),
('425','16','26',NULL,'11','0.00'),
('426','16','26',NULL,'5','0.00'),
('427','16','26',NULL,'10','0.00'),
('428','16','26',NULL,'9','0.00'),
('429','16','26',NULL,'1','0.00'),
('430','16','26',NULL,'3','0.00'),
('431','16','26',NULL,'4','0.00'),
('432','16',NULL,'32','4','0.00'),
('433','16',NULL,'32','3','0.00'),
('434','16',NULL,'32','1','15.00'),
('435','16',NULL,'32','9','0.00'),
('436','16',NULL,'32','10','6.50'),
('437','16',NULL,'32','7','0.00'),
('438','16',NULL,'32','5','0.00'),
('439','16',NULL,'32','11','0.00'),
('440','16',NULL,'32','6','0.00'),
('441','16',NULL,'32','2','0.00'),
('442','16',NULL,'33','4','0.00'),
('443','16',NULL,'33','3','0.00'),
('444','16',NULL,'33','1','17.00'),
('445','16',NULL,'33','9','0.00'),
('446','16',NULL,'33','10','7.40'),
('447','16',NULL,'33','7','0.00'),
('448','16',NULL,'33','5','0.00'),
('449','16',NULL,'33','11','0.00'),
('450','16',NULL,'33','6','0.00'),
('451','16',NULL,'33','2','0.00'),
('452','16',NULL,'34','4','0.00'),
('453','16',NULL,'34','3','0.00'),
('454','16',NULL,'34','1','25.00'),
('455','16',NULL,'34','9','0.00'),
('456','16',NULL,'34','10','10.00'),
('457','16',NULL,'34','7','0.00'),
('458','16',NULL,'34','5','0.00'),
('459','16',NULL,'34','11','0.00'),
('460','16',NULL,'34','6','0.00'),
('461','16',NULL,'34','2','0.00'),
('462','16',NULL,'35','4','0.00'),
('463','16',NULL,'35','3','0.00'),
('464','16',NULL,'35','1','40.00'),
('465','16',NULL,'35','9','0.00'),
('466','16',NULL,'35','10','14.60'),
('467','16',NULL,'35','7','0.00'),
('468','16',NULL,'35','5','0.00'),
('469','16',NULL,'35','11','0.00'),
('470','16',NULL,'35','6','0.00'),
('471','16',NULL,'35','2','0.00'),
('472','17','27',NULL,'10','5.00'),
('473','17','27',NULL,'5','24.00'),
('474','17','27',NULL,'11','7.00'),
('475','17','27',NULL,'6','15.00'),
('476','17','27',NULL,'2','24.00'),
('477','17','27',NULL,'9','18.00'),
('478','17','27',NULL,'1','15.00'),
('479','17','27',NULL,'3','24.00'),
('480','17','27',NULL,'4','24.00'),
('481','17','28',NULL,'2','0.00'),
('482','17','28',NULL,'6','0.00'),
('483','17','28',NULL,'11','0.00'),
('484','17','28',NULL,'5','0.00'),
('485','17','28',NULL,'10','0.00'),
('486','17','28',NULL,'9','0.00'),
('487','17','28',NULL,'1','0.00'),
('488','17','28',NULL,'3','0.00'),
('489','17','28',NULL,'4','0.00'),
('490','17','29',NULL,'2','24.00'),
('491','17','29',NULL,'6','16.00'),
('492','17','29',NULL,'11','11.00'),
('493','17','29',NULL,'5','24.00'),
('494','17','29',NULL,'10','7.00'),
('495','17','29',NULL,'9','20.00'),
('496','17','29',NULL,'1','16.00'),
('497','17','29',NULL,'3','24.00'),
('498','17','29',NULL,'4','24.00'),
('499','17','30',NULL,'2','40.00'),
('500','17','30',NULL,'6','20.00'),
('501','17','30',NULL,'11','18.00'),
('502','17','30',NULL,'5','40.00'),
('503','17','30',NULL,'10','10.00'),
('504','17','30',NULL,'9','24.00'),
('505','17','30',NULL,'1','20.00'),
('506','17','30',NULL,'3','40.00'),
('507','17','30',NULL,'4','40.00'),
('508','17','31',NULL,'2','0.00'),
('509','17','31',NULL,'6','0.00'),
('510','17','31',NULL,'11','0.00'),
('511','17','31',NULL,'5','0.00'),
('512','17','31',NULL,'10','0.00'),
('513','17','31',NULL,'9','0.00'),
('514','17','31',NULL,'1','0.00'),
('515','17','31',NULL,'3','0.00'),
('516','17','31',NULL,'4','0.00'),
('517','17',NULL,'36','4','0.00'),
('518','17',NULL,'36','3','0.00'),
('519','17',NULL,'36','1','15.00'),
('520','17',NULL,'36','9','0.00'),
('521','17',NULL,'36','10','6.50'),
('522','17',NULL,'36','7','0.00'),
('523','17',NULL,'36','5','0.00'),
('524','17',NULL,'36','11','0.00'),
('525','17',NULL,'36','6','0.00'),
('526','17',NULL,'36','2','0.00'),
('527','17',NULL,'37','4','0.00'),
('528','17',NULL,'37','3','0.00'),
('529','17',NULL,'37','1','17.00'),
('530','17',NULL,'37','9','0.00'),
('531','17',NULL,'37','10','7.40'),
('532','17',NULL,'37','7','0.00'),
('533','17',NULL,'37','5','0.00'),
('534','17',NULL,'37','11','0.00'),
('535','17',NULL,'37','6','0.00'),
('536','17',NULL,'37','2','0.00'),
('537','17',NULL,'38','4','0.00'),
('538','17',NULL,'38','3','0.00'),
('539','17',NULL,'38','1','25.00'),
('540','17',NULL,'38','9','0.00'),
('541','17',NULL,'38','10','10.00'),
('542','17',NULL,'38','7','0.00'),
('543','17',NULL,'38','5','0.00'),
('544','17',NULL,'38','11','0.00'),
('545','17',NULL,'38','6','0.00'),
('546','17',NULL,'38','2','0.00'),
('547','17',NULL,'39','4','0.00'),
('548','17',NULL,'39','3','0.00'),
('549','17',NULL,'39','1','40.00'),
('550','17',NULL,'39','9','0.00'),
('551','17',NULL,'39','10','14.60'),
('552','17',NULL,'39','7','0.00'),
('553','17',NULL,'39','5','0.00'),
('554','17',NULL,'39','11','0.00'),
('555','17',NULL,'39','6','0.00'),
('556','17',NULL,'39','2','0.00'),
('686','18','33',NULL,'2','0.00'),
('685','18','36',NULL,'2','0.00'),
('684','18','35',NULL,'2','40.00'),
('683','18','34',NULL,'2','24.00'),
('682','18','32',NULL,'2','24.00'),
('681','18','33',NULL,'6','0.00'),
('680','18','36',NULL,'6','0.00'),
('679','18','35',NULL,'6','20.00'),
('678','18','34',NULL,'6','16.00'),
('677','18','32',NULL,'6','15.00'),
('676','18','33',NULL,'11','0.00'),
('675','18','36',NULL,'11','0.00'),
('674','18','35',NULL,'11','18.00'),
('673','18','34',NULL,'11','11.00'),
('672','18','32',NULL,'11','7.00'),
('671','18','33',NULL,'5','0.00'),
('670','18','36',NULL,'5','0.00'),
('669','18','35',NULL,'5','40.00'),
('668','18','34',NULL,'5','24.00'),
('667','18','32',NULL,'5','24.00'),
('666','18','33',NULL,'10','0.00'),
('665','18','36',NULL,'10','0.00'),
('664','18','35',NULL,'10','10.00'),
('663','18','34',NULL,'10','7.00'),
('662','18','32',NULL,'10','5.00'),
('661','18','33',NULL,'9','0.00'),
('660','18','36',NULL,'9','0.00'),
('659','18','35',NULL,'9','24.00'),
('658','18','34',NULL,'9','20.00'),
('657','18','32',NULL,'9','18.00'),
('656','18','33',NULL,'1','0.00'),
('655','18','36',NULL,'1','0.00');
INSERT INTO `arbor_delivery` VALUES
('654','18','35',NULL,'1','20.00'),
('653','18','34',NULL,'1','10.00'),
('652','18','32',NULL,'1','6.00'),
('651','18','33',NULL,'3','0.00'),
('650','18','36',NULL,'3','0.00'),
('649','18','35',NULL,'3','40.00'),
('648','18','34',NULL,'3','24.00'),
('647','18','32',NULL,'3','24.00'),
('646','18','33',NULL,'4','0.00'),
('645','18','36',NULL,'4','0.00'),
('644','18','35',NULL,'4','40.00'),
('643','18','34',NULL,'4','24.00'),
('642','18','32',NULL,'4','24.00'),
('602','18',NULL,'40','4','0.00'),
('603','18',NULL,'40','3','0.00'),
('604','18',NULL,'40','1','15.00'),
('605','18',NULL,'40','9','0.00'),
('606','18',NULL,'40','10','6.50'),
('607','18',NULL,'40','7','0.00'),
('608','18',NULL,'40','5','0.00'),
('609','18',NULL,'40','11','0.00'),
('610','18',NULL,'40','6','0.00'),
('611','18',NULL,'40','2','0.00'),
('612','18',NULL,'41','4','0.00'),
('613','18',NULL,'41','3','0.00'),
('614','18',NULL,'41','1','17.00'),
('615','18',NULL,'41','9','0.00'),
('616','18',NULL,'41','10','7.40'),
('617','18',NULL,'41','7','0.00'),
('618','18',NULL,'41','5','0.00'),
('619','18',NULL,'41','11','0.00'),
('620','18',NULL,'41','6','0.00'),
('621','18',NULL,'41','2','0.00'),
('622','18',NULL,'42','4','0.00'),
('623','18',NULL,'42','3','0.00'),
('624','18',NULL,'42','1','25.00'),
('625','18',NULL,'42','9','0.00'),
('626','18',NULL,'42','10','10.00'),
('627','18',NULL,'42','7','0.00'),
('628','18',NULL,'42','5','0.00'),
('629','18',NULL,'42','11','0.00'),
('630','18',NULL,'42','6','0.00'),
('631','18',NULL,'42','2','0.00'),
('632','18',NULL,'43','4','0.00'),
('633','18',NULL,'43','3','0.00'),
('634','18',NULL,'43','1','40.00'),
('635','18',NULL,'43','9','0.00'),
('636','18',NULL,'43','10','14.60'),
('637','18',NULL,'43','7','0.00'),
('638','18',NULL,'43','5','0.00'),
('639','18',NULL,'43','11','0.00'),
('640','18',NULL,'43','6','0.00'),
('641','18',NULL,'43','2','0.00'),
('891','19','38',NULL,'2','0.00'),
('890','19','41',NULL,'2','0.00'),
('889','19','40',NULL,'2','40.00'),
('888','19','39',NULL,'2','24.00'),
('887','19','37',NULL,'2','24.00'),
('886','19','42',NULL,'2','2.00'),
('885','19','38',NULL,'6','0.00'),
('884','19','41',NULL,'6','0.00'),
('883','19','40',NULL,'6','20.00'),
('882','19','39',NULL,'6','16.00'),
('881','19','37',NULL,'6','15.00'),
('880','19','42',NULL,'6','1.00'),
('879','19','38',NULL,'11','0.00'),
('878','19','41',NULL,'11','0.00'),
('877','19','40',NULL,'11','18.00'),
('876','19','39',NULL,'11','11.00'),
('875','19','37',NULL,'11','7.00'),
('874','19','42',NULL,'11','2.00'),
('873','19','38',NULL,'5','0.00'),
('872','19','41',NULL,'5','0.00'),
('871','19','40',NULL,'5','40.00'),
('870','19','39',NULL,'5','24.00'),
('869','19','37',NULL,'5','24.00'),
('868','19','42',NULL,'5','2.00'),
('867','19','38',NULL,'12','0.00'),
('866','19','41',NULL,'12','0.00'),
('865','19','40',NULL,'12','0.00'),
('864','19','39',NULL,'12','0.00'),
('863','19','37',NULL,'12','0.00'),
('862','19','42',NULL,'12','1.00'),
('861','19','38',NULL,'10','0.00'),
('860','19','41',NULL,'10','0.00'),
('859','19','40',NULL,'10','10.00'),
('858','19','39',NULL,'10','7.00'),
('857','19','37',NULL,'10','5.00'),
('856','19','42',NULL,'10','1.00'),
('855','19','38',NULL,'9','0.00'),
('854','19','41',NULL,'9','0.00'),
('853','19','40',NULL,'9','24.00'),
('852','19','39',NULL,'9','20.00'),
('851','19','37',NULL,'9','18.00'),
('850','19','42',NULL,'9','1.00'),
('849','19','38',NULL,'1','0.00'),
('848','19','41',NULL,'1','0.00'),
('847','19','40',NULL,'1','20.00'),
('732','19',NULL,'44','4','0.00'),
('733','19',NULL,'44','3','0.00'),
('734','19',NULL,'44','1','15.00'),
('735','19',NULL,'44','9','0.00'),
('736','19',NULL,'44','10','6.50'),
('737','19',NULL,'44','7','0.00'),
('738','19',NULL,'44','5','0.00'),
('739','19',NULL,'44','11','0.00'),
('740','19',NULL,'44','6','0.00'),
('741','19',NULL,'44','2','0.00'),
('742','19',NULL,'45','4','0.00'),
('743','19',NULL,'45','3','0.00'),
('744','19',NULL,'45','1','17.00'),
('745','19',NULL,'45','9','0.00'),
('746','19',NULL,'45','10','7.40'),
('747','19',NULL,'45','7','0.00'),
('748','19',NULL,'45','5','0.00'),
('749','19',NULL,'45','11','0.00'),
('750','19',NULL,'45','6','0.00'),
('751','19',NULL,'45','2','0.00'),
('752','19',NULL,'46','4','0.00'),
('753','19',NULL,'46','3','0.00'),
('754','19',NULL,'46','1','25.00'),
('755','19',NULL,'46','9','0.00'),
('756','19',NULL,'46','10','10.00'),
('757','19',NULL,'46','7','0.00'),
('758','19',NULL,'46','5','0.00'),
('759','19',NULL,'46','11','0.00'),
('760','19',NULL,'46','6','0.00'),
('761','19',NULL,'46','2','0.00'),
('762','19',NULL,'47','4','0.00'),
('763','19',NULL,'47','3','0.00'),
('764','19',NULL,'47','1','40.00'),
('765','19',NULL,'47','9','0.00'),
('766','19',NULL,'47','10','14.60'),
('767','19',NULL,'47','7','0.00'),
('768','19',NULL,'47','5','0.00'),
('769','19',NULL,'47','11','0.00'),
('770','19',NULL,'47','6','0.00'),
('771','19',NULL,'47','2','0.00'),
('846','19','39',NULL,'1','10.00'),
('845','19','37',NULL,'1','6.00'),
('844','19','42',NULL,'1','2.00'),
('843','19','38',NULL,'3','0.00'),
('842','19','41',NULL,'3','0.00'),
('841','19','40',NULL,'3','40.00'),
('840','19','39',NULL,'3','24.00'),
('839','19','37',NULL,'3','24.00'),
('838','19','42',NULL,'3','2.00'),
('837','19','38',NULL,'4','0.00'),
('836','19','41',NULL,'4','0.00'),
('835','19','40',NULL,'4','40.00'),
('834','19','39',NULL,'4','24.00'),
('833','19','37',NULL,'4','24.00'),
('832','19','42',NULL,'4','2.00'),
('892','22','43',NULL,'1','3.00'),
('893','22','43',NULL,'10','2.00'),
('894','22','43',NULL,'6','3.00'),
('895','23',NULL,'49','4','0.00'),
('896','23',NULL,'49','3','120.00'),
('897','23',NULL,'49','1','63.00'),
('898','23',NULL,'49','5','0.00'),
('899','23',NULL,'49','2','80.00'),
('900','23',NULL,'50','4','0.00'),
('901','23',NULL,'50','3','160.00'),
('902','23',NULL,'50','1','70.00'),
('903','23',NULL,'50','5','0.00'),
('904','23',NULL,'50','2','95.00'),
('905','23',NULL,'51','4','0.00'),
('906','23',NULL,'51','3','200.00'),
('907','23',NULL,'51','1','90.00'),
('908','23',NULL,'51','5','0.00'),
('909','23',NULL,'51','2','130.00'),
('910','23',NULL,'52','4','0.00'),
('911','23',NULL,'52','3','390.00'),
('912','23',NULL,'52','1','100.00'),
('913','23',NULL,'52','5','0.00'),
('914','23',NULL,'52','2','170.00'),
('915','24','44',NULL,'2','24.00'),
('916','24','44',NULL,'6','15.00'),
('917','24','44',NULL,'11','7.00'),
('918','24','44',NULL,'5','24.00'),
('919','24','44',NULL,'12','0.00'),
('920','24','44',NULL,'10','5.00'),
('921','24','44',NULL,'9','18.00'),
('922','24','44',NULL,'1','6.00'),
('923','24','44',NULL,'3','24.00'),
('924','24','44',NULL,'4','24.00'),
('925','24','45',NULL,'2','24.00'),
('926','24','45',NULL,'6','16.00'),
('927','24','45',NULL,'11','11.00'),
('928','24','45',NULL,'5','24.00'),
('929','24','45',NULL,'12','0.00'),
('930','24','45',NULL,'10','7.00'),
('931','24','45',NULL,'9','20.00'),
('932','24','45',NULL,'1','10.00'),
('933','24','45',NULL,'3','24.00'),
('934','24','45',NULL,'4','24.00'),
('935','24','46',NULL,'2','40.00'),
('936','24','46',NULL,'6','20.00'),
('937','24','46',NULL,'11','18.00'),
('938','24','46',NULL,'5','40.00');
INSERT INTO `arbor_delivery` VALUES
('939','24','46',NULL,'12','0.00'),
('940','24','46',NULL,'10','10.00'),
('941','24','46',NULL,'9','24.00'),
('942','24','46',NULL,'1','20.00'),
('943','24','46',NULL,'3','40.00'),
('944','24','46',NULL,'4','40.00'),
('945','24','47',NULL,'2','0.00'),
('946','24','47',NULL,'6','0.00'),
('947','24','47',NULL,'11','0.00'),
('948','24','47',NULL,'5','0.00'),
('949','24','47',NULL,'12','0.00'),
('950','24','47',NULL,'10','0.00'),
('951','24','47',NULL,'9','0.00'),
('952','24','47',NULL,'1','0.00'),
('953','24','47',NULL,'3','0.00'),
('954','24','47',NULL,'4','0.00'),
('955','24','48',NULL,'2','0.00'),
('956','24','48',NULL,'6','0.00'),
('957','24','48',NULL,'11','0.00'),
('958','24','48',NULL,'5','0.00'),
('959','24','48',NULL,'12','0.00'),
('960','24','48',NULL,'10','0.00'),
('961','24','48',NULL,'9','0.00'),
('962','24','48',NULL,'1','0.00'),
('963','24','48',NULL,'3','0.00'),
('964','24','48',NULL,'4','0.00'),
('965','24',NULL,'53','4','0.00'),
('966','24',NULL,'53','3','0.00'),
('967','24',NULL,'53','1','17.00'),
('968','24',NULL,'53','9','0.00'),
('969','24',NULL,'53','10','7.40'),
('970','24',NULL,'53','7','0.00'),
('971','24',NULL,'53','5','0.00'),
('972','24',NULL,'53','11','0.00'),
('973','24',NULL,'53','6','0.00'),
('974','24',NULL,'53','2','0.00'),
('975','24',NULL,'54','4','0.00'),
('976','24',NULL,'54','3','0.00'),
('977','24',NULL,'54','1','25.00'),
('978','24',NULL,'54','9','0.00'),
('979','24',NULL,'54','10','10.00'),
('980','24',NULL,'54','7','0.00'),
('981','24',NULL,'54','5','0.00'),
('982','24',NULL,'54','11','0.00'),
('983','24',NULL,'54','6','0.00'),
('984','24',NULL,'54','2','0.00'),
('985','24',NULL,'55','4','0.00'),
('986','24',NULL,'55','3','0.00'),
('987','24',NULL,'55','1','40.00'),
('988','24',NULL,'55','9','0.00'),
('989','24',NULL,'55','10','14.60'),
('990','24',NULL,'55','7','0.00'),
('991','24',NULL,'55','5','0.00'),
('992','24',NULL,'55','11','0.00'),
('993','24',NULL,'55','6','0.00'),
('994','24',NULL,'55','2','0.00'),
('1000','25','49',NULL,'12','0.00'),
('998','25','49',NULL,'1','3.00'),
('999','25','49',NULL,'10','2.00'),
('1001','25','49',NULL,'11','0.00'),
('1002','25','49',NULL,'6','3.00');
/* Scheme for table arbor_discount */
CREATE TABLE `arbor_discount` (
  `id_discount` int(10) unsigned NOT NULL AUTO_INCREMENT,
  `id_discount_type` int(10) unsigned NOT NULL,
  `id_customer` int(10) unsigned NOT NULL,
  `id_currency` int(10) unsigned NOT NULL DEFAULT '0',
  `name` varchar(32) NOT NULL,
  `value` decimal(17,2) NOT NULL DEFAULT '0.00',
  `quantity` int(10) unsigned NOT NULL DEFAULT '0',
  `quantity_per_user` int(10) unsigned NOT NULL DEFAULT '1',
  `cumulable` tinyint(1) unsigned NOT NULL DEFAULT '0',
  `cumulable_reduction` tinyint(1) unsigned NOT NULL DEFAULT '0',
  `date_from` datetime NOT NULL,
  `date_to` datetime NOT NULL,
  `minimal` decimal(17,2) DEFAULT NULL,
  `active` tinyint(1) unsigned NOT NULL DEFAULT '0',
  PRIMARY KEY (`id_discount`),
  KEY `discount_name` (`name`),
  KEY `discount_customer` (`id_customer`),
  KEY `id_discount_type` (`id_discount_type`)
) ENGINE=MyISAM AUTO_INCREMENT=35 DEFAULT CHARSET=utf8;

INSERT INTO `arbor_discount` VALUES
('1','2','5','1','marguerite','10.00','1','1','0','0','2009-05-21 08:27:32','2010-05-21 08:27:32','50.00','1'),
('14','1','42','0','Anne de Valette','5.00','10','1','0','0','2011-05-11 10:55:00','2012-05-11 10:55:00','0.00','1'),
('15','1','0','0','REDUC072011','10.00','0','1','0','0','2011-08-02 00:37:29','2011-12-31 00:37:39','10.00','1'),
('16','1','1','0','FLW-4-COYDEW6OTO','5.00','1','1','0','1','2011-11-18 10:14:14','2012-01-17 00:00:00','0.00','1'),
('17','1','18','0','FLW-4-3ENNDRKD3Y','5.00','1','1','0','1','2011-11-18 10:14:15','2012-01-17 00:00:00','0.00','1'),
('18','1','19','0','FLW-4-E9QIVQBDVK','5.00','1','1','0','1','2011-11-18 10:14:16','2012-01-17 00:00:00','0.00','1'),
('19','1','22','0','FLW-4-GONAOZQXIA','5.00','1','1','0','1','2011-11-18 10:14:16','2012-01-17 00:00:00','0.00','1'),
('20','1','24','0','FLW-4-O2VX4W1M61','5.00','1','1','0','1','2011-11-18 10:14:17','2012-01-17 00:00:00','0.00','1'),
('21','1','25','0','FLW-4-WE12VS5NGH','5.00','1','1','0','1','2011-11-18 10:14:17','2012-01-17 00:00:00','0.00','1'),
('22','1','26','0','FLW-4-XSIMTKG9PZ','5.00','1','1','0','1','2011-11-18 10:14:18','2012-01-17 00:00:00','0.00','1'),
('23','1','27','0','FLW-4-B1SGEREZGS','5.00','1','1','0','1','2011-11-18 10:14:18','2012-01-17 00:00:00','0.00','1'),
('24','1','28','0','FLW-4-ARDFW96ESD','5.00','1','1','0','1','2011-11-18 10:14:18','2012-01-17 00:00:00','0.00','1'),
('25','1','29','0','FLW-4-29GM5XXLMQ','5.00','1','1','0','1','2011-11-18 10:14:19','2012-01-17 00:00:00','0.00','1'),
('26','1','31','0','FLW-4-GJDVK7GHDO','5.00','1','1','0','1','2011-11-18 10:14:19','2012-01-17 00:00:00','0.00','1'),
('27','1','32','0','FLW-4-57UX8ZTES8','5.00','1','1','0','1','2011-11-18 10:14:20','2012-01-17 00:00:00','0.00','1'),
('28','1','33','0','FLW-4-EBNOYBR3AH','5.00','1','1','0','1','2011-11-18 10:14:20','2012-01-17 00:00:00','0.00','1'),
('29','1','35','0','FLW-4-8QAGIVH5AA','5.00','1','1','0','1','2011-11-18 10:14:20','2012-01-17 00:00:00','0.00','1'),
('30','1','37','0','FLW-4-8PB6V09QMW','5.00','1','1','0','1','2011-11-18 10:14:21','2012-01-17 00:00:00','0.00','1'),
('31','1','38','0','FLW-4-AFXAYUOJD9','5.00','1','1','0','1','2011-11-18 10:14:21','2012-01-17 00:00:00','0.00','1'),
('32','1','39','0','FLW-4-8ARIZHVBOW','5.00','1','1','0','1','2011-11-18 10:14:21','2012-01-17 00:00:00','0.00','1'),
('33','1','42','0','FLW-4-S36RPHVNNV','5.00','1','1','0','1','2011-11-18 10:14:22','2012-01-17 00:00:00','0.00','1'),
('34','1','45','0','HALASZ','5.00','1','1','0','0','2011-11-22 23:43:33','2012-11-22 23:43:33','0.00','1');
/* Scheme for table arbor_discount_category */
CREATE TABLE `arbor_discount_category` (
  `id_category` int(11) unsigned NOT NULL,
  `id_discount` int(11) unsigned NOT NULL,
  PRIMARY KEY (`id_category`,`id_discount`),
  KEY `id_discount` (`id_discount`)
) ENGINE=MyISAM DEFAULT CHARSET=utf8;

INSERT INTO `arbor_discount_category` VALUES
('1','1'),
('1','14'),
('1','15'),
('1','16'),
('1','17'),
('1','18'),
('1','19'),
('1','20'),
('1','21'),
('1','22'),
('1','23'),
('1','24'),
('1','25'),
('1','26'),
('1','27'),
('1','28'),
('1','29'),
('1','30'),
('1','31'),
('1','32'),
('1','33'),
('1','34'),
('5','1'),
('5','14'),
('5','15'),
('5','16'),
('5','17'),
('5','18'),
('5','19'),
('5','20'),
('5','21'),
('5','22'),
('5','23'),
('5','24'),
('5','25'),
('5','26'),
('5','27'),
('5','28'),
('5','29'),
('5','30'),
('5','31'),
('5','32'),
('5','33'),
('5','34'),
('6','1'),
('6','14'),
('6','15'),
('6','16'),
('6','17'),
('6','18'),
('6','19'),
('6','20'),
('6','21'),
('6','22'),
('6','23'),
('6','24'),
('6','25'),
('6','26'),
('6','27'),
('6','28'),
('6','29'),
('6','30'),
('6','31'),
('6','32'),
('6','33'),
('6','34'),
('7','1'),
('7','14'),
('7','15'),
('7','16'),
('7','17'),
('7','18'),
('7','19'),
('7','20'),
('7','21'),
('7','22'),
('7','23'),
('7','24'),
('7','25'),
('7','26'),
('7','27'),
('7','28'),
('7','29'),
('7','30'),
('7','31'),
('7','32'),
('7','33'),
('7','34'),
('8','1'),
('8','14'),
('8','15'),
('8','16'),
('8','17'),
('8','18'),
('8','19'),
('8','20'),
('8','21'),
('8','22'),
('8','23'),
('8','24'),
('8','25'),
('8','26'),
('8','27'),
('8','28'),
('8','29'),
('8','30'),
('8','31'),
('8','32'),
('8','33'),
('8','34'),
('9','1'),
('9','14'),
('9','15'),
('9','16'),
('9','17'),
('9','18'),
('9','19'),
('9','20'),
('9','21'),
('9','22'),
('9','23'),
('9','24'),
('9','25'),
('9','26'),
('9','27'),
('9','28'),
('9','29'),
('9','30'),
('9','31'),
('9','32'),
('9','33'),
('9','34'),
('10','1'),
('10','14'),
('10','15'),
('10','16'),
('10','17'),
('10','18'),
('10','19'),
('10','20'),
('10','21'),
('10','22'),
('10','23'),
('10','24'),
('10','25'),
('10','26'),
('10','27'),
('10','28'),
('10','29'),
('10','30'),
('10','31'),
('10','32'),
('10','33'),
('10','34'),
('11','1'),
('11','14'),
('11','15'),
('11','16'),
('11','17'),
('11','18'),
('11','19'),
('11','20'),
('11','21'),
('11','22'),
('11','23'),
('11','24'),
('11','25'),
('11','26'),
('11','27'),
('11','28'),
('11','29'),
('11','30'),
('11','31'),
('11','32'),
('11','33'),
('11','34'),
('12','1'),
('12','14'),
('12','15'),
('12','16'),
('12','17'),
('12','18'),
('12','19'),
('12','20'),
('12','21'),
('12','22'),
('12','23'),
('12','24'),
('12','25'),
('12','26'),
('12','27'),
('12','28'),
('12','29'),
('12','30'),
('12','31'),
('12','32'),
('12','33'),
('12','34'),
('13','1'),
('13','14');
INSERT INTO `arbor_discount_category` VALUES
('13','16'),
('13','17'),
('13','18'),
('13','19'),
('13','20'),
('13','21'),
('13','22'),
('13','23'),
('13','24'),
('13','25'),
('13','26'),
('13','27'),
('13','28'),
('13','29'),
('13','30'),
('13','31'),
('13','32'),
('13','33'),
('13','34'),
('14','1'),
('14','14'),
('14','16'),
('14','17'),
('14','18'),
('14','19'),
('14','20'),
('14','21'),
('14','22'),
('14','23'),
('14','24'),
('14','25'),
('14','26'),
('14','27'),
('14','28'),
('14','29'),
('14','30'),
('14','31'),
('14','32'),
('14','33'),
('14','34'),
('15','1'),
('15','14'),
('15','15'),
('15','16'),
('15','17'),
('15','18'),
('15','19'),
('15','20'),
('15','21'),
('15','22'),
('15','23'),
('15','24'),
('15','25'),
('15','26'),
('15','27'),
('15','28'),
('15','29'),
('15','30'),
('15','31'),
('15','32'),
('15','33'),
('15','34'),
('17','1'),
('17','14'),
('17','15'),
('17','16'),
('17','17'),
('17','18'),
('17','19'),
('17','20'),
('17','21'),
('17','22'),
('17','23'),
('17','24'),
('17','25'),
('17','26'),
('17','27'),
('17','28'),
('17','29'),
('17','30'),
('17','31'),
('17','32'),
('17','33'),
('17','34'),
('18','1'),
('18','14'),
('18','15'),
('18','16'),
('18','17'),
('18','18'),
('18','19'),
('18','20'),
('18','21'),
('18','22'),
('18','23'),
('18','24'),
('18','25'),
('18','26'),
('18','27'),
('18','28'),
('18','29'),
('18','30'),
('18','31'),
('18','32'),
('18','33'),
('18','34'),
('19','1'),
('19','14'),
('19','15'),
('19','16'),
('19','17'),
('19','18'),
('19','19'),
('19','20'),
('19','21'),
('19','22'),
('19','23'),
('19','24'),
('19','25'),
('19','26'),
('19','27'),
('19','28'),
('19','29'),
('19','30'),
('19','31'),
('19','32'),
('19','33'),
('19','34'),
('21','1'),
('21','15'),
('21','16'),
('21','17'),
('21','18'),
('21','19'),
('21','20'),
('21','21'),
('21','22'),
('21','23'),
('21','24'),
('21','25'),
('21','26'),
('21','27'),
('21','28'),
('21','29'),
('21','30'),
('21','31'),
('21','32'),
('21','33'),
('21','34'),
('22','1'),
('22','14'),
('22','15'),
('22','16'),
('22','17'),
('22','18'),
('22','19'),
('22','20'),
('22','21'),
('22','22'),
('22','23'),
('22','24'),
('22','25'),
('22','26'),
('22','27'),
('22','28'),
('22','29'),
('22','30'),
('22','31'),
('22','32'),
('22','33'),
('22','34'),
('23','1'),
('23','14'),
('23','15'),
('23','16'),
('23','17'),
('23','18'),
('23','19'),
('23','20'),
('23','21'),
('23','22'),
('23','23'),
('23','24'),
('23','25'),
('23','26'),
('23','27'),
('23','28'),
('23','29'),
('23','30'),
('23','31'),
('23','32'),
('23','33'),
('23','34'),
('25','1'),
('25','14'),
('25','15'),
('25','16'),
('25','17'),
('25','18'),
('25','19');
INSERT INTO `arbor_discount_category` VALUES
('25','20'),
('25','21'),
('25','22'),
('25','23'),
('25','24'),
('25','25'),
('25','26'),
('25','27'),
('25','28'),
('25','29'),
('25','30'),
('25','31'),
('25','32'),
('25','33'),
('25','34'),
('26','1'),
('26','14'),
('26','16'),
('26','17'),
('26','18'),
('26','19'),
('26','20'),
('26','21'),
('26','22'),
('26','23'),
('26','24'),
('26','25'),
('26','26'),
('26','27'),
('26','28'),
('26','29'),
('26','30'),
('26','31'),
('26','32'),
('26','33'),
('26','34'),
('27','1'),
('27','14'),
('27','16'),
('27','17'),
('27','18'),
('27','19'),
('27','20'),
('27','21'),
('27','22'),
('27','23'),
('27','24'),
('27','25'),
('27','26'),
('27','27'),
('27','28'),
('27','29'),
('27','30'),
('27','31'),
('27','32'),
('27','33'),
('27','34'),
('28','1'),
('28','14'),
('28','15'),
('28','16'),
('28','17'),
('28','18'),
('28','19'),
('28','20'),
('28','21'),
('28','22'),
('28','23'),
('28','24'),
('28','25'),
('28','26'),
('28','27'),
('28','28'),
('28','29'),
('28','30'),
('28','31'),
('28','32'),
('28','33'),
('28','34'),
('29','1'),
('29','15'),
('29','16'),
('29','17'),
('29','18'),
('29','19'),
('29','20'),
('29','21'),
('29','22'),
('29','23'),
('29','24'),
('29','25'),
('29','26'),
('29','27'),
('29','28'),
('29','29'),
('29','30'),
('29','31'),
('29','32'),
('29','33'),
('29','34'),
('30','1'),
('30','14'),
('30','15'),
('30','16'),
('30','17'),
('30','18'),
('30','19'),
('30','20'),
('30','21'),
('30','22'),
('30','23'),
('30','24'),
('30','25'),
('30','26'),
('30','27'),
('30','28'),
('30','29'),
('30','30'),
('30','31'),
('30','32'),
('30','33'),
('30','34'),
('31','1'),
('31','14'),
('31','15'),
('31','16'),
('31','17'),
('31','18'),
('31','19'),
('31','20'),
('31','21'),
('31','22'),
('31','23'),
('31','24'),
('31','25'),
('31','26'),
('31','27'),
('31','28'),
('31','29'),
('31','30'),
('31','31'),
('31','32'),
('31','33'),
('31','34'),
('32','1'),
('32','14'),
('32','15'),
('32','16'),
('32','17'),
('32','18'),
('32','19'),
('32','20'),
('32','21'),
('32','22'),
('32','23'),
('32','24'),
('32','25'),
('32','26'),
('32','27'),
('32','28'),
('32','29'),
('32','30'),
('32','31'),
('32','32'),
('32','33'),
('32','34'),
('33','1'),
('33','14'),
('33','15'),
('33','16'),
('33','17'),
('33','18'),
('33','19'),
('33','20'),
('33','21'),
('33','22'),
('33','23'),
('33','24'),
('33','25'),
('33','26'),
('33','27'),
('33','28'),
('33','29'),
('33','30'),
('33','31'),
('33','32'),
('33','33'),
('33','34'),
('34','1'),
('34','14'),
('34','15'),
('34','16'),
('34','17'),
('34','18'),
('34','19'),
('34','20'),
('34','21'),
('34','22'),
('34','23'),
('34','24');
INSERT INTO `arbor_discount_category` VALUES
('34','25'),
('34','26'),
('34','27'),
('34','28'),
('34','29'),
('34','30'),
('34','31'),
('34','32'),
('34','33'),
('34','34'),
('35','1'),
('35','15'),
('35','16'),
('35','17'),
('35','18'),
('35','19'),
('35','20'),
('35','21'),
('35','22'),
('35','23'),
('35','24'),
('35','25'),
('35','26'),
('35','27'),
('35','28'),
('35','29'),
('35','30'),
('35','31'),
('35','32'),
('35','33'),
('35','34'),
('36','1'),
('36','15'),
('36','16'),
('36','17'),
('36','18'),
('36','19'),
('36','20'),
('36','21'),
('36','22'),
('36','23'),
('36','24'),
('36','25'),
('36','26'),
('36','27'),
('36','28'),
('36','29'),
('36','30'),
('36','31'),
('36','32'),
('36','33'),
('36','34'),
('37','1'),
('37','15'),
('37','16'),
('37','17'),
('37','18'),
('37','19'),
('37','20'),
('37','21'),
('37','22'),
('37','23'),
('37','24'),
('37','25'),
('37','26'),
('37','27'),
('37','28'),
('37','29'),
('37','30'),
('37','31'),
('37','32'),
('37','33'),
('37','34'),
('38','1'),
('38','15'),
('38','16'),
('38','17'),
('38','18'),
('38','19'),
('38','20'),
('38','21'),
('38','22'),
('38','23'),
('38','24'),
('38','25'),
('38','26'),
('38','27'),
('38','28'),
('38','29'),
('38','30'),
('38','31'),
('38','32'),
('38','33'),
('38','34'),
('39','1'),
('39','15'),
('39','16'),
('39','17'),
('39','18'),
('39','19'),
('39','20'),
('39','21'),
('39','22'),
('39','23'),
('39','24'),
('39','25'),
('39','26'),
('39','27'),
('39','28'),
('39','29'),
('39','30'),
('39','31'),
('39','32'),
('39','33'),
('39','34'),
('40','1'),
('41','1'),
('41','14'),
('41','15'),
('41','16'),
('41','17'),
('41','18'),
('41','19'),
('41','20'),
('41','21'),
('41','22'),
('41','23'),
('41','24'),
('41','25'),
('41','26'),
('41','27'),
('41','28'),
('41','29'),
('41','30'),
('41','31'),
('41','32'),
('41','33'),
('41','34'),
('42','1'),
('42','14'),
('42','15'),
('42','16'),
('42','17'),
('42','18'),
('42','19'),
('42','20'),
('42','21'),
('42','22'),
('42','23'),
('42','24'),
('42','25'),
('42','26'),
('42','27'),
('42','28'),
('42','29'),
('42','30'),
('42','31'),
('42','32'),
('42','33'),
('42','34'),
('43','1'),
('43','14'),
('43','15'),
('43','16'),
('43','17'),
('43','18'),
('43','19'),
('43','20'),
('43','21'),
('43','22'),
('43','23'),
('43','24'),
('43','25'),
('43','26'),
('43','27'),
('43','28'),
('43','29'),
('43','30'),
('43','31'),
('43','32'),
('43','33'),
('43','34'),
('45','1'),
('45','14'),
('45','15'),
('45','16'),
('45','17'),
('45','18'),
('45','19'),
('45','20'),
('45','21'),
('45','22'),
('45','23'),
('45','24'),
('45','25'),
('45','26'),
('45','27'),
('45','28'),
('45','29'),
('45','30');
INSERT INTO `arbor_discount_category` VALUES
('45','31'),
('45','32'),
('45','33'),
('45','34'),
('46','1'),
('46','14'),
('46','15'),
('46','16'),
('46','17'),
('46','18'),
('46','19'),
('46','20'),
('46','21'),
('46','22'),
('46','23'),
('46','24'),
('46','25'),
('46','26'),
('46','27'),
('46','28'),
('46','29'),
('46','30'),
('46','31'),
('46','32'),
('46','33'),
('46','34'),
('47','1'),
('47','14'),
('47','15'),
('47','16'),
('47','17'),
('47','18'),
('47','19'),
('47','20'),
('47','21'),
('47','22'),
('47','23'),
('47','24'),
('47','25'),
('47','26'),
('47','27'),
('47','28'),
('47','29'),
('47','30'),
('47','31'),
('47','32'),
('47','33'),
('47','34'),
('48','14'),
('48','15'),
('48','16'),
('48','17'),
('48','18'),
('48','19'),
('48','20'),
('48','21'),
('48','22'),
('48','23'),
('48','24'),
('48','25'),
('48','26'),
('48','27'),
('48','28'),
('48','29'),
('48','30'),
('48','31'),
('48','32'),
('48','33'),
('48','34'),
('49','14'),
('49','15'),
('49','16'),
('49','17'),
('49','18'),
('49','19'),
('49','20'),
('49','21'),
('49','22'),
('49','23'),
('49','24'),
('49','25'),
('49','26'),
('49','27'),
('49','28'),
('49','29'),
('49','30'),
('49','31'),
('49','32'),
('49','33'),
('49','34'),
('50','14'),
('50','15'),
('50','16'),
('50','17'),
('50','18'),
('50','19'),
('50','20'),
('50','21'),
('50','22'),
('50','23'),
('50','24'),
('50','25'),
('50','26'),
('50','27'),
('50','28'),
('50','29'),
('50','30'),
('50','31'),
('50','32'),
('50','33'),
('50','34'),
('51','14'),
('51','15'),
('51','16'),
('51','17'),
('51','18'),
('51','19'),
('51','20'),
('51','21'),
('51','22'),
('51','23'),
('51','24'),
('51','25'),
('51','26'),
('51','27'),
('51','28'),
('51','29'),
('51','30'),
('51','31'),
('51','32'),
('51','33'),
('51','34'),
('52','14'),
('52','15'),
('52','16'),
('52','17'),
('52','18'),
('52','19'),
('52','20'),
('52','21'),
('52','22'),
('52','23'),
('52','24'),
('52','25'),
('52','26'),
('52','27'),
('52','28'),
('52','29'),
('52','30'),
('52','31'),
('52','32'),
('52','33'),
('52','34'),
('53','14'),
('53','15'),
('53','16'),
('53','17'),
('53','18'),
('53','19'),
('53','20'),
('53','21'),
('53','22'),
('53','23'),
('53','24'),
('53','25'),
('53','26'),
('53','27'),
('53','28'),
('53','29'),
('53','30'),
('53','31'),
('53','32'),
('53','33'),
('53','34'),
('54','14'),
('54','15'),
('54','16'),
('54','17'),
('54','18'),
('54','19'),
('54','20'),
('54','21'),
('54','22'),
('54','23'),
('54','24'),
('54','25'),
('54','26'),
('54','27'),
('54','28'),
('54','29'),
('54','30'),
('54','31'),
('54','32'),
('54','33'),
('54','34'),
('55','14'),
('55','15'),
('55','16'),
('55','17'),
('55','18');
INSERT INTO `arbor_discount_category` VALUES
('55','19'),
('55','20'),
('55','21'),
('55','22'),
('55','23'),
('55','24'),
('55','25'),
('55','26'),
('55','27'),
('55','28'),
('55','29'),
('55','30'),
('55','31'),
('55','32'),
('55','33'),
('55','34'),
('56','14'),
('56','15'),
('56','16'),
('56','17'),
('56','18'),
('56','19'),
('56','20'),
('56','21'),
('56','22'),
('56','23'),
('56','24'),
('56','25'),
('56','26'),
('56','27'),
('56','28'),
('56','29'),
('56','30'),
('56','31'),
('56','32'),
('56','33'),
('56','34'),
('57','14'),
('57','15'),
('57','16'),
('57','17'),
('57','18'),
('57','19'),
('57','20'),
('57','21'),
('57','22'),
('57','23'),
('57','24'),
('57','25'),
('57','26'),
('57','27'),
('57','28'),
('57','29'),
('57','30'),
('57','31'),
('57','32'),
('57','33'),
('57','34'),
('58','14'),
('58','15'),
('58','16'),
('58','17'),
('58','18'),
('58','19'),
('58','20'),
('58','21'),
('58','22'),
('58','23'),
('58','24'),
('58','25'),
('58','26'),
('58','27'),
('58','28'),
('58','29'),
('58','30'),
('58','31'),
('58','32'),
('58','33'),
('58','34'),
('59','14'),
('59','15'),
('59','16'),
('59','17'),
('59','18'),
('59','19'),
('59','20'),
('59','21'),
('59','22'),
('59','23'),
('59','24'),
('59','25'),
('59','26'),
('59','27'),
('59','28'),
('59','29'),
('59','30'),
('59','31'),
('59','32'),
('59','33'),
('59','34'),
('60','16'),
('60','17'),
('60','18'),
('60','19'),
('60','20'),
('60','21'),
('60','22'),
('60','23'),
('60','24'),
('60','25'),
('60','26'),
('60','27'),
('60','28'),
('60','29'),
('60','30'),
('60','31'),
('60','32'),
('60','33'),
('60','34');
/* Scheme for table arbor_discount_lang */
CREATE TABLE `arbor_discount_lang` (
  `id_discount` int(10) unsigned NOT NULL,
  `id_lang` int(10) unsigned NOT NULL,
  `description` text,
  PRIMARY KEY (`id_discount`,`id_lang`)
) ENGINE=MyISAM DEFAULT CHARSET=utf8;

INSERT INTO `arbor_discount_lang` VALUES
('1','1','5,00'),
('1','2','5,00'),
('14','2','nouvelle cliente'),
('14','1','nouvelle cliente'),
('15','1','10% of reduction'),
('15','2','10% de Réduction'),
('16','1','Vous nous manquez'),
('16','2','Vous nous manquez'),
('17','1','Vous nous manquez'),
('17','2','Vous nous manquez'),
('18','1','Vous nous manquez'),
('18','2','Vous nous manquez'),
('19','1','Vous nous manquez'),
('19','2','Vous nous manquez'),
('20','1','Vous nous manquez'),
('20','2','Vous nous manquez'),
('21','1','Vous nous manquez'),
('21','2','Vous nous manquez'),
('22','1','Vous nous manquez'),
('22','2','Vous nous manquez'),
('23','1','Vous nous manquez'),
('23','2','Vous nous manquez'),
('24','1','Vous nous manquez'),
('24','2','Vous nous manquez'),
('25','1','Vous nous manquez'),
('25','2','Vous nous manquez'),
('26','1','Vous nous manquez'),
('26','2','Vous nous manquez'),
('27','1','Vous nous manquez'),
('27','2','Vous nous manquez'),
('28','1','Vous nous manquez'),
('28','2','Vous nous manquez'),
('29','1','Vous nous manquez'),
('29','2','Vous nous manquez'),
('30','1','Vous nous manquez'),
('30','2','Vous nous manquez'),
('31','1','Vous nous manquez'),
('31','2','Vous nous manquez'),
('32','1','Vous nous manquez'),
('32','2','Vous nous manquez'),
('33','1','Vous nous manquez'),
('33','2','Vous nous manquez'),
('34','1','remise'),
('34','2','remise');
/* Scheme for table arbor_discount_quantity */
CREATE TABLE `arbor_discount_quantity` (
  `id_discount_quantity` int(10) unsigned NOT NULL AUTO_INCREMENT,
  `id_discount_type` int(10) unsigned NOT NULL,
  `id_product` int(10) unsigned NOT NULL,
  `id_product_attribute` int(10) unsigned DEFAULT NULL,
  `quantity` int(10) unsigned NOT NULL,
  `value` decimal(17,2) unsigned NOT NULL,
  PRIMARY KEY (`id_discount_quantity`),
  KEY `id_discount_type` (`id_discount_type`),
  KEY `id_product` (`id_product`),
  KEY `id_product_attribute` (`id_product_attribute`)
) ENGINE=MyISAM AUTO_INCREMENT=72 DEFAULT CHARSET=utf8;

INSERT INTO `arbor_discount_quantity` VALUES
('1','1','74','0','20','10.00'),
('5','1','75','0','20','10.00'),
('4','1','74','0','100','20.00'),
('8','1','76','0','20','10.00'),
('7','1','75','0','100','20.00'),
('9','1','76','0','100','20.00'),
('10','1','77','0','20','10.00'),
('11','1','77','0','100','20.00'),
('12','1','78','0','20','10.00'),
('13','1','78','0','100','20.00'),
('14','1','79','0','20','10.00'),
('15','1','79','0','100','20.00'),
('16','1','80','0','20','10.00'),
('17','1','80','0','100','20.00'),
('18','1','81','0','20','10.00'),
('19','1','81','0','100','20.00'),
('20','1','82','0','20','10.00'),
('21','1','82','0','100','20.00'),
('22','1','83','0','20','10.00'),
('23','1','83','0','100','20.00'),
('24','1','84','0','20','10.00'),
('25','1','84','0','100','20.00'),
('26','1','85','0','20','10.00'),
('27','1','85','0','100','20.00'),
('28','1','86','0','20','10.00'),
('29','1','86','0','100','20.00'),
('30','1','87','0','2','10.00'),
('31','1','93','0','20','10.00'),
('32','1','93','0','100','20.00'),
('45','1','100','0','50','40.00'),
('48','1','100','0','40','20.00'),
('47','1','100','0','20','10.00'),
('55','1','117','0','1000','20.00'),
('54','1','117','0','100','10.00'),
('56','1','118','0','100','10.00'),
('57','1','118','0','1000','20.00'),
('59','1','154','0','10','5.00'),
('60','1','154','0','50','10.00'),
('61','1','154','0','100','15.00'),
('62','1','154','0','1000','20.00'),
('63','1','158','0','10','10.00'),
('64','1','158','0','100','15.00'),
('65','1','158','0','1000','20.00'),
('66','1','162','0','50','10.00'),
('67','1','162','0','100','14.00');
/* Scheme for table arbor_discount_type */
CREATE TABLE `arbor_discount_type` (
  `id_discount_type` int(10) unsigned NOT NULL AUTO_INCREMENT,
  PRIMARY KEY (`id_discount_type`)
) ENGINE=MyISAM AUTO_INCREMENT=4 DEFAULT CHARSET=utf8;

INSERT INTO `arbor_discount_type` VALUES
('1'),
('2'),
('3');
/* Scheme for table arbor_discount_type_lang */
CREATE TABLE `arbor_discount_type_lang` (
  `id_discount_type` int(10) unsigned NOT NULL,
  `id_lang` int(10) unsigned NOT NULL,
  `name` varchar(64) NOT NULL,
  PRIMARY KEY (`id_discount_type`,`id_lang`)
) ENGINE=MyISAM DEFAULT CHARSET=utf8;

INSERT INTO `arbor_discount_type_lang` VALUES
('1','1','Discount on order (%)'),
('2','1','Discount on order (amount)'),
('1','2','Réduction sur la commande (%)'),
('2','2','Réduction sur la commande (montant)'),
('3','1','Free shipping'),
('3','2','Frais de port gratuits'),
('1','3','Discount on order (%)'),
('2','3','Discount on order (amount)'),
('3','3','Free shipping'),
('1','4','Discount on order (%)'),
('2','4','Discount on order (amount)'),
('3','4','Free shipping'),
('1','6','Discount on order (%)'),
('2','6','Discount on order (amount)'),
('3','6','Free shipping'),
('1','7','Discount on order (%)'),
('2','7','Discount on order (amount)'),
('3','7','Free shipping'),
('1','8','Discount on order (%)'),
('2','8','Discount on order (amount)'),
('3','8','Free shipping'),
('1','9','Discount on order (%)'),
('2','9','Discount on order (amount)'),
('3','9','Free shipping'),
('1','10','Discount on order (%)'),
('2','10','Discount on order (amount)'),
('3','10','Free shipping'),
('1','11','Discount on order (%)'),
('2','11','Discount on order (amount)'),
('3','11','Free shipping'),
('1','12','Discount on order (%)'),
('2','12','Discount on order (amount)'),
('3','12','Free shipping'),
('1','13','Discount on order (%)'),
('2','13','Discount on order (amount)'),
('3','13','Free shipping'),
('1','14','Discount on order (%)'),
('2','14','Discount on order (amount)'),
('3','14','Free shipping'),
('1','15','Discount on order (%)'),
('2','15','Discount on order (amount)'),
('3','15','Free shipping'),
('1','16','Discount on order (%)'),
('2','16','Discount on order (amount)'),
('3','16','Free shipping'),
('1','17','Discount on order (%)'),
('2','17','Discount on order (amount)'),
('3','17','Free shipping'),
('1','18','Discount on order (%)'),
('2','18','Discount on order (amount)'),
('3','18','Free shipping'),
('1','19','Discount on order (%)'),
('2','19','Discount on order (amount)'),
('3','19','Free shipping'),
('1','20','Discount on order (%)'),
('2','20','Discount on order (amount)'),
('3','20','Free shipping'),
('1','21','Discount on order (%)'),
('2','21','Discount on order (amount)'),
('3','21','Free shipping');
/* Scheme for table arbor_feature */
CREATE TABLE `arbor_feature` (
  `id_feature` int(10) unsigned NOT NULL AUTO_INCREMENT,
  PRIMARY KEY (`id_feature`)
) ENGINE=MyISAM AUTO_INCREMENT=13 DEFAULT CHARSET=utf8;

INSERT INTO `arbor_feature` VALUES
('6'),
('7'),
('8'),
('9'),
('11'),
('12');
/* Scheme for table arbor_feature_lang */
CREATE TABLE `arbor_feature_lang` (
  `id_feature` int(10) unsigned NOT NULL,
  `id_lang` int(10) unsigned NOT NULL,
  `name` varchar(128) DEFAULT NULL,
  PRIMARY KEY (`id_feature`,`id_lang`)
) ENGINE=MyISAM DEFAULT CHARSET=utf8;

INSERT INTO `arbor_feature_lang` VALUES
('7','2','Impressions'),
('6','9','Taille'),
('6','10','Taille'),
('6','6','Taille'),
('6','7','Taille'),
('6','8','Taille'),
('6','3','Taille'),
('6','4','Taille'),
('7','1','Printing'),
('6','1','Size'),
('6','2','Formats'),
('8','1','Colors'),
('8','2','Couleurs'),
('9','1','Supports'),
('9','2','Supports'),
('11','1','Delivery'),
('11','2','Livraisons'),
('12','1','Frame'),
('12','2','Cadres');
/* Scheme for table arbor_feature_product */
CREATE TABLE `arbor_feature_product` (
  `id_feature` int(10) unsigned NOT NULL,
  `id_product` int(10) unsigned NOT NULL,
  `id_feature_value` int(10) unsigned NOT NULL,
  PRIMARY KEY (`id_feature`,`id_product`),
  KEY `id_feature_value` (`id_feature_value`)
) ENGINE=MyISAM DEFAULT CHARSET=utf8;

INSERT INTO `arbor_feature_product` VALUES
('6','72','35'),
('6','59','35'),
('6','71','35'),
('6','44','35'),
('7','71','36'),
('7','44','36'),
('6','67','29'),
('6','58','35'),
('6','60','35'),
('6','56','35'),
('6','54','35'),
('6','53','35'),
('6','51','35'),
('6','50','35'),
('6','49','35'),
('7','72','36'),
('6','73','35'),
('7','73','36'),
('7','74','38'),
('6','74','37'),
('7','75','38'),
('6','75','37'),
('7','76','38'),
('6','76','37'),
('7','77','38'),
('6','77','37'),
('7','78','38'),
('6','78','37'),
('7','79','38'),
('6','79','37'),
('7','80','38'),
('6','80','37'),
('7','81','38'),
('6','81','37'),
('7','82','38'),
('6','82','37'),
('7','83','38'),
('6','83','37'),
('7','84','38'),
('6','84','37'),
('7','85','38'),
('6','85','37'),
('7','86','38'),
('6','86','37'),
('6','87','37'),
('8','87','43'),
('6','93','37'),
('6','94','30'),
('7','94','39'),
('6','95','35'),
('7','95','36'),
('6','96','35'),
('7','96','36'),
('6','99','40'),
('7','99','36'),
('7','100','36'),
('6','100','35'),
('7','101','36'),
('6','101','30'),
('6','103','35'),
('7','103','36'),
('6','104','42'),
('7','104','41'),
('8','104','44'),
('7','105','36'),
('6','105','40'),
('8','106','43'),
('7','106','36'),
('6','106','35'),
('8','107','43'),
('7','107','36'),
('6','107','35'),
('8','108','43'),
('7','108','36'),
('6','108','35'),
('8','109','43'),
('7','109','36'),
('6','109','35'),
('8','110','43'),
('7','110','36'),
('6','110','35'),
('8','111','43'),
('7','111','36'),
('6','111','35'),
('6','112','35'),
('7','112','36'),
('8','112','43'),
('8','113','43'),
('7','113','36'),
('6','113','35'),
('8','114','43'),
('7','114','36'),
('6','114','35'),
('8','115','43'),
('7','115','36'),
('6','115','35'),
('6','117','40'),
('7','117','36'),
('8','117','43'),
('8','118','43'),
('7','118','36'),
('6','118','40'),
('8','120','43'),
('7','120','36'),
('8','121','43'),
('7','121','38'),
('8','122','43'),
('7','122','36'),
('6','122','35'),
('8','127','43'),
('7','127','36'),
('8','128','43'),
('7','128','36'),
('8','129','43'),
('7','129','36'),
('6','129','35'),
('8','130','43'),
('7','130','36'),
('6','130','35'),
('8','131','43'),
('6','131','35'),
('7','131','36'),
('11','131','50'),
('9','131','46'),
('8','132','43'),
('6','132','52'),
('7','132','39'),
('11','132','50'),
('9','132','45'),
('6','133','35'),
('11','133','50'),
('8','134','43'),
('7','134','36'),
('11','134','50'),
('8','135','43'),
('6','135','35'),
('11','135','50'),
('11','137','50'),
('11','136','50'),
('7','136','36'),
('8','136','43'),
('7','137','36'),
('8','137','43'),
('11','138','50'),
('7','138','36'),
('8','138','43'),
('11','139','50'),
('7','139','36'),
('8','139','43'),
('11','140','50'),
('7','140','36'),
('8','140','43'),
('6','141','29'),
('8','141','43'),
('7','141','36'),
('11','141','51'),
('9','141','46'),
('9','142','46'),
('11','142','51'),
('7','142','36'),
('6','142','35'),
('9','143','46'),
('11','143','51'),
('7','143','36'),
('6','143','35'),
('8','144','43'),
('11','144','51'),
('8','146','43'),
('11','146','51'),
('8','147','43'),
('11','147','51'),
('8','148','43'),
('11','148','51'),
('8','149','43'),
('11','149','51'),
('8','152','43'),
('6','152','35'),
('7','152','36'),
('11','152','51'),
('9','152','46'),
('11','153','51'),
('9','153','46'),
('7','154','36'),
('11','154','51'),
('9','154','46'),
('8','92','53'),
('7','92','41'),
('11','92','55'),
('9','92','54'),
('9','181','46'),
('11','181','51'),
('7','181','36'),
('6','181','35'),
('8','181','43'),
('8','156','43'),
('6','156','35'),
('7','156','36'),
('11','156','51'),
('9','156','46'),
('8','157','43');
INSERT INTO `arbor_feature_product` VALUES
('6','157','35'),
('7','157','36'),
('11','157','51'),
('9','157','46'),
('8','158','43'),
('6','158','35'),
('7','158','36'),
('11','158','51'),
('9','158','46'),
('8','159','43'),
('7','159','36'),
('11','159','51'),
('8','160','43'),
('7','160','36'),
('11','160','51'),
('8','161','43'),
('7','161','36'),
('11','161','51'),
('8','162','43'),
('7','162','48'),
('11','162','51'),
('9','162','47'),
('8','163','43'),
('6','163','35'),
('7','163','36'),
('11','163','51'),
('9','163','46'),
('8','164','43'),
('6','164','35'),
('7','164','36'),
('11','164','51'),
('9','164','46'),
('8','165','43'),
('6','165','35'),
('7','165','36'),
('11','165','51'),
('9','165','46'),
('8','166','43'),
('6','166','35'),
('7','166','36'),
('11','166','51'),
('9','166','46'),
('8','168','43'),
('6','168','35'),
('7','168','36'),
('11','168','51'),
('9','168','46'),
('8','169','43'),
('6','169','35'),
('7','169','36'),
('11','169','51'),
('9','169','46'),
('8','170','43'),
('6','170','35'),
('7','170','36'),
('11','170','51'),
('9','170','46'),
('8','171','43'),
('6','171','35'),
('7','171','36'),
('11','171','51'),
('9','171','46'),
('8','174','43'),
('6','174','35'),
('7','174','36'),
('11','174','51'),
('9','174','46'),
('8','175','43'),
('6','175','35'),
('7','175','36'),
('11','175','51'),
('9','175','46'),
('7','87','38'),
('11','87','55'),
('9','87','45'),
('8','176','43'),
('6','176','35'),
('7','176','36'),
('11','176','51'),
('9','176','46'),
('8','177','43'),
('6','177','35'),
('7','177','36'),
('11','177','51'),
('9','177','46'),
('8','178','43'),
('6','178','35'),
('7','178','36'),
('11','178','51'),
('9','178','46'),
('8','179','43'),
('6','179','35'),
('7','179','36'),
('11','179','51'),
('9','179','46'),
('8','180','43'),
('6','180','35'),
('7','180','36'),
('11','180','51'),
('9','180','46'),
('8','182','43'),
('6','182','35'),
('7','182','36'),
('11','182','51'),
('9','182','46'),
('8','42','43'),
('6','42','40'),
('7','42','36'),
('11','42','51'),
('9','42','46'),
('8','184','43'),
('7','184','36'),
('11','184','51'),
('8','185','43'),
('7','185','36'),
('11','185','51'),
('8','186','43'),
('7','186','36'),
('11','186','51'),
('8','187','43'),
('7','187','48'),
('11','187','51'),
('9','187','47');
/* Scheme for table arbor_feature_value */
CREATE TABLE `arbor_feature_value` (
  `id_feature_value` int(10) unsigned NOT NULL AUTO_INCREMENT,
  `id_feature` int(10) unsigned NOT NULL,
  `custom` tinyint(3) unsigned DEFAULT NULL,
  PRIMARY KEY (`id_feature_value`),
  KEY `feature` (`id_feature`)
) ENGINE=MyISAM AUTO_INCREMENT=63 DEFAULT CHARSET=utf8;

INSERT INTO `arbor_feature_value` VALUES
('36','7',NULL),
('35','6',NULL),
('34','6',NULL),
('33','6',NULL),
('32','6',NULL),
('31','6',NULL),
('29','6',NULL),
('30','6',NULL),
('37','6',NULL),
('38','7',NULL),
('39','7',NULL),
('40','6',NULL),
('41','7',NULL),
('42','6',NULL),
('43','8',NULL),
('44','8',NULL),
('45','9',NULL),
('46','9',NULL),
('47','9',NULL),
('48','7',NULL),
('49','11',NULL),
('50','11',NULL),
('51','11',NULL),
('52','6',NULL),
('53','8',NULL),
('54','9',NULL),
('55','11',NULL),
('56','12',NULL),
('57','12',NULL),
('58','12',NULL),
('59','12',NULL),
('60','12',NULL),
('61','12',NULL),
('62','7',NULL);
/* Scheme for table arbor_feature_value_lang */
CREATE TABLE `arbor_feature_value_lang` (
  `id_feature_value` int(10) unsigned NOT NULL,
  `id_lang` int(10) unsigned NOT NULL,
  `value` varchar(255) DEFAULT NULL,
  PRIMARY KEY (`id_feature_value`,`id_lang`)
) ENGINE=MyISAM DEFAULT CHARSET=utf8;

INSERT INTO `arbor_feature_value_lang` VALUES
('33','10','250 x 400 cm'),
('33','9','250 x 400 cm'),
('33','8','250 x 400 cm'),
('33','7','250 x 400 cm'),
('33','6','250 x 400 cm'),
('33','4','250 x 400 cm'),
('33','3','250 x 400 cm'),
('33','2','250 x 400 cm'),
('33','1','250 x 400 cm'),
('30','10','50 x 70 cm'),
('30','7','50 x 70 cm'),
('30','8','50 x 70 cm'),
('30','9','50 x 70 cm'),
('30','6','50 x 70 cm'),
('30','3','50 x 70 cm'),
('30','4','50 x 70 cm'),
('36','1','Impression sur papier photo'),
('36','2','Impression sur papier photo'),
('30','2','50 x 70 cm'),
('29','9','20 x 30 cm'),
('29','10','20 x 30 cm'),
('30','1','50 x 70 cm'),
('29','8','20 x 30 cm'),
('29','6','20 x 30 cm'),
('29','7','20 x 30 cm'),
('29','4','20 x 30 cm'),
('29','1','20 x 30 cm'),
('29','2','20 x 30 cm'),
('29','3','20 x 30 cm'),
('32','10','120 x 180 cm'),
('32','7','120 x 180 cm'),
('32','8','120 x 180 cm'),
('32','9','120 x 180 cm'),
('32','6','120 x 180 cm'),
('32','3','120 x 180 cm'),
('32','4','120 x 180 cm'),
('34','2','10 x 15 cm'),
('34','3','10 x 15 cm'),
('34','4','10 x 15 cm'),
('35','1','Imprimé sur sa plus grande longueur'),
('35','2','Imprimé sur sa plus grande longueur suivant le format du papier.'),
('32','2','120 x 180 cm'),
('31','9','76 x 100 cm'),
('31','10','76 x 100 cm'),
('32','1','120 x 180 cm'),
('31','8','76 x 100 cm'),
('34','1','10 x 15 cm'),
('31','6','76 x 100 cm'),
('31','7','76 x 100 cm'),
('31','4','76 x 100 cm'),
('31','1','76 x 100 cm'),
('31','2','76 x 100 cm'),
('31','3','76 x 100 cm'),
('37','1','card 110 x 210 mm (2 parts recto)'),
('37','2','carte 110 x 210 mm (2 volets recto)'),
('38','1','Printed on recycled paper'),
('38','2','Imprimé sur papier recyclé'),
('39','1','Printed on 90% fiber of bambou'),
('39','2','Imprimé sur papier 90% fibre de bambou'),
('40','1','50 x 50 cm'),
('40','2','50 x 50 cm'),
('41','1','Printed on coton or lenen'),
('41','2','Imprimé sur tissus coton ou lin'),
('42','1','40 x 130 cm'),
('42','2','40 x 130 cm'),
('43','1','White background'),
('43','2','fond blanc'),
('44','1','dark green background'),
('44','2','fond vert bouteille'),
('45','1','Recycled paper'),
('45','2','papier recyclé'),
('46','1','Digital photo paper'),
('46','2','papier photo numérique'),
('47','1','FSC Paper'),
('47','2','papier FSC'),
('48','1','Label \"Imprim Vert\" (green printing label)'),
('48','2','Label \"Imprim Vert\"'),
('49','1','2 to 5 open days'),
('49','2','2 à 5 jours ouverts'),
('50','1','7 days'),
('50','2','7 jours'),
('51','1','7 to 15 days'),
('51','2','7 à 15 jours'),
('52','1','A5 2 folders recto'),
('52','2','A5 2 volets recto'),
('53','1','light brown'),
('53','2','beige'),
('54','1','coton bio'),
('54','2','tissus coton bio'),
('55','1','15 days to 1 month depending of the quantity.'),
('55','2','15 jours à 1 mois suivant quantité.'),
('56','1','50 x 50 cm'),
('56','2','50 x 50 cm'),
('57','1','60 x 130'),
('57','2','60 x 130'),
('58','1','30 x 85 cm'),
('58','2','30 x 85 cm'),
('59','1','50 x 85 cm'),
('59','2','50 x 85 cm'),
('60','1','60 x 85 cm'),
('60','2','60 x 85 cm'),
('61','1','30 x 40 cm'),
('61','2','30 x 40 cm'),
('62','1','acrylics'),
('62','2','Impression sur verre acrylique');
/* Scheme for table arbor_freeblock */
CREATE TABLE `arbor_freeblock` (
  `id_lang` int(2) NOT NULL,
  `title` varchar(255) NOT NULL,
  `content` text NOT NULL,
  PRIMARY KEY (`id_lang`)
) ENGINE=MyISAM DEFAULT CHARSET=utf8;

INSERT INTO `arbor_freeblock` VALUES
('2','Partenaires','<html>\r\n<head>\r\n<meta http-equiv=\"content-type\"\r\ncontent=\"text/html; charset=ISO-8859-1\">\r\n<title>Partenaires d\'Arbor\'Ethic</title>\r\n</head>\r\n<body>\r\n<div style=\"text-align: center;\">Devenez partenaires ou/et sponsor de\r\nla\r\nboutique. <br>\r\nVotre logo apparaitra ici.<br>\r\nPlus d\'infos, contactez J&eacute;r&ocirc;me Hutin.\r\n<br>\r\n<br>\r\n-----------------------<br>\r\n</div>\r\n<br>\r\n<p class=\"Style78\" align=\"center\"><a href=\"http://www.greenzer.fr\"\r\ntarget=\"http://www.greenzer.fr\"><img\r\nsrc=\"http://www.greenzer.fr/sites/all/themes/greenzer2/images/logo.gif\"\r\nalt=\"greenzer\" height=\"50\" width=\"80\"></a></p>\r\n<p class=\"Style78\" align=\"center\">L’actualit&eacute; du <a\r\nhref=\"http://www.greenzer.fr/\" target=\"_blank\"\r\ntitle=\"Toute l\'actualit&eacute; des produits bio et du d&eacute;veloppement durable sur Greenzer!\">developpement\r\ndurable</a> sur Greenzer. </p>\r\n<p class=\"Style78\" align=\"center\">-----------------------</p>\r\n<div style=\"text-align: center;\">\r\n<br>\r\n</div>\r\n<div style=\"text-align: center;\" id=\"logo\"> <a\r\nhref=\"http://www.greenweez.com/\"><img\r\nstyle=\"width: 147px; height: 23px;\"\r\nalt=\"Produits Ecologiques Greenweez\"\r\nsrc=\"http://www.greenweez.com/img/logo/logo_greenweez.gif\" border=\"0\"></a><br>\r\n<a href=\"http://www.greenweez.com\" title=\"produits bio\">Greenweez.com,\r\nproduits bio</a><br>\r\n<br>\r\n-----------------------<br>\r\n<br>\r\n<a href=\"http://www.id-decos.com/fr/\"><img\r\nsrc=\"http://www.id-decos.com/src/header_logo.jpg\" alt=\"ID&amp;d&eacute;co\'s\"\r\nstyle=\"border: 2px solid ; width: 141px; height: 75px;\"></a><br>\r\n<a href=\"http://www.id-decos.com/fr/\">id&eacute;es d&eacute;coration\r\nint&eacute;rieure maison</a><br>\r\n<br>\r\n-----------------------<br>\r\n<br>\r\n<a href=\"http://www.location-cote-basque.com/\"><img\r\nalt=\"Location C&ocirc;te Basque\"\r\nsrc=\"http://arborethic.com/arborethic_boutique/img/location-pays-basque.jpg\"\r\nstyle=\"border: 0px solid ; width: 136px; height: 136px;\"></a><br>\r\n<a href=\"http://www.location-cote-basque.com/\">Locations\r\nsaisonni&egrave;res\r\nde particulier &agrave; particulier</a><br>\r\nC&ocirc;te Basque - Pays Basque - B&eacute;arn<small><small><small><br>\r\n<big><big><big>Location &eacute;tudiants et hors saison</big></big></big></small></small></small></div>\r\n<div style=\"text-align: center;\"><br>\r\n-----------------------<br>\r\n<a href=\"http://www.bebebougebio.com\"><img\r\nalt=\"http://www.bebebougebio.com/WebRoot/netissime/Shops/bsiwtvsd/4C1A/705C/3028/8111/925D/7F00/0001/C48E/logo_net_90.jpg\"\r\nsrc=\"http://www.bebebougebio.com/WebRoot/netissime/Shops/bsiwtvsd/4C1A/705C/3028/8111/925D/7F00/0001/C48E/logo_net_90.jpg\"\r\nstyle=\"border: 2px solid ; width: 113px; height: 113px;\"></a><br>\r\n</div>\r\n<div style=\"text-align: center;\"><span class=\"attribute-value\">La\r\nboutique en ligne B&eacute;b&eacute; bouge bio <br>\r\npropose des produits bio et naturels <br>\r\npour les mamans et b&eacute;b&eacute;s: <br>\r\ntout pour satisfaire leurs besoins <br>\r\npour un monde durable!<br>\r\n</span>-----------------------<br>\r\n<u><b><a href=\"http://www.matiere-active.com/boutique/index.php\"><img\r\nalt=\"Mati&egrave;re Active\"\r\nsrc=\"http://www.matiere-active.com/boutique/images/accueil/boutique-creatifs.gif\"\r\nstyle=\"border: 2px solid ; width: 183px; height: 74px;\"></a><br>\r\n<a href=\"http://www.matiere-active.com/boutique/index.php\">Boutique de\r\nloisirs cr&eacute;atifs</a></b></u> &agrave; Paris, <br>\r\n<span style=\"font-weight: bold;\">Mati&egrave;re active</span><br>\r\npropose une foule d\'ateliers cr&eacute;atifs <br>\r\net bon cadeau pour s\'initier &agrave; la\r\ncouture, <br>\r\nles bijoux ou les meubles en carton! <br>\r\nPour doigts agiles ou\r\nmains gauches, <br>\r\n&agrave; deux pas de Montmartre.<br>\r\n</div>\r\n</body>\r\n</html>\r\n\r\n'),
('1','Partners','<html>\r\n<head>\r\n<meta http-equiv=\"content-type\"\r\ncontent=\"text/html; charset=ISO-8859-1\">\r\n<title>Partenaires d\'Arbor\'Ethic</title>\r\n</head>\r\n<body>\r\n<div style=\"text-align: center;\">Devenez partenaires ou/et sponsor de\r\nla\r\nboutique. <br>\r\nVotre logo apparaitra ici.<br>\r\nPlus d\'infos, contactez J&eacute;r&ocirc;me Hutin.\r\n<br>\r\n<br>\r\n-----------------------<br>\r\n</div>\r\n<br>\r\n<p class=\"Style78\" align=\"center\"><a href=\"http://www.greenzer.fr\"\r\ntarget=\"http://www.greenzer.fr\"><img\r\nsrc=\"http://www.greenzer.fr/sites/all/themes/greenzer2/images/logo.gif\"\r\nalt=\"greenzer\" height=\"50\" width=\"80\"></a></p>\r\n<p class=\"Style78\" align=\"center\">L’actualit&eacute; du <a\r\nhref=\"http://www.greenzer.fr/\" target=\"_blank\"\r\ntitle=\"Toute l\'actualit&eacute; des produits bio et du d&eacute;veloppement durable sur Greenzer!\">developpement\r\ndurable</a> sur Greenzer. </p>\r\n<p class=\"Style78\" align=\"center\">-----------------------</p>\r\n<div style=\"text-align: center;\">\r\n<br>\r\n</div>\r\n<div style=\"text-align: center;\" id=\"logo\"> <a\r\nhref=\"http://www.greenweez.com/\"><img\r\nstyle=\"width: 147px; height: 23px;\"\r\nalt=\"Produits Ecologiques Greenweez\"\r\nsrc=\"http://www.greenweez.com/img/logo/logo_greenweez.gif\" border=\"0\"></a><br>\r\n<a href=\"http://www.greenweez.com\" title=\"produits bio\">Greenweez.com,\r\nproduits bio</a><br>\r\n<br>\r\n-----------------------<br>\r\n<br>\r\n<a href=\"http://www.id-decos.com/fr/\"><img\r\nsrc=\"http://www.id-decos.com/src/header_logo.jpg\" alt=\"ID&amp;d&eacute;co\'s\"\r\nstyle=\"border: 2px solid ; width: 141px; height: 75px;\"></a><br>\r\n<a href=\"http://www.id-decos.com/fr/\">id&eacute;es d&eacute;coration\r\nint&eacute;rieure maison</a><br>\r\n<br>\r\n-----------------------<br>\r\n<br>\r\n<a href=\"http://www.location-cote-basque.com/\"><img\r\nalt=\"Location C&ocirc;te Basque\"\r\nsrc=\"http://arborethic.com/arborethic_boutique/img/location-pays-basque.jpg\"\r\nstyle=\"border: 0px solid ; width: 136px; height: 136px;\"></a><br>\r\n<a href=\"http://www.location-cote-basque.com/\">Locations\r\nsaisonni&egrave;res\r\nde particulier &agrave; particulier</a><br>\r\nC&ocirc;te Basque - Pays Basque - B&eacute;arn<small><small><small><br>\r\n<big><big><big>Location &eacute;tudiants et hors saison</big></big></big></small></small></small></div>\r\n<div style=\"text-align: center;\"><br>\r\n-----------------------<br>\r\n<a href=\"http://www.bebebougebio.com\"><img\r\nalt=\"http://www.bebebougebio.com/WebRoot/netissime/Shops/bsiwtvsd/4C1A/705C/3028/8111/925D/7F00/0001/C48E/logo_net_90.jpg\"\r\nsrc=\"http://www.bebebougebio.com/WebRoot/netissime/Shops/bsiwtvsd/4C1A/705C/3028/8111/925D/7F00/0001/C48E/logo_net_90.jpg\"\r\nstyle=\"border: 2px solid ; width: 113px; height: 113px;\"></a><br>\r\n</div>\r\n<div style=\"text-align: center;\"><span class=\"attribute-value\">La\r\nboutique en ligne B&eacute;b&eacute; bouge bio <br>\r\npropose des produits bio et naturels <br>\r\npour les mamans et b&eacute;b&eacute;s: <br>\r\ntout pour satisfaire leurs besoins <br>\r\npour un monde durable!<br>\r\n</span>-----------------------<br>\r\n<u><b><a href=\"http://www.matiere-active.com/boutique/index.php\"><img\r\nalt=\"Mati&egrave;re Active\"\r\nsrc=\"http://www.matiere-active.com/boutique/images/accueil/boutique-creatifs.gif\"\r\nstyle=\"border: 2px solid ; width: 183px; height: 74px;\"></a><br>\r\n<a href=\"http://www.matiere-active.com/boutique/index.php\">Boutique de\r\nloisirs cr&eacute;atifs</a></b></u> &agrave; Paris, <br>\r\n<span style=\"font-weight: bold;\">Mati&egrave;re active</span><br>\r\npropose une foule d\'ateliers cr&eacute;atifs <br>\r\net bon cadeau pour s\'initier &agrave; la\r\ncouture, <br>\r\nles bijoux ou les meubles en carton! <br>\r\nPour doigts agiles ou\r\nmains gauches, <br>\r\n&agrave; deux pas de Montmartre.<br>\r\n</div>\r\n</body>\r\n</html>\r\n\r\n');
/* Scheme for table arbor_group */
CREATE TABLE `arbor_group` (
  `id_group` int(10) unsigned NOT NULL AUTO_INCREMENT,
  `reduction` decimal(17,2) NOT NULL DEFAULT '0.00',
  `price_display_method` tinyint(4) NOT NULL DEFAULT '0',
  `date_add` datetime NOT NULL,
  `date_upd` datetime NOT NULL,
  PRIMARY KEY (`id_group`)
) ENGINE=MyISAM AUTO_INCREMENT=5 DEFAULT CHARSET=utf8;

INSERT INTO `arbor_group` VALUES
('1','0.00','0','2009-10-07 23:10:59','2009-10-07 23:10:59'),
('3','0.00','0','2010-05-03 11:34:23','2010-05-03 11:36:33'),
('4','10.00','0','2010-05-03 11:35:17','2010-05-03 11:36:55');
/* Scheme for table arbor_group_lang */
CREATE TABLE `arbor_group_lang` (
  `id_group` int(10) unsigned NOT NULL,
  `id_lang` int(10) unsigned NOT NULL,
  `name` varchar(32) NOT NULL,
  UNIQUE KEY `attribute_lang_index` (`id_group`,`id_lang`)
) ENGINE=MyISAM DEFAULT CHARSET=utf8;

INSERT INTO `arbor_group_lang` VALUES
('1','1','Default'),
('1','2','Défaut'),
('1','3','Default'),
('1','4','Default'),
('1','6','Default'),
('1','7','Default'),
('1','8','Default'),
('1','9','Default'),
('1','10','Default'),
('1','11','Default'),
('1','12','Default'),
('1','13','Default'),
('1','14','Default'),
('1','15','Default'),
('1','16','Default'),
('1','17','Default'),
('1','18','Default'),
('1','19','Default'),
('1','20','Default'),
('1','21','Default'),
('3','1','Friends'),
('3','2','amis'),
('4','1','professional big comands'),
('4','2','professionnel grandes commandes');
/* Scheme for table arbor_guest */
CREATE TABLE `arbor_guest` (
  `id_guest` int(10) unsigned NOT NULL AUTO_INCREMENT,
  `id_operating_system` int(10) unsigned DEFAULT NULL,
  `id_web_browser` int(10) unsigned DEFAULT NULL,
  `id_customer` int(10) unsigned DEFAULT NULL,
  `javascript` tinyint(1) DEFAULT '0',
  `screen_resolution_x` smallint(5) unsigned DEFAULT NULL,
  `screen_resolution_y` smallint(5) unsigned DEFAULT NULL,
  `screen_color` tinyint(3) unsigned DEFAULT NULL,
  `sun_java` tinyint(1) DEFAULT NULL,
  `adobe_flash` tinyint(1) DEFAULT NULL,
  `adobe_director` tinyint(1) DEFAULT NULL,
  `apple_quicktime` tinyint(1) DEFAULT NULL,
  `real_player` tinyint(1) DEFAULT NULL,
  `windows_media` tinyint(1) DEFAULT NULL,
  `accept_language` varchar(8) DEFAULT NULL,
  PRIMARY KEY (`id_guest`),
  KEY `id_operating_system` (`id_operating_system`),
  KEY `id_web_browser` (`id_web_browser`)
) ENGINE=MyISAM AUTO_INCREMENT=69551 DEFAULT CHARSET=utf8;

INSERT INTO `arbor_guest` VALUES
('1','2','0','1','1','1280','800','24','1','1','1','1','0','0','fr'),
('2',NULL,NULL,'2','0',NULL,NULL,NULL,NULL,NULL,NULL,NULL,NULL,NULL,NULL),
('3',NULL,NULL,'3','0',NULL,NULL,NULL,NULL,NULL,NULL,NULL,NULL,NULL,NULL),
('4',NULL,NULL,'4','0',NULL,NULL,NULL,NULL,NULL,NULL,NULL,NULL,NULL,NULL),
('5','1','3','5','1','1024','768','32','1','1','0','1','0','0','fr'),
('6',NULL,NULL,'6','0',NULL,NULL,NULL,NULL,NULL,NULL,NULL,NULL,NULL,NULL),
('7',NULL,NULL,'7','0',NULL,NULL,NULL,NULL,NULL,NULL,NULL,NULL,NULL,NULL),
('8',NULL,NULL,'8','0',NULL,NULL,NULL,NULL,NULL,NULL,NULL,NULL,NULL,NULL),
('9','2','0','0','0','0','0','0','0','0','0','0','0','0','fr'),
('10','2','0','0','0','0','0','0','0','0','0','0','0','0','fr'),
('11','2','0','0','0','0','0','0','0','0','0','0','0','0','fr'),
('12',NULL,NULL,'1','0',NULL,NULL,NULL,NULL,NULL,NULL,NULL,NULL,NULL,NULL),
('13',NULL,NULL,'2','0',NULL,NULL,NULL,NULL,NULL,NULL,NULL,NULL,NULL,NULL),
('14',NULL,NULL,'3','0',NULL,NULL,NULL,NULL,NULL,NULL,NULL,NULL,NULL,NULL),
('15',NULL,NULL,'4','0',NULL,NULL,NULL,NULL,NULL,NULL,NULL,NULL,NULL,NULL),
('16',NULL,NULL,'5','0',NULL,NULL,NULL,NULL,NULL,NULL,NULL,NULL,NULL,NULL),
('17',NULL,NULL,'6','0',NULL,NULL,NULL,NULL,NULL,NULL,NULL,NULL,NULL,NULL),
('18',NULL,NULL,'7','0',NULL,NULL,NULL,NULL,NULL,NULL,NULL,NULL,NULL,NULL),
('19',NULL,NULL,'8','0',NULL,NULL,NULL,NULL,NULL,NULL,NULL,NULL,NULL,NULL),
('20',NULL,NULL,'1','0',NULL,NULL,NULL,NULL,NULL,NULL,NULL,NULL,NULL,NULL),
('21',NULL,NULL,'2','0',NULL,NULL,NULL,NULL,NULL,NULL,NULL,NULL,NULL,NULL),
('22',NULL,NULL,'3','0',NULL,NULL,NULL,NULL,NULL,NULL,NULL,NULL,NULL,NULL),
('23',NULL,NULL,'4','0',NULL,NULL,NULL,NULL,NULL,NULL,NULL,NULL,NULL,NULL),
('24',NULL,NULL,'5','0',NULL,NULL,NULL,NULL,NULL,NULL,NULL,NULL,NULL,NULL),
('25',NULL,NULL,'6','0',NULL,NULL,NULL,NULL,NULL,NULL,NULL,NULL,NULL,NULL),
('26',NULL,NULL,'7','0',NULL,NULL,NULL,NULL,NULL,NULL,NULL,NULL,NULL,NULL),
('27',NULL,NULL,'8','0',NULL,NULL,NULL,NULL,NULL,NULL,NULL,NULL,NULL,NULL),
('28',NULL,NULL,'10','0',NULL,NULL,NULL,NULL,NULL,NULL,NULL,NULL,NULL,NULL),
('29',NULL,NULL,'11','0',NULL,NULL,NULL,NULL,NULL,NULL,NULL,NULL,NULL,NULL),
('30',NULL,NULL,'12','0',NULL,NULL,NULL,NULL,NULL,NULL,NULL,NULL,NULL,NULL),
('31',NULL,NULL,'13','0',NULL,NULL,NULL,NULL,NULL,NULL,NULL,NULL,NULL,NULL),
('32',NULL,NULL,'14','0',NULL,NULL,NULL,NULL,NULL,NULL,NULL,NULL,NULL,NULL),
('33',NULL,NULL,'15','0',NULL,NULL,NULL,NULL,NULL,NULL,NULL,NULL,NULL,NULL),
('34',NULL,NULL,'16','0',NULL,NULL,NULL,NULL,NULL,NULL,NULL,NULL,NULL,NULL),
('35',NULL,NULL,'17','0',NULL,NULL,NULL,NULL,NULL,NULL,NULL,NULL,NULL,NULL),
('36',NULL,NULL,'18','0',NULL,NULL,NULL,NULL,NULL,NULL,NULL,NULL,NULL,NULL),
('37','1','6','19','1','800','600','32','1','1','1','0','0','1','fr'),
('38',NULL,NULL,'20','0',NULL,NULL,NULL,NULL,NULL,NULL,NULL,NULL,NULL,NULL),
('40','1','6','0','1','800','600','16','0','0','0','0','0','1','en-us'),
('41','3','3','0','1','1680','1050','24','1','1','0','1','0','0','en-us'),
('42','1','6','0','1','800','600','16','0','0','0','0','0','1','en-us'),
('43','1','6','0','1','800','600','16','0','0','0','0','0','1','en-us'),
('44','2','6','0','1','1280','800','32','1','1','0','0','0','1','fr'),
('45','1','3','0','1','1280','1024','32','1','1','0','1','0','0','ny'),
('46','1','0','0','0','0','0','0','0','0','0','0','0','0','en'),
('47','2','3','0','1','1280','800','24','0','1','1','0','0','0','fr'),
('48','3','1','0','1','1680','1050','24','1','1','0','1','0','0','fr-fr'),
('49','1','6','0','1','1280','960','32','1','1','0','1','0','1','fr'),
('50','4','2','0','0','0','0','0','0','0','0','0','0','0','en-us'),
('51','1','6','0','1','1024','768','32','1','1','1','1','0','1','fr-be'),
('52','1','5','0','0','0','0','0','0','0','0','0','0','0','en-us'),
('53','1','8','0','1','1280','1024','32','1','1','0','0','0','1','fr'),
('115','1','6','0','1','1024','768','32','0','1','1','0','0','1','fr'),
('55','2','3','0','0','0','0','0','0','0','0','0','0','0','fr'),
('56','2','7','0','0','0','0','0','0','0','0','0','0','0','fr'),
('57','3','1','0','1','1920','1080','24','1','1','0','1','0','0','fr-fr'),
('58','1','7','0','1','1440','900','32','1','1','0','1','0','1','fr'),
('59','3','1','0','1','1440','900','24','1','1','0','1','0','0','fr-fr'),
('61','0','7','0','0','0','0','0','0','0','0','0','0','0',NULL),
('62','2','6','0','1','1440','900','32','0','1','1','0','0','1','fr'),
('63','2','6','0','0','0','0','0','0','0','0','0','0','0','fr'),
('64','2','6','0','0','0','0','0','0','0','0','0','0','0','fr'),
('65','2','6','0','1','1280','800','32','0','1','1','1','0','1','fr'),
('66','1','0','0','0','0','0','0','0','0','0','0','0','0','en'),
('67','1','6','0','1','1440','900','32','0','1','1','1','0','1','fr'),
('68','1','5','0','0','0','0','0','0','0','0','0','0','0','fr'),
('69','2','7','0','1','1440','900','32','1','1','0','0','0','1','fr'),
('70','1','0','0','0','0','0','0','0','0','0','0','0','0','en'),
('71','1','5','0','0','0','0','0','0','0','0','0','0','0','fr-ca'),
('72','1','5','0','0','0','0','0','0','0','0','0','0','0','fr-ca'),
('73','1','0','0','0','0','0','0','0','0','0','0','0','0','en'),
('74','1','6','0','1','1024','768','32','1','1','1','1','0','1','fr'),
('75','1','6','0','1','1024','768','32','0','1','0','1','0','1','fr'),
('76','1','7','0','1','1440','900','32','0','1','0','0','0','1','fr'),
('77','2','6','0','1','1440','900','32','0','1','0','0','0','1','fr'),
('78','2','7','0','1','1920','1080','32','0','1','0','1','0','1','fr'),
('79','1','5','0','0','0','0','0','0','0','0','0','0','0','en-us'),
('80','1','7','0','0','0','0','0','0','0','0','0','0','0','fr'),
('81','1','7','0','1','1280','1024','32','1','1','0','0','0','1','fr'),
('82','1','8','0','1','1024','768','32','0','1','1','0','0','1','fr'),
('83','1','3','0','1','1024','768','32','1','1','1','0','0','0','fr'),
('84','1','3','0','1','1280','1024','32','1','1','0','1','0','0','fr'),
('85','2','6','0','0','0','0','0','0','0','0','0','0','0','fr'),
('86','1','5','0','0','0','0','0','0','0','0','0','0','0','fr'),
('87','1','5','0','1','1024','768','32','0','1','1','0','0','1','fr'),
('88','1','3','0','1','1280','800','32','1','1','0','0','0','0','fr'),
('89','2','7','0','0','0','0','0','0','0','0','0','0','0','fr'),
('90','2','6','0','0','0','0','0','0','0','0','0','0','0','fr'),
('91','1','6','0','1','1024','768','32','0','1','0','1','0','1','fr'),
('92','1','0','0','0','0','0','0','0','0','0','0','0','0','en'),
('93','2','7','0','0','0','0','0','0','0','0','0','0','0','fr'),
('94','2','7','0','0','0','0','0','0','0','0','0','0','0','fr'),
('95','1','5','0','0','0','0','0','0','0','0','0','0','0','en-us'),
('96','2','7','0','1','1382','864','32','1','1','0','0','0','1','fr'),
('97','1','6','0','0','0','0','0','0','0','0','0','0','0','fr'),
('98','1','6','0','1','1280','960','32','1','1','1','1','0','1','fr'),
('99','2','7','0','1','1024','768','32','0','1','0','1','0','1','en-gb'),
('100','3','1','0','1','1440','900','24','1','1','0','1','0','0','fr-fr'),
('101','1','6','0','0','0','0','0','0','0','0','0','0','0','fr'),
('102','1','7','0','1','1360','768','32','0','1','0','0','0','1','zh-cn'),
('103','1','7','0','0','0','0','0','0','0','0','0','0','0','zh-cn'),
('104','4','3','0','0','0','0','0','0','0','0','0','0','0',NULL),
('105','4','3','0','0','0','0','0','0','0','0','0','0','0',NULL),
('106','4','3','0','0','0','0','0','0','0','0','0','0','0',NULL),
('107','4','3','0','0','0','0','0','0','0','0','0','0','0',NULL),
('108','4','3','0','0','0','0','0','0','0','0','0','0','0',NULL),
('109','4','3','0','0','0','0','0','0','0','0','0','0','0',NULL),
('110','4','3','0','0','0','0','0','0','0','0','0','0','0',NULL),
('111','4','3','0','0','0','0','0','0','0','0','0','0','0',NULL),
('112','4','3','0','0','0','0','0','0','0','0','0','0','0',NULL),
('113','1','0','0','0','0','0','0','0','0','0','0','0','0','en'),
('114','1','5','0','0','0','0','0','0','0','0','0','0','0','en-us'),
('116','2','7','0','1','1280','1024','32','0','1','0','0','0','1','fr'),
('117','3','1','0','1','1280','800','24','1','1','0','1','0','0','fr-fr'),
('118','1','5','0','0','0','0','0','0','0','0','0','0','0','fr'),
('119','1','5','0','0','0','0','0','0','0','0','0','0','0','fr'),
('120','1','5','0','0','0','0','0','0','0','0','0','0','0','fr'),
('121','1','5','0','0','0','0','0','0','0','0','0','0','0','en-us'),
('122','1','7','0','0','0','0','0','0','0','0','0','0','0','fr'),
('123','1','6','0','1','1280','1024','32','1','1','1','1','0','1','fr'),
('124','1','3','0','1','1024','768','32','1','1','0','0','0','0','fr'),
('125','0','5','0','0','0','0','0','0','0','0','0','0','0','fr'),
('126','1','5','0','0','0','0','0','0','0','0','0','0','0','fr'),
('127','1','3','0','1','1280','1024','32','1','1','0','0','0','1','fr'),
('128','1','6','0','1','1152','864','32','1','1','1','1','0','1','fr'),
('129','1','5','0','0','0','0','0','0','0','0','0','0','0','fr'),
('130','2','6','0','0','0','0','0','0','0','0','0','0','0','fr'),
('131','2','7','0','0','0','0','0','0','0','0','0','0','0','fr'),
('132','1','6','0','1','1600','1200','32','1','1','1','1','0','1','fr'),
('133','1','6','0','0','0','0','0','0','0','0','0','0','0','fr'),
('134','1','3','0','1','1680','1050','32','1','1','0','1','0','0','fr'),
('135','1','3','0','1','1440','900','32','1','1','1','1','0','0','en-gb'),
('136','2','3','0','1','1440','900','32','1','1','1','0','0','1','fr'),
('137','3','3','0','0','0','0','0','0','0','0','0','0','0','fr'),
('138','1','7','0','1','1024','768','32','1','1','1','1','0','1','fr'),
('139','1','3','0','1','1440','900','32','1','1','1','0','0','1','fr'),
('140','1','7','0','1','1280','960','32','1','1','0','1','0','1','fr'),
('141','1','5','0','0','0','0','0','0','0','0','0','0','0','fr'),
('142','2','6','0','0','0','0','0','0','0','0','0','0','0','fr-ca'),
('143','1','6','0','0','0','0','0','0','0','0','0','0','0','en'),
('144','1','5','0','0','0','0','0','0','0','0','0','0','0','fr'),
('145','1','5','0','0','0','0','0','0','0','0','0','0','0','en-us'),
('146','1','5','0','0','0','0','0','0','0','0','0','0','0','en-us'),
('147','1','3','0','0','0','0','0','0','0','0','0','0','0','en-us'),
('166','2','6','0','1','1344','840','32','0','1','0','1','0','1','fr'),
('150','1','5','0','1','1024','768','32','0','1','0','0','0','1','fr'),
('151','1','3','0','1','1280','1024','32','1','1','1','0','0','0','fr'),
('152','2','3','0','1','1280','1024','24','1','1','1','1','0','1','fr-fr'),
('153','1','7','0','1','1024','768','32','1','1','1','1','0','1','fr'),
('154','1','0','0','1','1024','768','32','1','1','0','0','0','0','es-ar'),
('155','1','6','0','1','1280','1024','32','0','1','0','1','0','1','fr'),
('156','1','6','0','1','800','600','16','0','0','0','0','0','1','en-us'),
('157','1','8','0','1','1280','1024','32','1','1','0','0','0','1','fr'),
('158','3','1','0','1','1680','1050','24','1','1','0','1','0','0','fr-fr'),
('159','1','6','0','1','800','600','16','0','0','0','0','0','1','en-us'),
('160','1','6','0','1','800','600','16','0','0','0','0','0','1','en-us'),
('161','0','5','0','0','0','0','0','0','0','0','0','0','0',NULL),
('162','1','7','0','1','1440','900','32','1','1','0','1','0','1','fr'),
('165','1','5','0','1','1280','1024','32','1','1','0','1','0','1','fr'),
('167','2','7','0','1','1024','819','32','0','1','0','0','0','1','fr'),
('168','2','7','0','0','0','0','0','0','0','0','0','0','0','fr'),
('169','1','6','0','0','0','0','0','0','0','0','0','0','0','fr'),
('170','1','6','0','0','0','0','0','0','0','0','0','0','0','fr'),
('171','1','6','0','1','1280','1024','32','1','1','1','0','0','1','en-us'),
('172','2','0','21','1','1280','800','32','1','1','1','1','0','0','fr'),
('173','1','6','0','0','0','0','0','0','0','0','0','0','0','en-us'),
('174','1','0','0','0','0','0','0','0','0','0','0','0','0','en'),
('175','2','6','0','1','1366','768','32','1','1','1','1','0','1','fr'),
('176','3','1','0','1','1440','900','24','0','1','0','1','0','0','fr'),
('177','2','6','0','1','1280','800','32','0','1','0','0','0','1','fr'),
('178','2','3','0','1','1440','900','32','0','1','0','1','0','0','fr'),
('179','2','6','0','1','1280','800','32','0','1','0','0','0','1','fr'),
('180','2','6','0','1','1280','800','32','1','1','0','1','0','1','fr'),
('181','2','6','0','0','0','0','0','0','0','0','0','0','0','fr-be'),
('182','2','6','0','1','1440','900','32','1','1','1','1','0','1','en-ca'),
('183','1','5','0','0','0','0','0','0','0','0','0','0','0','en-us'),
('184','1','5','0','0','0','0','0','0','0','0','0','0','0','en-us'),
('185','1','0','0','0','0','0','0','0','0','0','0','0','0','en'),
('186','1','0','0','0','0','0','0','0','0','0','0','0','0','en'),
('187','1','5','0','0','0','0','0','0','0','0','0','0','0','en-us'),
('188','1','7','0','1','1024','768','32','1','1','1','1','0','1','fr'),
('189','3','1','0','1','1440','900','24','1','1','0','1','0','0','fr-fr'),
('190','3','1','0','1','1680','1050','24','1','1','1','1','0','0','fr-fr'),
('191','3','1','0','0','0','0','0','0','0','0','0','0','0','fr-fr'),
('192','3','1','0','0','0','0','0','0','0','0','0','0','0','fr-fr'),
('193','1','5','0','0','0','0','0','0','0','0','0','0','0','fr'),
('194','3','1','0','1','1680','1050','24','1','1','0','1','0','0','fr-fr'),
('195','1','0','0','0','0','0','0','0','0','0','0','0','0','en'),
('196','1','6','0','1','800','600','16','0','0','0','1','0','1','en-us'),
('197','4','3','0','1','1280','1024','24','1','1','0','0','0','0','fr'),
('198','2','7','0','0','0','0','0','0','0','0','0','0','0','fr'),
('199','1','5','0','0','0','0','0','0','0','0','0','0','0','fr'),
('200','1','5','0','0','0','0','0','0','0','0','0','0','0','fr'),
('201','1','7','0','1','1365','800','32','1','1','0','0','0','1','en-us'),
('202','2','7','0','1','1441','810','32','1','1','1','0','0','1','fr'),
('203','1','3','0','0','0','0','0','0','0','0','0','0','0','fr'),
('204','1','5','0','1','1024','768','32','1','1','0','1','0','1','en-us'),
('205','1','6','0','1','800','600','16','0','0','0','1','0','1','en-us'),
('206','1','5','0','1','1280','1024','32','1','1','0','0','0','1','fr'),
('207','1','6','0','0','0','0','0','0','0','0','0','0','0','en');
INSERT INTO `arbor_guest` VALUES
('208','1','5','0','0','0','0','0','0','0','0','0','0','0','fr'),
('209','1','5','0','0','0','0','0','0','0','0','0','0','0','fr'),
('210','1','6','0','1','800','600','16','0','0','0','1','0','1','en-us'),
('211','1','6','0','1','800','600','16','0','0','0','1','0','1','en-us'),
('212','1','6','0','0','0','0','0','0','0','0','0','0','0','fr'),
('213','1','7','0','0','0','0','0','0','0','0','0','0','0','fr'),
('214','1','6','0','0','0','0','0','0','0','0','0','0','0','fr'),
('215','1','7','0','0','0','0','0','0','0','0','0','0','0','fr'),
('216','2','6','0','0','0','0','0','0','0','0','0','0','0','fr'),
('217','2','6','0','0','0','0','0','0','0','0','0','0','0','fr'),
('218','2','7','0','1','1280','768','32','1','1','0','0','0','1','fr'),
('219','1','6','0','0','0','0','0','0','0','0','0','0','0','fr'),
('220','1','6','0','0','0','0','0','0','0','0','0','0','0','fr'),
('221','1','6','0','0','0','0','0','0','0','0','0','0','0','fr'),
('222','1','3','0','0','0','0','0','0','0','0','0','0','0','fr'),
('223','1','3','0','0','0','0','0','0','0','0','0','0','0','fr'),
('224','1','7','0','1','1024','768','32','0','1','1','0','0','1','fr'),
('225','2','6','0','0','0','0','0','0','0','0','0','0','0','fr'),
('226','3','1','0','0','0','0','0','0','0','0','0','0','0','fr-fr'),
('227','3','1','0','0','0','0','0','0','0','0','0','0','0','fr-fr'),
('228','3','1','0','0','0','0','0','0','0','0','0','0','0','fr-fr'),
('229','3','1','0','1','1440','900','24','1','1','0','1','0','0','fr-fr'),
('230','1','5','0','0','0','0','0','0','0','0','0','0','0','en-us'),
('231','1','5','0','0','0','0','0','0','0','0','0','0','0','en-us'),
('232','2','7','0','1','1024','768','32','1','1','0','0','0','1','fr'),
('233','1','7','0','1','1024','768','32','1','1','0','1','0','1','fr'),
('234','1','6','0','0','0','0','0','0','0','0','0','0','0','fr-fr'),
('235','1','5','0','0','0','0','0','0','0','0','0','0','0','fr'),
('236','1','5','0','1','1152','864','32','1','1','1','0','0','1','fr'),
('237','3','1','0','1','1920','1080','24','1','1','0','1','0','0','fr-fr'),
('238','1','3','0','0','0','0','0','0','0','0','0','0','0','fr'),
('239','1','3','0','1','1280','1024','32','1','1','0','0','0','0','fr'),
('240','1','7','0','0','0','0','0','0','0','0','0','0','0','fr'),
('241','1','7','0','0','0','0','0','0','0','0','0','0','0','fr'),
('242','1','6','0','1','1024','768','32','1','1','0','1','0','1','fr'),
('243','1','5','0','0','0','0','0','0','0','0','0','0','0','en-us'),
('244','1','6','0','0','0','0','0','0','0','0','0','0','0','fr-ch'),
('245','2','3','0','1','1440','900','32','0','1','0','1','0','1','fr'),
('246','1','6','0','1','1024','768','32','0','1','0','0','0','1','fr'),
('247','1','2','0','1','1024','768','16','1','1','0','0','0','0','fr'),
('248','1','3','0','1','1680','1050','32','1','1','1','1','0','1','fr'),
('249','1','6','0','0','0','0','0','0','0','0','0','0','0','fr-ca'),
('250','1','3','0','1','1024','768','32','1','1','0','1','0','0','fr'),
('251','1','5','0','0','0','0','0','0','0','0','0','0','0','en-us'),
('252','2','6','0','0','0','0','0','0','0','0','0','0','0','fr'),
('253','1','0','0','0','0','0','0','0','0','0','0','0','0','en'),
('254','2','7','0','1','1440','900','32','1','1','0','0','0','1','fr'),
('255','2','3','0','0','0','0','0','0','0','0','0','0','0','fr'),
('256','1','3','0','1','1440','900','32','1','1','0','1','0','0','fr'),
('257','1','3','0','1','1024','768','32','1','1','0','1','0','0','fr'),
('258','3','3','0','0','0','0','0','0','0','0','0','0','0','fr'),
('259','3','3','0','0','0','0','0','0','0','0','0','0','0','fr'),
('260','1','7','0','0','0','0','0','0','0','0','0','0','0','fr'),
('261','1','6','0','1','1280','1024','32','1','1','0','1','0','1','fr'),
('262','1','6','0','1','1280','1024','32','1','1','0','1','0','1','fr'),
('263','1','5','0','0','0','0','0','0','0','0','0','0','0','fr'),
('264','3','1','0','1','1280','800','24','1','1','1','1','0','0','fr-fr'),
('265','2','7','0','1','1920','1080','32','0','1','0','0','0','1','fr'),
('266','2','7','0','0','0','0','0','0','0','0','0','0','0','fr'),
('267','2','7','0','0','0','0','0','0','0','0','0','0','0','fr'),
('268','3','1','0','1','1280','800','24','1','1','0','1','0','0','fr-fr'),
('269','3','1','0','1','1680','1050','24','0','1','0','1','0','0','fr'),
('270','1','7','0','0','0','0','0','0','0','0','0','0','0','fr'),
('271','1','7','0','0','0','0','0','0','0','0','0','0','0','fr'),
('272','1','0','0','0','0','0','0','0','0','0','0','0','0','en'),
('273','2','8','0','0','0','0','0','0','0','0','0','0','0','fr'),
('274','1','5','0','0','0','0','0','0','0','0','0','0','0','en-us'),
('275','1','5','0','1','800','600','16','0','1','0','1','0','1','en-us'),
('276','1','5','0','0','0','0','0','0','0','0','0','0','0','en-us'),
('277','1','5','0','0','0','0','0','0','0','0','0','0','0','en-us'),
('278','1','5','0','0','0','0','0','0','0','0','0','0','0','en-us'),
('279','3','1','0','1','1440','900','24','0','1','0','1','0','0','de-de'),
('280','1','5','0','0','0','0','0','0','0','0','0','0','0','fr'),
('281','1','6','0','0','0','0','0','0','0','0','0','0','0','en'),
('282','3','1','0','1','1680','1050','24','1','1','1','1','0','0','fr-fr'),
('283','1','6','0','1','1024','768','32','0','1','1','0','0','1','fr'),
('284','2','3','0','1','1280','1024','32','1','1','0','0','0','0','fr'),
('285','1','7','0','1','1024','768','32','1','1','0','1','0','1','es'),
('286','3','3','0','0','0','0','0','0','0','0','0','0','0','fr'),
('287','2','7','0','1','1024','768','32','1','1','0','1','0','1','fr'),
('288','2','7','0','1','1680','1050','32','1','1','0','1','0','1','fr'),
('289','3','1','0','1','1280','800','24','1','1','0','1','0','0','fr-fr'),
('290','1','5','0','1','1024','768','32','1','1','1','1','0','1','fr'),
('291','1','3','0','0','0','0','0','0','0','0','0','0','0','fr'),
('292','1','3','0','0','0','0','0','0','0','0','0','0','0','fr'),
('293','3','1','0','1','1280','800','24','1','1','0','1','0','0','fr-fr'),
('294','1','5','0','0','0','0','0','0','0','0','0','0','0','en-us'),
('295','2','3','0','1','1024','768','32','0','1','0','1','0','0','fr'),
('296','1','6','0','1','800','600','16','0','0','0','0','0','1','en-us'),
('297','1','3','0','1','1024','768','32','1','1','0','1','0','0','fr'),
('298','1','3','0','1','1280','800','32','0','1','0','0','0','1','fr'),
('299','2','7','0','1','1311','737','32','1','1','0','1','0','1','fr'),
('300','2','6','0','0','0','0','0','0','0','0','0','0','0','fr'),
('301','1','3','0','1','1440','900','32','1','1','0','1','0','1','fr'),
('302','1','3','0','1','1440','900','32','1','1','0','1','0','1','fr'),
('303','2','7','0','1','1920','1200','32','0','1','0','1','0','1','en-us'),
('304','1','7','0','1','1680','1050','32','0','1','0','0','0','1','fr-be'),
('305','1','5','0','0','0','0','0','0','0','0','0','0','0','en-us'),
('306','1','5','0','0','0','0','0','0','0','0','0','0','0','en-us'),
('307','1','5','0','0','0','0','0','0','0','0','0','0','0','en-us'),
('308','2','7','0','1','1152','864','32','1','1','1','0','0','1','fr'),
('309','0','1','0','0','0','0','0','0','0','0','0','0','0',NULL),
('310','0','1','0','0','0','0','0','0','0','0','0','0','0',NULL),
('311','0','1','0','0','0','0','0','0','0','0','0','0','0',NULL),
('312','0','1','0','0','0','0','0','0','0','0','0','0','0',NULL),
('313','0','1','0','0','0','0','0','0','0','0','0','0','0',NULL),
('314','1','3','0','1','1024','768','32','1','1','1','1','0','1','fr'),
('315','1','5','0','0','0','0','0','0','0','0','0','0','0','en-us'),
('316','3','3','0','1','1024','768','24','1','1','0','1','0','0','fr'),
('317','2','7','0','1','1280','800','32','1','1','0','1','0','1','fr'),
('318','1','3','0','1','1280','1024','16','1','1','1','1','0','0','fr'),
('319','1','5','0','0','0','0','0','0','0','0','0','0','0','en-us'),
('320','1','5','0','0','0','0','0','0','0','0','0','0','0','en-us'),
('321','1','7','0','0','0','0','0','0','0','0','0','0','0','fr-ca'),
('322','1','7','0','0','0','0','0','0','0','0','0','0','0','fr-ca'),
('324','3','1','0','1','1440','900','24','0','1','1','1','0','0','fr'),
('325','1','3','0','1','1024','768','32','1','1','0','1','0','0','fr'),
('326','1','0','0','0','0','0','0','0','0','0','0','0','0','en'),
('327','1','3','0','0','0','0','0','0','0','0','0','0','0','fr'),
('328','1','5','0','0','0','0','0','0','0','0','0','0','0','en-us'),
('329','1','3','0','1','1024','768','32','1','1','1','0','0','0','fr'),
('330','3','1','0','1','1920','1200','24','1','1','0','1','0','0','fr-fr'),
('331','3','1','0','1','1600','1200','24','1','1','0','1','0','0','fr-fr'),
('332','3','1','0','1','1600','1200','24','1','1','0','1','0','0','fr-fr'),
('333','1','0','0','0','0','0','0','0','0','0','0','0','0','en'),
('334','1','5','0','0','0','0','0','0','0','0','0','0','0',NULL),
('335','1','5','0','0','0','0','0','0','0','0','0','0','0',NULL),
('336','2','3','0','1','1680','1050','16','1','1','0','1','0','1','fr'),
('337','1','5','0','0','0','0','0','0','0','0','0','0','0','en-us'),
('338','1','5','0','0','0','0','0','0','0','0','0','0','0','en-us'),
('339','1','5','0','0','0','0','0','0','0','0','0','0','0','en-us'),
('340','1','5','0','0','0','0','0','0','0','0','0','0','0','en-us'),
('341','1','5','0','0','0','0','0','0','0','0','0','0','0','en-us'),
('342','1','5','0','0','0','0','0','0','0','0','0','0','0','en-us'),
('343','1','6','0','0','0','0','0','0','0','0','0','0','0','fr'),
('344','1','6','0','1','1024','768','32','1','1','0','1','0','1','fr'),
('345','2','0','0','1','1366','768','32','1','1','0','0','0','0','fr'),
('346','1','3','0','1','1024','768','32','1','1','1','1','0','1','fr'),
('347','1','3','0','1','1024','768','32','1','1','1','0','0','0','fr'),
('348','1','3','0','0','0','0','0','0','0','0','0','0','0','fr'),
('349','3','1','0','0','0','0','0','0','0','0','0','0','0','fr-fr'),
('350','3','1','0','1','1920','1200','24','1','1','0','1','0','0','fr-fr'),
('351','2','3','0','1','1280','800','32','1','0','0','0','0','0','fr'),
('352','1','0','0','0','0','0','0','0','0','0','0','0','0','en'),
('353','1','6','0','1','1280','1024','32','1','1','1','1','0','1','fr'),
('354','1','7','0','0','0','0','0','0','0','0','0','0','0','fr'),
('355','1','5','0','0','0','0','0','0','0','0','0','0','0','en-us'),
('356','1','5','0','0','0','0','0','0','0','0','0','0','0','en-us'),
('357','1','3','0','1','1280','1024','32','1','1','0','0','0','0','fr'),
('358','1','5','0','0','0','0','0','0','0','0','0','0','0','en-us'),
('359','1','5','0','0','0','0','0','0','0','0','0','0','0','en-us'),
('360','1','5','0','0','0','0','0','0','0','0','0','0','0','en-us'),
('361','2','3','0','1','1366','768','32','1','1','1','0','0','1','fr'),
('362','1','5','0','0','0','0','0','0','0','0','0','0','0','en-us'),
('363','1','5','0','0','0','0','0','0','0','0','0','0','0','en-us'),
('364','2','3','0','1','1024','768','32','1','1','0','0','0','0','fr'),
('365','1','6','0','1','800','600','16','0','0','0','1','0','1','en-us'),
('366','1','6','0','1','800','600','16','0','0','0','1','0','1','en-us'),
('367','1','7','0','1','1440','900','16','1','1','0','1','0','1','fr'),
('368','1','6','0','1','800','600','16','0','0','0','1','0','1','en-us'),
('369','1','0','0','0','0','0','0','0','0','0','0','0','0','en'),
('370','1','7','0','1','1280','800','32','1','1','0','0','0','1','fr'),
('371','2','7','0','1','1344','840','32','0','1','0','0','0','1','fr'),
('372','1','6','0','1','1680','1050','32','0','1','0','1','0','1','fr'),
('373','1','0','0','0','0','0','0','0','0','0','0','0','0','en'),
('374','1','7','0','0','0','0','0','0','0','0','0','0','0','fr'),
('375','1','7','0','1','694','434','32','0','1','0','0','0','1','fr'),
('376','1','3','0','1','1024','768','32','1','1','0','0','0','0','fr'),
('377','3','1','0','1','1280','800','24','1','1','0','1','0','0','fr-fr'),
('378','1','6','0','1','1024','768','32','0','1','1','1','0','1','fr'),
('379','1','5','0','0','0','0','0','0','0','0','0','0','0',NULL),
('380','2','7','0','1','1280','1024','32','0','1','0','1','0','1','fr'),
('381','2','3','0','1','1920','1080','24','1','1','1','1','0','1','fr'),
('382','1','3','0','0','0','0','0','0','0','0','0','0','0','fr'),
('383','2','6','0','0','0','0','0','0','0','0','0','0','0','fr'),
('384','2','6','0','0','0','0','0','0','0','0','0','0','0','fr'),
('385','1','3','0','1','1024','768','32','1','1','1','1','0','1','fr'),
('386','2','3','0','1','1280','768','32','1','1','1','1','0','1','fr'),
('387','1','2','0','1','1280','800','32','1','1','0','1','0','1','fr'),
('388','1','6','0','1','1280','800','32','1','1','0','1','0','1','fr'),
('389','2','7','0','1','1600','900','32','1','1','0','0','0','1','fr'),
('390','1','3','0','1','1024','768','32','1','1','0','1','0','0','fr'),
('391','1','0','0','0','0','0','0','0','0','0','0','0','0','en'),
('392','1','5','0','1','1024','768','32','1','1','0','0','0','1','fr'),
('393','1','5','0','0','0','0','0','0','0','0','0','0','0','en-us'),
('394','1','6','0','1','1280','1024','16','0','1','0','0','0','1','fr'),
('395','1','0','0','0','0','0','0','0','0','0','0','0','0','en'),
('396','2','3','0','1','1366','768','32','1','1','0','0','0','0','fr'),
('397','1','8','0','1','1440','900','32','0','1','0','1','0','1','fr'),
('398','1','6','0','0','0','0','0','0','0','0','0','0','0','fr'),
('399','3','1','0','1','1440','900','24','1','1','0','1','0','0','fr-fr'),
('400','3','1','0','1','1920','1200','24','1','1','0','1','0','0','fr-fr'),
('401','1','7','0','1','1680','1050','32','0','1','1','1','0','1','fr'),
('402','2','7','0','0','0','0','0','0','0','0','0','0','0','fr'),
('403','1','5','0','0','0','0','0','0','0','0','0','0','0','en-us'),
('404','3','1','0','1','1440','900','24','1','1','0','1','0','0','fr-fr'),
('405','2','6','0','0','0','0','0','0','0','0','0','0','0','fr-ca'),
('406','1','6','0','0','0','0','0','0','0','0','0','0','0','fr'),
('407','1','3','0','1','1280','1024','24','0','1','0','0','0','0','fr'),
('408','2','3','0','0','0','0','0','0','0','0','0','0','0','fr');
INSERT INTO `arbor_guest` VALUES
('409','1','5','0','0','0','0','0','0','0','0','0','0','0','en-us'),
('410','1','5','0','0','0','0','0','0','0','0','0','0','0','en-us'),
('411','1','6','0','0','0','0','0','0','0','0','0','0','0','fr-ca'),
('412','1','5','0','1','800','600','16','0','1','0','1','0','1','en-us'),
('413','1','5','0','0','0','0','0','0','0','0','0','0','0','en-us'),
('414','1','5','0','0','0','0','0','0','0','0','0','0','0','en-us'),
('415','1','0','0','0','0','0','0','0','0','0','0','0','0','en'),
('416','1','0','0','0','0','0','0','0','0','0','0','0','0','en'),
('417','1','8','0','1','1280','1024','32','0','1','0','0','0','1','fr'),
('418','1','7','0','1','1280','1024','32','1','1','0','1','0','1','fr'),
('419','2','7','0','1','1280','800','32','1','1','0','1','0','1','fr'),
('420','2','7','0','1','1600','900','32','1','1','1','1','0','1','fr'),
('421','1','6','0','1','800','600','32','1','1','0','0','0','1','fr-be'),
('422','3','1','0','1','1280','800','24','1','1','0','1','0','0','fr-fr'),
('423','1','5','0','0','0','0','0','0','0','0','0','0','0','fr'),
('424','1','5','0','0','0','0','0','0','0','0','0','0','0','en-us'),
('425','1','5','0','0','0','0','0','0','0','0','0','0','0','en-us'),
('426','1','5','0','0','0','0','0','0','0','0','0','0','0','en-us'),
('427','1','3','0','1','1280','1024','24','0','1','0','0','0','0','fr'),
('428','1','3','0','1','1024','768','32','1','1','0','0','0','0','fr'),
('429','1','3','0','1','1024','768','32','0','1','0','0','0','0','fr'),
('430','1','8','0','1','1280','1024','32','0','1','0','0','0','1','fr'),
('431','1','7','0','1','1280','800','32','1','1','0','1','0','1','fr'),
('432','1','6','0','0','0','0','0','0','0','0','0','0','0','fr'),
('433','1','3','0','1','1024','768','32','1','1','0','1','0','1','fr'),
('434','1','6','0','1','800','600','16','0','0','0','0','0','1','en-us'),
('435','1','3','0','1','1280','800','32','1','1','0','1','0','0','fr'),
('436','3','3','0','1','1440','900','24','1','1','1','1','0','0','fr'),
('437','1','3','0','1','1280','1024','32','1','1','1','1','0','1','fr'),
('438','1','6','0','1','800','600','16','0','0','0','0','0','1','en-us'),
('439','1','6','0','1','800','600','16','0','0','0','0','0','1','en-us'),
('440','1','6','0','1','1024','768','32','0','1','0','1','0','1','fr'),
('441','1','6','0','1','800','600','16','0','0','0','0','0','1','en-us'),
('442','1','6','0','1','800','600','16','0','0','0','0','0','1','en-us'),
('443','1','5','0','0','0','0','0','0','0','0','0','0','0','fr-be'),
('444','1','6','0','1','800','600','16','0','0','0','0','0','1','en-us'),
('445','1','6','0','1','800','600','16','0','0','0','0','0','1','en-us'),
('446','3','3','0','1','1920','1200','24','1','1','0','1','0','0','fr'),
('447','1','7','0','0','0','0','0','0','0','0','0','0','0','fr'),
('448','1','7','0','0','0','0','0','0','0','0','0','0','0','fr'),
('449','2','0','0','1','1280','800','32','1','1','1','1','0','0','fr'),
('450','1','5','0','1','1280','1024','32','1','1','1','1','0','1','fr'),
('451','3','1','0','1','1440','900','24','1','1','0','1','0','0','fr-fr'),
('452','1','6','0','0','0','0','0','0','0','0','0','0','0','fr'),
('453','1','6','0','0','0','0','0','0','0','0','0','0','0','fr'),
('454','1','7','0','1','1024','819','32','1','1','0','0','0','1','es'),
('455','2','7','0','1','1600','900','32','0','1','1','0','0','1','fr'),
('456','1','3','0','1','1440','900','32','1','1','0','0','0','1','fr'),
('457','2','3','0','1','1366','768','32','1','1','0','1','0','0','fr'),
('458','1','3','0','1','1024','768','32','1','1','1','1','0','1','de-de'),
('459','1','8','0','1','800','600','32','0','1','1','0','0','1','fr'),
('460','2','3','0','1','1280','800','32','1','1','1','1','0','1','fr'),
('461','1','3','0','1','1680','1050','32','1','0','0','1','0','0','fr'),
('462','1','7','0','1','1152','864','32','1','1','0','0','0','1','fr-ch'),
('463','1','7','0','1','1280','800','32','1','1','0','1','0','1','fr'),
('464','3','1','0','1','1920','1200','24','1','1','0','1','0','0','fr-fr'),
('465','1','7','0','1','1024','768','32','0','1','0','0','0','1','fr'),
('466','3','3','0','1','1280','800','24','1','1','1','1','0','0','en-us'),
('467','3','1','0','1','1920','1080','24','1','1','0','1','0','0','fr-fr'),
('468','1','7','0','1','1024','768','32','0','1','0','1','0','1','fr'),
('469','3','1','0','1','1600','1200','24','0','1','0','1','0','0','fr'),
('470','2','3','0','0','0','0','0','0','0','0','0','0','0','fr'),
('471','2','3','0','0','0','0','0','0','0','0','0','0','0','fr'),
('472','1','5','0','0','0','0','0','0','0','0','0','0','0',NULL),
('473','1','5','0','0','0','0','0','0','0','0','0','0','0',NULL),
('474','1','5','0','0','0','0','0','0','0','0','0','0','0',NULL),
('475','1','5','0','0','0','0','0','0','0','0','0','0','0',NULL),
('476','1','7','0','1','1280','1024','32','1','1','0','1','0','1','fr'),
('477','1','7','0','0','0','0','0','0','0','0','0','0','0','fr'),
('478','1','3','0','1','1920','1200','32','1','1','0','1','0','0','fr'),
('479','3','1','0','1','1440','900','24','0','1','1','1','0','0','fr'),
('480','3','1','0','1','1440','900','24','1','1','1','1','0','0','en-us'),
('481','4','4','0','1','1280','800','24','0','1','0','0','0','0','fr'),
('482','1','7','0','1','1024','768','32','1','1','0','1','0','1','fr'),
('483','3','1','0','1','1280','854','24','1','1','0','1','0','0','fr-fr'),
('484','2','7','0','0','0','0','0','0','0','0','0','0','0','fr'),
('485','1','0','0','0','0','0','0','0','0','0','0','0','0','en'),
('486','3','1','0','1','1024','768','24','0','1','1','1','0','0','fr'),
('487','2','6','0','1','1366','768','32','0','1','0','1','0','1','fr'),
('488','4','3','0','1','1600','1200','24','0','1','0','0','0','0','en'),
('489','4','3','0','1','1600','1200','24','0','1','0','0','0','0','en'),
('490','2','3','0','1','1366','768','32','1','1','0','0','0','0','fr'),
('491','1','7','0','1','1440','900','32','1','1','1','1','0','1','fr-ca'),
('492','2','3','0','1','1280','800','32','1','1','0','0','0','0','fr'),
('493','1','6','0','1','1024','768','32','0','1','1','0','0','1','fr'),
('494','3','1','0','1','320','396','32','0','0','0','0','0','0','fr-fr'),
('495','3','3','0','1','1680','1050','24','1','1','1','1','0','0','fr'),
('496','1','3','0','1','1280','1024','32','1','1','0','0','0','0','fr'),
('497','3','1','0','1','1680','1050','24','1','1','1','1','0','0','fr-fr'),
('498','3','3','0','1','1440','900','24','0','1','0','1','0','0','fr'),
('499','1','3','0','1','1152','864','32','1','1','0','1','0','1','fr'),
('500','1','3','0','0','0','0','0','0','0','0','0','0','0','fr'),
('501','1','5','0','0','0','0','0','0','0','0','0','0','0','en-us'),
('502','2','6','0','0','0','0','0','0','0','0','0','0','0','fr'),
('503','1','6','0','1','1024','768','32','1','1','1','0','0','1','fr'),
('504','1','6','0','1','1024','768','32','0','1','0','0','0','1','fr'),
('505','1','5','0','1','800','600','16','0','1','0','1','0','1','en-us'),
('506','3','1','0','0','0','0','0','0','0','0','0','0','0','fr-fr'),
('507','1','5','0','0','0','0','0','0','0','0','0','0','0','en-us'),
('508','1','5','0','0','0','0','0','0','0','0','0','0','0','en-us'),
('509','1','5','0','0','0','0','0','0','0','0','0','0','0','en-us'),
('510','1','5','0','1','800','600','16','0','1','0','1','0','1','en-us'),
('511','1','5','0','0','0','0','0','0','0','0','0','0','0','en-us'),
('512','1','5','0','0','0','0','0','0','0','0','0','0','0','en-us'),
('513','1','0','0','0','0','0','0','0','0','0','0','0','0','en'),
('514','1','0','0','0','0','0','0','0','0','0','0','0','0','en'),
('515','3','1','0','1','1680','1050','24','0','1','0','1','0','0','fr'),
('516','3','3','0','1','1920','1080','24','1','1','0','1','0','0','fr'),
('517','1','3','0','1','1440','900','32','1','1','1','1','0','0','fr'),
('518','1','3','0','1','1280','1024','32','0','1','0','1','0','1','fr'),
('519','1','8','0','1','1280','960','32','0','1','0','0','0','1','fr'),
('520','1','3','0','1','1600','1200','32','1','1','0','0','0','0','fr'),
('521','1','3','0','0','0','0','0','0','0','0','0','0','0','fr'),
('522','1','6','0','1','1024','768','16','0','1','0','0','0','1','fr'),
('523','1','3','0','1','1152','864','32','1','1','1','1','0','1','fr'),
('524','2','7','0','1','1280','768','32','0','1','1','1','0','1','fr'),
('525','2','7','0','0','0','0','0','0','0','0','0','0','0','fr'),
('526','3','3','22','1','1680','1050','24','1','1','1','1','0','0','fr'),
('527','1','6','0','1','1280','1024','32','0','1','1','1','0','1','fr'),
('528','1','7','0','1','1280','1024','32','0','1','0','0','0','1','fr'),
('529','1','3','0','1','1024','768','32','1','1','1','0','0','1','fr'),
('530','2','7','0','0','0','0','0','0','0','0','0','0','0','fr-ch'),
('531','1','6','0','1','1280','1024','32','0','1','0','0','0','1','nl'),
('532','1','6','0','0','0','0','0','0','0','0','0','0','0','en-us'),
('533','3','1','0','1','1600','1200','24','0','1','0','1','0','0','fr'),
('534','3','1','0','0','0','0','0','0','0','0','0','0','0','fr'),
('535','2','7','0','1','1280','800','32','1','1','0','1','0','1','fr'),
('536','1','7','0','0','0','0','0','0','0','0','0','0','0',NULL),
('537','1','7','24','1','1024','768','32','1','1','0','1','0','1','fr'),
('538','1','5','0','0','0','0','0','0','0','0','0','0','0','en-us'),
('539','1','7','0','1','1024','768','32','1','1','0','0','0','1','fr'),
('540','1','5','0','0','0','0','0','0','0','0','0','0','0','en-us'),
('541','1','2','0','1','1280','1024','32','1','1','1','1','0','1','fr'),
('542','1','8','0','1','1440','900','32','0','1','0','0','0','1','fr'),
('543','1','8','0','1','1440','900','32','0','1','0','0','0','1','fr'),
('544','1','8','0','1','1440','900','32','0','1','0','0','0','1','fr'),
('545','1','3','0','1','1280','1024','32','1','1','0','0','0','0','fr'),
('546','3','2','0','0','0','0','0','0','0','0','0','0','0','fr'),
('547','1','6','0','1','1280','1024','32','0','1','0','0','0','1','fr'),
('548','1','7','0','1','1440','900','32','1','1','1','1','0','1','fr'),
('549','1','7','0','1','1024','768','32','1','1','0','1','0','1','fr'),
('550','1','6','0','0','0','0','0','0','0','0','0','0','0','fr'),
('551','1','6','0','0','0','0','0','0','0','0','0','0','0','fr'),
('552','1','5','0','0','0','0','0','0','0','0','0','0','0','fr'),
('553','1','6','0','1','1440','900','32','0','1','0','1','0','1','fr'),
('554','2','6','0','1','1280','800','32','1','1','0','0','0','1','fr-ch'),
('555','1','6','0','0','0','0','0','0','0','0','0','0','0',NULL),
('556','1','6','0','1','1680','1050','32','1','1','0','0','0','1','en-gb'),
('557','1','6','0','1','1024','768','16','0','1','1','0','0','1','fr'),
('558','1','6','0','1','800','600','16','0','0','0','1','0','1','en-us'),
('559','1','3','0','1','1024','768','32','1','1','0','0','0','0','fr'),
('560','1','6','0','1','800','600','16','0','0','0','1','0','1','en-us'),
('561','1','5','0','1','1440','900','32','0','1','0','0','0','1','fr'),
('562','1','6','0','1','800','600','16','0','0','0','1','0','1','en-us'),
('563','1','6','0','0','0','0','0','0','0','0','0','0','0','fr'),
('564','3','3','0','0','0','0','0','0','0','0','0','0','0','fr'),
('565','3','3','0','0','0','0','0','0','0','0','0','0','0','fr'),
('566','1','3','0','1','1920','1080','32','1','1','0','1','0','0','fr'),
('567','1','5','0','0','0','0','0','0','0','0','0','0','0',NULL),
('568','2','3','0','1','1024','768','32','1','1','1','1','0','0','fr'),
('569','1','6','0','0','0','0','0','0','0','0','0','0','0','fr'),
('570','1','5','0','0','0','0','0','0','0','0','0','0','0',NULL),
('571','1','5','0','0','0','0','0','0','0','0','0','0','0',NULL),
('572','1','5','0','0','0','0','0','0','0','0','0','0','0',NULL),
('573','2','3','0','1','1680','1050','32','1','1','0','0','0','0','fr'),
('574','1','3','0','1','1280','1024','32','1','1','1','1','0','1','fr'),
('575','1','3','0','1','1280','800','32','1','1','1','0','0','0','fr'),
('576','2','3','0','0','0','0','0','0','0','0','0','0','0','en-us'),
('577','2','3','0','0','0','0','0','0','0','0','0','0','0','en-us'),
('578','1','5','0','1','1280','1024','32','1','1','1','0','0','1','fr'),
('579','1','5','0','0','0','0','0','0','0','0','0','0','0','fr'),
('580','1','6','0','1','1280','1024','32','1','1','0','0','0','1','fr'),
('581','1','2','0','1','1280','1024','32','1','1','0','1','0','0','fr'),
('582','3','1','0','1','1920','1200','24','1','1','0','1','0','0','fr-fr'),
('583','1','3','0','1','1280','960','32','1','1','0','0','0','0','fr'),
('584','1','4','0','0','0','0','0','0','0','0','0','0','0','fr'),
('585','1','8','0','1','1024','768','32','1','1','0','1','0','1','fr'),
('586','1','8','0','1','1280','800','32','0','1','0','1','0','1','fr'),
('587','2','6','0','0','0','0','0','0','0','0','0','0','0','fr'),
('588','2','7','0','0','0','0','0','0','0','0','0','0','0','fr'),
('589','3','1','0','1','1920','1200','24','0','1','0','1','0','0','fr'),
('590','1','6','0','0','0','0','0','0','0','0','0','0','0','fr'),
('591','2','7','0','1','1024','819','32','1','1','0','1','0','1','fr'),
('592','2','7','0','1','1280','800','32','1','1','0','1','0','1','fr'),
('593','2','3','0','0','0','0','0','0','0','0','0','0','0','fr'),
('594','1','6','0','0','0','0','0','0','0','0','0','0','0','en'),
('595','1','5','0','0','0','0','0','0','0','0','0','0','0','fr'),
('596','1','3','0','1','1440','900','32','1','1','1','1','0','0','en-us'),
('597','1','5','0','0','0','0','0','0','0','0','0','0','0','en-us'),
('598','1','5','0','0','0','0','0','0','0','0','0','0','0','en-us'),
('599','1','5','0','0','0','0','0','0','0','0','0','0','0','en-us'),
('600','1','7','0','1','1024','768','32','0','1','0','1','0','1','fr'),
('601','1','5','0','0','0','0','0','0','0','0','0','0','0','en-us'),
('602','2','6','0','0','0','0','0','0','0','0','0','0','0','fr'),
('603','1','5','0','0','0','0','0','0','0','0','0','0','0','en-us'),
('604','2','3','0','1','1920','1080','32','0','1','0','0','0','0','fr'),
('605','1','5','0','0','0','0','0','0','0','0','0','0','0','en-us'),
('606','1','5','0','0','0','0','0','0','0','0','0','0','0','en-us'),
('607','3','3','0','0','0','0','0','0','0','0','0','0','0','fr'),
('608','1','5','0','0','0','0','0','0','0','0','0','0','0','en-us');
INSERT INTO `arbor_guest` VALUES
('609','2','3','0','1','1680','1050','32','1','1','0','1','0','0','fr'),
('610','1','3','0','1','1280','1024','32','1','1','0','0','0','0','fr'),
('611','3','3','0','1','1280','1024','24','1','1','0','1','0','0','fr'),
('612','3','1','0','0','0','0','0','0','0','0','0','0','0','fr'),
('613','1','5','0','0','0','0','0','0','0','0','0','0','0','fr'),
('614','1','5','0','0','0','0','0','0','0','0','0','0','0','fr'),
('615','1','5','0','1','1024','768','32','1','1','0','0','0','1','fr'),
('616','1','3','0','1','1280','1024','32','1','1','0','1','0','0','fr'),
('617','1','7','0','1','1024','768','32','1','1','0','1','0','1','fr'),
('618','1','3','0','1','1024','768','32','1','1','0','1','0','1','fr'),
('619','1','5','0','0','0','0','0','0','0','0','0','0','0','en-us'),
('620','2','7','0','1','1680','945','32','1','1','1','0','0','1','fr-ca'),
('621','2','6','0','0','0','0','0','0','0','0','0','0','0','fr'),
('622','1','3','0','0','0','0','0','0','0','0','0','0','0','fr'),
('623','1','6','0','0','0','0','0','0','0','0','0','0','0','fr-be'),
('624','1','6','0','0','0','0','0','0','0','0','0','0','0','fr-be'),
('625','1','8','0','1','1280','800','32','1','1','1','1','0','1','fr'),
('626','3','1','0','1','1680','1050','24','1','1','0','1','0','0','fr-fr'),
('627','1','6','0','0','0','0','0','0','0','0','0','0','0','it'),
('628','1','5','0','0','0','0','0','0','0','0','0','0','0','en-us'),
('629','1','0','0','0','0','0','0','0','0','0','0','0','0','en'),
('630','3','1','0','1','1280','800','24','1','1','1','1','0','0','fr-fr'),
('631','1','0','0','0','0','0','0','0','0','0','0','0','0','en'),
('632','1','3','0','0','0','0','0','0','0','0','0','0','0','fr'),
('633','1','3','0','1','1280','800','32','1','1','0','0','0','0','fr'),
('634','3','1','0','1','1440','900','24','1','1','0','1','0','0','fr-fr'),
('635','1','5','0','0','0','0','0','0','0','0','0','0','0',NULL),
('636','1','5','0','0','0','0','0','0','0','0','0','0','0',NULL),
('637','3','1','0','0','0','0','0','0','0','0','0','0','0','fr-fr'),
('638','3','1','0','0','0','0','0','0','0','0','0','0','0','fr-fr'),
('639','3','3','0','0','0','0','0','0','0','0','0','0','0','en-us'),
('640','1','7','0','1','1280','1024','32','1','1','1','1','0','1','fr'),
('641','4','0','0','1','1280','1024','16','0','0','0','0','0','0','en-us'),
('642','1','5','0','0','0','0','0','0','0','0','0','0','0','en-us'),
('643','2','3','0','0','0','0','0','0','0','0','0','0','0','fr'),
('644','2','3','0','0','0','0','0','0','0','0','0','0','0','fr'),
('645','1','5','0','1','1024','768','32','0','1','0','0','0','1','en-us'),
('646','1','5','0','0','0','0','0','0','0','0','0','0','0','en-us'),
('647','3','2','0','1','1024','768','32','1','1','1','1','0','0','fr'),
('648','1','5','0','0','0','0','0','0','0','0','0','0','0','en-us'),
('649','1','5','23','1','1280','1024','32','1','1','0','0','0','1','fr'),
('650','2','3','0','1','1680','1050','32','1','1','0','1','0','1','fr'),
('651','1','5','0','0','0','0','0','0','0','0','0','0','0','en-us'),
('652','3','3','0','1','1920','1200','24','1','1','0','1','0','0','fr'),
('653','1','7','0','0','0','0','0','0','0','0','0','0','0','fr-be'),
('654','1','3','0','1','1920','1200','32','0','1','0','1','0','0','fr'),
('655','1','3','0','0','0','0','0','0','0','0','0','0','0','fr'),
('656','1','7','0','0','0','0','0','0','0','0','0','0','0','fr-be'),
('657','2','7','0','1','1440','900','32','1','1','1','1','0','1','fr'),
('658','1','5','0','1','1024','768','8','1','1','0','0','0','1','fr'),
('659','1','7','0','1','1024','768','32','1','1','0','1','0','1','fr'),
('660','4','0','0','0','0','0','0','0','0','0','0','0','0',NULL),
('661','1','7','0','0','0','0','0','0','0','0','0','0','0','en-us'),
('662','2','6','0','1','1024','768','32','0','1','0','0','0','1','fr'),
('663','2','6','0','1','1440','900','32','0','1','1','1','0','1','fr'),
('664','2','3','0','1','1366','768','32','1','1','1','1','0','0','fr'),
('665','2','6','0','0','0','0','0','0','0','0','0','0','0','fr'),
('666','2','7','0','0','0','0','0','0','0','0','0','0','0','fr'),
('667','2','6','0','0','0','0','0','0','0','0','0','0','0','fr'),
('668','2','7','0','1','1024','768','32','1','1','0','0','0','1','fr'),
('669','2','6','0','0','0','0','0','0','0','0','0','0','0','fr'),
('670','2','6','0','0','0','0','0','0','0','0','0','0','0','fr'),
('671','2','6','0','1','1440','900','32','0','1','0','1','0','1','fr'),
('672','3','3','0','0','0','0','0','0','0','0','0','0','0','fr'),
('673','3','3','0','0','0','0','0','0','0','0','0','0','0','fr'),
('674','1','6','0','0','0','0','0','0','0','0','0','0','0','fr'),
('675','2','7','0','1','1280','800','32','0','1','0','1','0','1','fr'),
('676','1','5','0','1','1280','800','32','1','1','1','1','0','1','fr-ca'),
('677','2','6','0','1','1920','1080','32','0','1','0','1','0','1','fr'),
('678','2','6','0','1','1920','1080','32','0','1','0','1','0','1','fr'),
('679','3','1','0','0','0','0','0','0','0','0','0','0','0','fr-fr'),
('680','3','1','0','1','1280','800','24','0','1','0','1','0','0','fr'),
('681','2','3','0','1','1600','900','32','1','1','1','0','0','1','fr'),
('682','3','1','0','1','1024','768','24','0','1','0','1','0','0','fr'),
('683','1','6','0','1','800','600','16','0','0','0','0','0','1','en-us'),
('684','3','1','0','1','1920','1200','24','1','1','0','1','0','0','fr-fr'),
('685','3','1','0','1','1920','1200','24','1','1','0','1','0','0','fr-fr'),
('686','1','5','0','1','1680','1050','32','1','1','0','0','0','1','fr'),
('687','1','2','0','0','0','0','0','0','0','0','0','0','0','fr'),
('688','1','5','0','0','0','0','0','0','0','0','0','0','0','en-us'),
('689','2','3','0','1','1680','1050','32','1','1','0','0','0','1','fr'),
('690','1','7','0','0','0','0','0','0','0','0','0','0','0',NULL),
('691','2','6','0','0','0','0','0','0','0','0','0','0','0','fr'),
('692','2','6','0','1','1440','900','32','1','1','1','1','0','1','fr'),
('693','3','1','0','0','0','0','0','0','0','0','0','0','0','fr'),
('694','1','7','0','1','1024','768','32','0','1','0','0','0','1','fr'),
('695','3','1','0','0','0','0','0','0','0','0','0','0','0','fr'),
('696','1','6','0','1','800','600','16','0','0','0','1','0','1','en-us'),
('697','1','6','0','1','800','600','16','0','0','0','1','0','1','en-us'),
('698','1','6','0','1','800','600','16','0','0','0','1','0','1','en-us'),
('699','1','0','0','0','0','0','0','0','0','0','0','0','0','en'),
('700','2','6','0','1','1280','800','32','0','1','0','0','0','1','de'),
('701','1','0','0','0','0','0','0','0','0','0','0','0','0','en'),
('702','1','6','0','0','0','0','0','0','0','0','0','0','0','fr'),
('703','1','5','0','0','0','0','0','0','0','0','0','0','0','en-us'),
('704','1','5','0','0','0','0','0','0','0','0','0','0','0','en-us'),
('705','1','6','0','0','0','0','0','0','0','0','0','0','0','fr'),
('706','1','5','0','0','0','0','0','0','0','0','0','0','0','en-us'),
('707','1','3','0','0','0','0','0','0','0','0','0','0','0','fr'),
('708','1','3','0','1','1280','800','32','1','1','0','0','0','0','fr'),
('709','2','7','0','1','1600','900','32','1','1','0','0','0','1','fr'),
('710','2','8','0','1','1280','800','32','1','1','0','1','0','0','fr'),
('711','1','5','0','0','0','0','0','0','0','0','0','0','0','en-us'),
('712','1','5','0','0','0','0','0','0','0','0','0','0','0','en-us'),
('713','1','5','0','0','0','0','0','0','0','0','0','0','0','en-us'),
('714','1','5','0','0','0','0','0','0','0','0','0','0','0','en-us'),
('715','1','6','0','0','0','0','0','0','0','0','0','0','0','fr'),
('716','1','7','0','0','0','0','0','0','0','0','0','0','0','fr'),
('717','1','0','0','0','0','0','0','0','0','0','0','0','0','en'),
('718','1','6','0','0','0','0','0','0','0','0','0','0','0','fr'),
('719','1','0','0','0','0','0','0','0','0','0','0','0','0','en'),
('720','1','5','0','0','0','0','0','0','0','0','0','0','0','en-us'),
('721','1','0','0','0','0','0','0','0','0','0','0','0','0','en'),
('722','4','3','0','1','1024','768','24','1','1','0','0','0','0','fr'),
('723','1','6','0','0','0','0','0','0','0','0','0','0','0','de'),
('724','1','1','0','1','1152','864','32','0','1','0','0','0','0','fr'),
('725','1','5','0','0','0','0','0','0','0','0','0','0','0','fr'),
('726','1','6','0','1','800','600','16','0','0','0','0','0','1','en-us'),
('727','1','7','0','1','1170','936','32','1','1','0','1','0','1','fr'),
('728','3','3','0','0','0','0','0','0','0','0','0','0','0','fr'),
('729','3','3','0','0','0','0','0','0','0','0','0','0','0','fr'),
('730','1','0','0','0','0','0','0','0','0','0','0','0','0','en'),
('731','1','6','0','1','800','600','16','0','0','0','1','0','1','en-us'),
('732','1','6','0','1','800','600','16','0','0','0','1','0','1','en-us'),
('733','1','6','0','1','800','600','16','0','0','0','1','0','1','en-us'),
('734','3','3','0','1','1152','720','24','1','1','0','1','0','0','en-us'),
('735','1','7','0','1','800','600','32','1','1','0','1','0','1','fr'),
('736','1','3','0','1','1024','768','32','1','1','1','1','0','0','fr'),
('737','1','0','0','0','0','0','0','0','0','0','0','0','0','en'),
('738','2','7','0','1','1680','1050','32','0','1','0','1','0','1','fr'),
('739','2','7','0','1','1680','1050','32','1','0','1','0','0','1','en-ie'),
('740','1','6','0','0','0','0','0','0','0','0','0','0','0','fr'),
('741','2','3','0','1','1680','1050','32','1','1','0','1','0','0','fr'),
('742','2','6','0','1','1680','1050','32','0','1','0','1','0','1','fr'),
('743','3','2','0','1','1152','768','32','1','1','1','1','0','0','fr'),
('744','1','5','0','0','0','0','0','0','0','0','0','0','0','en-us'),
('745','2','6','0','0','0','0','0','0','0','0','0','0','0','fr'),
('746','2','6','0','0','0','0','0','0','0','0','0','0','0','fr'),
('747','2','3','0','0','0','0','0','0','0','0','0','0','0','fr'),
('748','2','3','0','1','1280','800','32','1','1','0','1','0','0','fr'),
('749','1','6','0','0','0','0','0','0','0','0','0','0','0','fr-be'),
('750','3','2','0','1','1680','1050','32','1','1','0','0','0','0','fr'),
('751','1','5','0','0','0','0','0','0','0','0','0','0','0','en-us'),
('752','1','5','0','0','0','0','0','0','0','0','0','0','0','en-us'),
('753','1','5','0','0','0','0','0','0','0','0','0','0','0','en-us'),
('754','1','5','0','0','0','0','0','0','0','0','0','0','0','en-us'),
('755','1','5','0','0','0','0','0','0','0','0','0','0','0','en-us'),
('756','1','5','0','0','0','0','0','0','0','0','0','0','0','en-us'),
('757','1','5','0','0','0','0','0','0','0','0','0','0','0','en-us'),
('758','3','1','0','1','1680','1050','24','1','1','0','1','0','0','fr-fr'),
('759','1','7','0','0','0','0','0','0','0','0','0','0','0','fr'),
('760','2','7','0','1','1280','1024','32','1','1','1','0','0','1','fr-be'),
('761','2','6','0','0','0','0','0','0','0','0','0','0','0','fr'),
('762','1','6','0','0','0','0','0','0','0','0','0','0','0','en-us'),
('763','1','5','0','0','0','0','0','0','0','0','0','0','0','fr'),
('764','1','5','0','0','0','0','0','0','0','0','0','0','0','fr'),
('765','1','5','0','0','0','0','0','0','0','0','0','0','0','fr'),
('766','1','5','0','1','1024','768','32','0','1','1','1','0','1','fr'),
('767','1','5','0','0','0','0','0','0','0','0','0','0','0','fr'),
('768','1','3','0','1','1280','800','32','1','1','0','1','0','1','fr'),
('769','1','6','0','0','0','0','0','0','0','0','0','0','0','fr'),
('770','1','6','0','0','0','0','0','0','0','0','0','0','0','fr-ca'),
('771','1','6','0','0','0','0','0','0','0','0','0','0','0','fr'),
('772','1','6','0','0','0','0','0','0','0','0','0','0','0','fr'),
('773','1','7','0','0','0','0','0','0','0','0','0','0','0','fr'),
('774','2','7','0','1','1680','1050','32','1','1','1','1','0','1','fr'),
('775','1','6','0','1','800','600','32','1','1','1','0','0','1','fr'),
('776','2','3','0','1','1280','800','32','1','1','0','0','0','0','fr'),
('777','2','6','0','1','1440','900','32','0','1','0','0','0','1','fr'),
('778','1','6','0','1','1152','864','32','1','1','0','1','0','0','fr'),
('779','1','7','0','1','1280','1024','32','1','1','0','1','0','1','fr-ch'),
('780','2','3','0','0','0','0','0','0','0','0','0','0','0','fr'),
('781','1','0','0','0','0','0','0','0','0','0','0','0','0','en'),
('782','1','5','0','0','0','0','0','0','0','0','0','0','0','en-us'),
('783','3','3','0','0','0','0','0','0','0','0','0','0','0','fr'),
('784','3','1','0','1','1440','900','24','0','1','1','1','0','0','fr'),
('785','1','3','0','1','1024','768','32','1','1','1','1','0','1','fr'),
('786','1','5','0','0','0','0','0','0','0','0','0','0','0','en-us'),
('787','3','8','0','1','1280','800','24','0','1','0','1','0','0','fr'),
('788','1','5','0','0','0','0','0','0','0','0','0','0','0','en-us'),
('789','2','6','0','1','1280','800','32','0','1','0','0','0','1','fr'),
('790','2','6','0','1','1280','800','32','0','1','0','0','0','1','fr'),
('791','1','5','0','0','0','0','0','0','0','0','0','0','0','en-us'),
('792','1','5','0','1','1024','768','24','0','1','1','1','0','1','fr'),
('793','1','8','0','1','1024','768','32','1','1','1','1','0','1','fr'),
('794','1','5','0','0','0','0','0','0','0','0','0','0','0','en-us'),
('795','1','0','0','0','0','0','0','0','0','0','0','0','0','en'),
('796','1','6','0','0','0','0','0','0','0','0','0','0','0','en'),
('797','1','5','0','1','1400','1050','32','1','1','0','0','0','1','fr'),
('798','1','3','0','1','1024','768','32','1','1','0','0','0','0','fr'),
('799','1','5','0','0','0','0','0','0','0','0','0','0','0','en-us'),
('800','1','5','0','0','0','0','0','0','0','0','0','0','0','en-us'),
('801','3','1','0','0','0','0','0','0','0','0','0','0','0','fr-fr'),
('802','3','1','0','1','1680','1050','24','1','1','0','1','0','0','fr-fr'),
('803','1','7','0','0','0','0','0','0','0','0','0','0','0',NULL),
('804','2','6','0','0','0','0','0','0','0','0','0','0','0','fr'),
('805','3','2','0','1','1280','1024','32','1','1','1','1','0','0',NULL),
('806','1','7','0','1','1024','768','32','1','1','1','0','0','1','fr'),
('807','1','3','0','1','1280','1024','32','0','1','1','0','0','0','fr'),
('808','1','6','0','0','0','0','0','0','0','0','0','0','0','fr-ch');
INSERT INTO `arbor_guest` VALUES
('809','1','7','0','0','0','0','0','0','0','0','0','0','0','fr-ch'),
('810','2','6','0','1','1280','800','32','1','1','0','0','0','1','fr'),
('811','1','3','0','1','1024','768','24','0','1','0','0','0','0','en-us'),
('812','4','3','0','1','1280','800','24','1','1','0','0','0','0','fr'),
('813','3','1','0','0','0','0','0','0','0','0','0','0','0','fr-fr'),
('814','3','1','0','0','0','0','0','0','0','0','0','0','0','fr-fr'),
('815','1','7','0','1','1280','1024','32','0','1','1','1','0','1','fr'),
('816','2','3','0','1','1600','900','32','0','1','0','1','0','1','fr'),
('817','1','0','0','0','0','0','0','0','0','0','0','0','0','en'),
('818','1','5','0','1','1440','900','32','0','1','0','1','0','1','fr'),
('819','2','7','0','1','1280','800','32','1','1','0','0','0','1','es'),
('820','2','3','0','0','0','0','0','0','0','0','0','0','0','fr'),
('821','1','5','0','1','800','600','16','0','0','0','0','0','1','en-us'),
('822','1','5','0','0','0','0','0','0','0','0','0','0','0','en-us'),
('823','1','5','0','1','800','600','16','0','1','0','1','0','1','en-us'),
('824','1','0','0','0','0','0','0','0','0','0','0','0','0','en'),
('825','2','3','0','0','0','0','0','0','0','0','0','0','0','en'),
('826','1','5','0','0','0','0','0','0','0','0','0','0','0','fr'),
('827','2','3','0','1','1280','800','32','1','1','0','1','0','0','fr'),
('828','1','7','0','1','1280','800','32','1','1','1','1','0','1','fr'),
('829','1','8','0','0','0','0','0','0','0','0','0','0','0','fr'),
('830','1','8','0','0','0','0','0','0','0','0','0','0','0','fr'),
('831','3','0','0','1','320','396','32','0','0','0','0','0','0','fr-fr'),
('832','1','6','0','0','0','0','0','0','0','0','0','0','0','en'),
('833','1','5','0','1','1280','1024','32','1','1','1','1','0','1','fr'),
('834','1','6','0','0','0','0','0','0','0','0','0','0','0','en'),
('835','1','6','0','0','0','0','0','0','0','0','0','0','0','en'),
('836','1','5','0','0','0','0','0','0','0','0','0','0','0','es'),
('837','1','5','0','0','0','0','0','0','0','0','0','0','0','es'),
('838','1','5','0','0','0','0','0','0','0','0','0','0','0','es'),
('839','1','5','0','0','0','0','0','0','0','0','0','0','0','es'),
('840','1','3','0','0','0','0','0','0','0','0','0','0','0','fr'),
('841','1','6','0','1','800','600','16','0','0','0','0','0','1','en-us'),
('842','2','6','0','0','0','0','0','0','0','0','0','0','0','fr'),
('843','1','7','0','1','1280','800','32','0','1','0','0','0','1','fr'),
('844','1','3','0','1','1280','1024','32','1','1','0','0','0','0','fr'),
('845','1','3','0','0','0','0','0','0','0','0','0','0','0','fr'),
('846','2','7','0','1','1920','1080','32','1','1','0','0','0','1','fr'),
('847','2','6','0','1','1440','900','32','1','1','0','0','0','1','fr'),
('848','1','0','0','0','0','0','0','0','0','0','0','0','0','en'),
('849','1','5','0','0','0','0','0','0','0','0','0','0','0','en-us'),
('850','2','3','0','0','0','0','0','0','0','0','0','0','0','fr'),
('851','2','3','0','0','0','0','0','0','0','0','0','0','0','fr'),
('852','1','7','0','1','1440','900','32','1','1','0','1','0','1','fr'),
('853','1','0','0','0','0','0','0','0','0','0','0','0','0','en'),
('854','1','6','0','1','800','600','16','0','0','0','1','0','1','en-us'),
('855','1','8','0','0','0','0','0','0','0','0','0','0','0',NULL),
('856','3','3','0','0','0','0','0','0','0','0','0','0','0','en-us'),
('857','1','7','0','0','0','0','0','0','0','0','0','0','0','fr-ch'),
('858','1','6','0','0','0','0','0','0','0','0','0','0','0','en'),
('859','1','7','0','0','0','0','0','0','0','0','0','0','0','fr-ch'),
('860','1','0','0','0','0','0','0','0','0','0','0','0','0','en'),
('861','1','6','0','0','0','0','0','0','0','0','0','0','0','en-us'),
('862','1','0','0','0','0','0','0','0','0','0','0','0','0','en'),
('863','1','6','0','0','0','0','0','0','0','0','0','0','0','fr-fr'),
('864','1','6','0','0','0','0','0','0','0','0','0','0','0','fr-fr'),
('865','3','1','0','0','0','0','0','0','0','0','0','0','0','fr-fr'),
('866','3','1','0','0','0','0','0','0','0','0','0','0','0','fr-fr'),
('867','3','3','0','0','0','0','0','0','0','0','0','0','0','fr'),
('868','3','3','0','0','0','0','0','0','0','0','0','0','0','fr'),
('869','4','3','0','0','0','0','0','0','0','0','0','0','0','fr'),
('870','4','3','0','1','1280','800','24','1','1','0','0','0','0','fr'),
('871','1','6','0','1','1024','768','32','0','1','0','1','0','1','fr'),
('872','1','7','0','0','0','0','0','0','0','0','0','0','0','en-us'),
('873','0','5','0','0','0','0','0','0','0','0','0','0','0',NULL),
('874','1','3','0','1','1440','900','32','1','1','0','0','0','0','fr'),
('875','1','3','0','1','1024','768','32','1','1','1','0','0','0','fr'),
('876','3','1','0','0','0','0','0','0','0','0','0','0','0','fr-fr'),
('877','3','1','0','0','0','0','0','0','0','0','0','0','0','fr-fr'),
('878','3','1','0','0','0','0','0','0','0','0','0','0','0','fr-fr'),
('879','1','5','0','0','0','0','0','0','0','0','0','0','0','en-us'),
('880','1','5','0','0','0','0','0','0','0','0','0','0','0','en-us'),
('881','1','5','0','0','0','0','0','0','0','0','0','0','0','en-us'),
('882','2','6','0','0','0','0','0','0','0','0','0','0','0','ja'),
('883','2','6','0','1','1366','768','32','0','1','0','0','0','1','fr'),
('884','1','7','0','1','1280','1024','32','1','1','0','1','0','1','fr-ca'),
('885','1','0','0','0','0','0','0','0','0','0','0','0','0','en'),
('886','1','5','0','0','0','0','0','0','0','0','0','0','0',NULL),
('887','1','5','0','0','0','0','0','0','0','0','0','0','0',NULL),
('888','2','6','0','1','1280','768','32','1','1','0','1','0','1','fr-ca'),
('889','1','5','0','0','0','0','0','0','0','0','0','0','0','fr-ch'),
('890','1','5','0','0','0','0','0','0','0','0','0','0','0','fr-ch'),
('891','1','5','0','0','0','0','0','0','0','0','0','0','0','en-us'),
('892','1','5','0','1','1920','1080','32','1','1','1','1','0','1','fr'),
('893','1','3','0','1','1024','768','32','1','1','0','1','0','0','fr'),
('894','1','5','0','0','0','0','0','0','0','0','0','0','0',NULL),
('895','1','5','0','0','0','0','0','0','0','0','0','0','0',NULL),
('896','2','3','0','1','1024','768','32','1','1','0','1','0','1','fr'),
('897','1','3','0','1','1024','768','32','1','1','0','0','0','0','fr'),
('898','1','3','0','0','0','0','0','0','0','0','0','0','0','fr'),
('899','1','3','0','0','0','0','0','0','0','0','0','0','0','fr'),
('900','3','1','0','1','1280','800','24','1','1','0','1','0','0','fr-fr'),
('901','1','6','0','0','0','0','0','0','0','0','0','0','0','fr'),
('902','1','7','0','0','0','0','0','0','0','0','0','0','0','fr'),
('903','4','0','0','1','1920','1080','24','1','1','0','0','0','0','fr'),
('904','2','7','0','1','1280','768','32','1','1','1','1','0','1','fr'),
('905','1','6','0','1','1280','800','32','0','1','1','0','0','1','fr'),
('906','1','7','0','0','0','0','0','0','0','0','0','0','0',NULL),
('907','2','8','0','1','1920','1200','32','0','1','0','1','0','1','en'),
('908','1','6','0','0','0','0','0','0','0','0','0','0','0','fr'),
('909','1','6','0','0','0','0','0','0','0','0','0','0','0','fr'),
('910','3','1','0','0','0','0','0','0','0','0','0','0','0','fr-fr'),
('911','3','1','0','0','0','0','0','0','0','0','0','0','0','fr-fr'),
('912','2','3','0','0','0','0','0','0','0','0','0','0','0','fr'),
('913','2','3','0','0','0','0','0','0','0','0','0','0','0','fr'),
('914','1','0','0','0','0','0','0','0','0','0','0','0','0','en'),
('915','1','0','0','0','0','0','0','0','0','0','0','0','0','en'),
('916','1','5','0','0','0','0','0','0','0','0','0','0','0','en-us'),
('917','1','3','0','0','0','0','0','0','0','0','0','0','0','fr'),
('918','3','1','0','1','1280','800','24','1','1','0','1','0','0','fr-fr'),
('919','1','5','0','1','1280','800','32','1','1','1','1','0','1','fr'),
('920','1','7','0','0','0','0','0','0','0','0','0','0','0','fr'),
('921','1','6','0','1','800','600','16','0','0','0','1','0','1','en-us'),
('922','1','6','0','0','0','0','0','0','0','0','0','0','0','en-us'),
('923','1','3','0','0','0','0','0','0','0','0','0','0','0','fr'),
('924','1','3','0','1','1280','1024','32','1','1','0','1','0','0','fr'),
('925','1','7','0','0','0','0','0','0','0','0','0','0','0','fr'),
('926','1','7','0','0','0','0','0','0','0','0','0','0','0','fr'),
('927','2','7','0','0','0','0','0','0','0','0','0','0','0','fr'),
('928','2','7','0','1','1280','800','32','0','1','1','1','0','1','fr'),
('929','2','7','0','1','1440','900','32','1','1','0','0','0','1','nl'),
('930','2','7','0','1','1440','900','32','1','1','1','1','0','1','fr'),
('931','1','3','0','0','0','0','0','0','0','0','0','0','0','fr'),
('932','2','7','0','1','1024','768','32','0','1','0','1','0','1','fr'),
('933','2','7','0','0','0','0','0','0','0','0','0','0','0','fr'),
('934','3','1','0','1','320','396','32','0','0','0','0','0','0','fr-fr'),
('935','2','7','0','1','1024','600','32','1','1','1','0','0','1','fr'),
('936','2','8','0','1','1680','1050','32','1','1','0','1','0','1','fr'),
('937','2','6','0','0','0','0','0','0','0','0','0','0','0',NULL),
('938','2','6','0','1','1176','664','32','1','1','0','1','0','1','fr'),
('939','2','3','0','1','1280','1024','32','0','1','0','0','0','0','fr'),
('940','1','7','0','1','1280','1024','16','1','1','1','1','0','1','fr'),
('941','1','7','0','1','1920','1200','32','0','1','0','1','0','1','fr'),
('942','1','5','0','1','1280','1024','32','1','1','0','0','0','1','fr'),
('943','1','3','0','1','1024','768','24','1','1','0','1','0','0','fr'),
('944','3','1','0','1','1024','768','24','0','1','0','1','0','0','fr'),
('945','1','5','0','0','0','0','0','0','0','0','0','0','0','en-us'),
('946','1','5','0','0','0','0','0','0','0','0','0','0','0','en-us'),
('947','1','5','0','0','0','0','0','0','0','0','0','0','0','en-us'),
('948','1','5','0','1','800','600','16','0','1','0','1','0','1','en-us'),
('949','1','5','0','0','0','0','0','0','0','0','0','0','0','en-us'),
('950','1','5','0','0','0','0','0','0','0','0','0','0','0','en-us'),
('951','1','5','0','1','800','600','16','0','1','0','1','0','1','en-us'),
('952','1','7','0','1','1024','768','32','1','1','1','0','0','1','fr'),
('953','1','3','0','1','1024','768','32','1','1','0','0','0','0','fr'),
('954','1','6','0','1','1024','768','32','1','1','1','0','0','1','fr'),
('955','1','7','0','1','1280','1024','32','1','1','0','1','0','0','fr-fr'),
('956','2','7','0','1','683','512','32','0','1','0','0','0','1','fr'),
('957','1','7','0','0','0','0','0','0','0','0','0','0','0','fr'),
('958','1','7','0','0','0','0','0','0','0','0','0','0','0','fr'),
('959','1','6','0','1','1440','900','32','1','1','0','0','0','1','fr'),
('960','2','7','0','1','1280','768','32','0','1','0','0','0','1','fr'),
('961','1','6','0','1','800','600','16','0','0','0','0','0','1','en-us'),
('962','2','3','0','1','1280','800','32','0','1','0','0','0','1','fr'),
('963','2','7','0','1','1440','900','32','0','1','0','0','0','1','fr'),
('964','1','3','0','0','0','0','0','0','0','0','0','0','0','fr'),
('965','1','3','0','1','922','540','32','1','1','0','1','0','0','fr'),
('966','1','5','0','0','0','0','0','0','0','0','0','0','0','fr'),
('967','1','5','0','0','0','0','0','0','0','0','0','0','0','fr'),
('968','1','5','0','0','0','0','0','0','0','0','0','0','0','fr'),
('969','2','7','0','1','1280','800','32','1','1','0','1','0','1','fr'),
('970','2','3','0','1','1280','800','32','1','1','1','1','0','1','fr'),
('971','1','7','0','0','0','0','0','0','0','0','0','0','0',NULL),
('972','1','3','0','1','1280','1024','32','1','1','0','1','0','1','fr'),
('973','1','6','0','0','0','0','0','0','0','0','0','0','0','fr'),
('974','1','3','0','1','1280','800','32','1','1','0','1','0','0','fr'),
('975','1','7','0','1','1024','768','32','0','1','1','1','0','1','fr'),
('976','3','1','0','1','1680','1050','24','1','1','0','1','0','0','fr-fr'),
('977','1','7','0','1','1280','1024','32','1','1','0','1','0','1','lb-lu'),
('978','1','6','0','1','1680','1050','32','0','1','1','1','0','1','fr'),
('979','1','5','0','0','0','0','0','0','0','0','0','0','0','en-us'),
('980','1','8','0','1','1152','864','32','1','1','0','0','0','1','fr'),
('981','1','5','0','0','0','0','0','0','0','0','0','0','0','en-us'),
('982','1','5','0','0','0','0','0','0','0','0','0','0','0','en-us'),
('983','1','5','0','0','0','0','0','0','0','0','0','0','0','en-us'),
('984','1','5','0','0','0','0','0','0','0','0','0','0','0','en-us'),
('985','1','5','0','0','0','0','0','0','0','0','0','0','0','en-us'),
('986','1','3','0','1','1280','800','32','0','1','1','1','0','1','fr'),
('987','2','7','0','1','1280','800','32','1','1','1','1','0','1','fr'),
('988','1','5','0','0','0','0','0','0','0','0','0','0','0',NULL),
('989','2','6','0','0','0','0','0','0','0','0','0','0','0','fr'),
('990','2','6','0','0','0','0','0','0','0','0','0','0','0',NULL),
('991','2','7','0','1','1366','768','32','0','1','0','1','0','1','fr'),
('992','1','3','0','1','1280','960','32','1','1','0','1','0','1','fr'),
('993','1','5','0','0','0','0','0','0','0','0','0','0','0','en-us'),
('994','1','5','0','0','0','0','0','0','0','0','0','0','0','en-us'),
('995','1','5','0','0','0','0','0','0','0','0','0','0','0','en-us'),
('996','1','5','0','0','0','0','0','0','0','0','0','0','0','en-us'),
('997','1','5','0','0','0','0','0','0','0','0','0','0','0','en-us'),
('998','1','5','0','0','0','0','0','0','0','0','0','0','0','en-us'),
('999','1','5','0','0','0','0','0','0','0','0','0','0','0','en-us'),
('1000','1','5','0','0','0','0','0','0','0','0','0','0','0','en-us'),
('1001','1','5','0','0','0','0','0','0','0','0','0','0','0','en-us'),
('1002','1','5','0','0','0','0','0','0','0','0','0','0','0','en-us'),
('1003','1','5','0','0','0','0','0','0','0','0','0','0','0','en-us'),
('1004','2','6','0','0','0','0','0','0','0','0','0','0','0','fr'),
('1005','2','6','0','0','0','0','0','0','0','0','0','0','0','fr'),
('1006','1','3','0','0','0','0','0','0','0','0','0','0','0','fr'),
('1007','1','3','0','1','1024','768','32','0','1','0','1','0','1','fr'),
('1008','2','6','0','0','0','0','0','0','0','0','0','0','0','fr-be');
INSERT INTO `arbor_guest` VALUES
('1009','2','6','0','0','0','0','0','0','0','0','0','0','0','fr-be'),
('1010','1','3','0','1','1440','900','32','1','1','0','0','0','0','fr'),
('1011','1','5','0','0','0','0','0','0','0','0','0','0','0','en-us'),
('1012','2','3','0','1','1440','900','32','1','1','0','0','0','0','fr'),
('1013','2','3','0','0','0','0','0','0','0','0','0','0','0','fr'),
('1014','1','6','0','1','1280','960','32','1','1','0','1','0','1','fr'),
('1015','2','3','0','0','0','0','0','0','0','0','0','0','0','en-us'),
('1016','2','3','0','1','1366','768','32','1','1','0','1','0','0','en-us'),
('1017','1','3','0','1','1024','768','32','1','1','0','1','0','0','fr'),
('1018','1','7','0','1','1024','768','32','1','1','0','1','0','1','fr'),
('1019','1','7','0','1','1280','800','16','1','1','0','1','0','1','fr-be'),
('1020','1','7','0','1','1117','894','32','1','1','0','0','0','1','fr'),
('1021','4','3','0','1','1280','1024','16','0','0','0','0','0','0','fr'),
('1022','1','6','0','1','1152','864','32','1','1','1','0','0','1','es'),
('1023','1','6','0','1','1152','864','32','1','1','1','0','0','1','es'),
('1024','1','3','0','1','1280','800','24','1','1','0','1','0','0','fr'),
('1025','2','6','0','0','0','0','0','0','0','0','0','0','0',NULL),
('1026','1','7','0','0','0','0','0','0','0','0','0','0','0','fr'),
('1027','1','7','0','0','0','0','0','0','0','0','0','0','0','fr'),
('1028','1','3','0','1','1280','800','32','1','1','1','1','0','1','fr'),
('1029','2','3','0','1','1366','768','32','0','1','0','1','0','0','fr'),
('1030','1','3','0','1','1024','768','32','1','1','0','0','0','0','fr'),
('1031','2','7','0','1','1280','1024','32','1','1','0','1','0','1','fr'),
('1032','2','7','0','1','1382','864','32','1','1','1','0','0','1','fr'),
('1033','2','7','0','0','0','0','0','0','0','0','0','0','0','fr'),
('1034','1','5','0','0','0','0','0','0','0','0','0','0','0','en-us'),
('1035','1','5','0','0','0','0','0','0','0','0','0','0','0','en-us'),
('1036','1','5','0','0','0','0','0','0','0','0','0','0','0','en-us'),
('1037','1','5','0','0','0','0','0','0','0','0','0','0','0','en-us'),
('1038','1','5','0','0','0','0','0','0','0','0','0','0','0','fr'),
('1039','1','5','0','0','0','0','0','0','0','0','0','0','0','en-us'),
('1040','1','5','0','0','0','0','0','0','0','0','0','0','0','en-us'),
('1041','1','5','0','0','0','0','0','0','0','0','0','0','0','en-us'),
('1042','1','5','0','0','0','0','0','0','0','0','0','0','0','en-us'),
('1043','2','7','0','1','1280','800','32','1','1','1','1','0','1','fr'),
('1044','1','8','0','1','1024','600','32','0','1','0','1','0','1','fr'),
('1045','2','7','0','1','1600','900','32','1','1','0','0','0','1','fr'),
('1046','1','5','0','0','0','0','0','0','0','0','0','0','0',NULL),
('1047','1','5','0','0','0','0','0','0','0','0','0','0','0',NULL),
('1048','1','5','0','0','0','0','0','0','0','0','0','0','0',NULL),
('1049','1','6','0','1','800','600','16','0','0','0','1','0','1','en-us'),
('1050','1','5','0','0','0','0','0','0','0','0','0','0','0','fr-ca'),
('1051','1','6','0','1','800','600','16','0','0','0','1','0','1','en-us'),
('1052','1','5','0','0','0','0','0','0','0','0','0','0','0','en-us'),
('1053','1','5','0','0','0','0','0','0','0','0','0','0','0','en-us'),
('1054','1','3','0','1','1024','768','32','1','1','0','0','0','0','fr'),
('1055','1','3','0','1','1024','768','32','1','1','0','0','0','0','fr'),
('1056','1','6','0','1','1024','768','32','1','1','0','1','0','1','fr'),
('1057','1','8','0','1','1280','800','32','1','1','1','0','0','0','fr'),
('1058','1','8','0','1','1280','800','32','1','1','1','0','0','0','fr'),
('1059','1','7','0','0','0','0','0','0','0','0','0','0','0','fr'),
('1060','1','6','0','1','1024','768','32','1','1','0','1','0','1','fr'),
('1061','1','7','0','1','1440','900','16','1','1','0','1','0','1','fr'),
('1062','2','3','0','1','1440','900','32','0','1','0','0','0','0','fr'),
('1063','1','5','0','0','0','0','0','0','0','0','0','0','0','en-us'),
('1064','1','6','0','1','800','600','16','0','0','0','1','0','1','en-us'),
('1065','4','3','0','1','1024','768','24','0','1','0','0','0','0','en-us'),
('1066','1','6','0','0','0','0','0','0','0','0','0','0','0','en-us'),
('1067','2','7','0','1','1366','768','32','1','1','0','1','0','1','fr'),
('1068','1','5','0','1','1152','864','32','0','0','0','0','0','1','fr'),
('1069','1','7','0','0','0','0','0','0','0','0','0','0','0',NULL),
('1070','2','3','0','1','1680','1050','32','1','1','0','1','0','1','fr'),
('1071','2','6','0','0','0','0','0','0','0','0','0','0','0',NULL),
('1072','1','0','0','0','0','0','0','0','0','0','0','0','0','en'),
('1073','1','5','0','1','1280','800','32','1','1','1','1','0','1','fr'),
('1074','1','7','0','1','1280','1024','32','0','1','0','1','0','1','fr'),
('1075','2','3','0','0','0','0','0','0','0','0','0','0','0','fr'),
('1076','1','0','0','0','0','0','0','0','0','0','0','0','0','en'),
('1077','2','7','0','0','0','0','0','0','0','0','0','0','0','fr'),
('1078','1','3','0','1','1680','1050','32','1','1','0','0','0','1','fr'),
('1079','3','3','0','1','1280','800','24','1','1','0','1','0','0','fr'),
('1080','1','8','0','1','1024','768','32','0','1','0','1','0','0','fr'),
('1081','1','5','0','0','0','0','0','0','0','0','0','0','0','en-us'),
('1082','1','5','0','0','0','0','0','0','0','0','0','0','0','en-us'),
('1083','1','5','0','0','0','0','0','0','0','0','0','0','0','en-us'),
('1084','1','5','0','0','0','0','0','0','0','0','0','0','0','en-us'),
('1085','1','5','0','0','0','0','0','0','0','0','0','0','0','en-us'),
('1086','1','5','0','0','0','0','0','0','0','0','0','0','0','en-us'),
('1087','1','5','0','0','0','0','0','0','0','0','0','0','0','en-us'),
('1088','1','5','0','0','0','0','0','0','0','0','0','0','0','en-us'),
('1089','1','5','0','0','0','0','0','0','0','0','0','0','0','en-us'),
('1090','1','5','0','0','0','0','0','0','0','0','0','0','0','en-us'),
('1091','1','5','0','0','0','0','0','0','0','0','0','0','0','en-us'),
('1092','2','3','0','1','1680','1050','32','0','1','0','1','0','1','nl'),
('1093','1','3','0','1','1280','960','32','1','1','1','1','0','0','fr'),
('1094','1','7','0','1','1024','768','32','0','0','1','0','0','1','fr'),
('1095','1','6','0','0','0','0','0','0','0','0','0','0','0','fr'),
('1096','1','6','0','1','1024','768','16','0','1','0','0','0','1','fr'),
('1097','3','1','0','1','1440','900','24','1','1','0','1','0','0','en-us'),
('1098','1','7','0','1','1024','768','32','1','1','1','1','0','1','fr'),
('1099','1','3','0','1','1280','1024','32','1','1','0','0','0','0','fr'),
('1100','1','5','0','0','0','0','0','0','0','0','0','0','0','en-us'),
('1101','1','7','0','0','0','0','0','0','0','0','0','0','0','fr'),
('1102','1','6','0','1','1280','1024','32','1','1','0','0','0','1','fr'),
('1103','1','0','0','0','0','0','0','0','0','0','0','0','0','en'),
('1104','1','6','0','0','0','0','0','0','0','0','0','0','0','fr'),
('1105','1','7','0','0','0','0','0','0','0','0','0','0','0','fr'),
('1106','2','7','0','1','1024','768','32','0','1','1','1','0','1','fr'),
('1107','1','0','0','0','0','0','0','0','0','0','0','0','0','en'),
('1108','2','7','0','1','1680','1050','32','0','1','0','1','0','1','fr'),
('1109','1','3','0','0','0','0','0','0','0','0','0','0','0','fr'),
('1110','2','7','0','0','0','0','0','0','0','0','0','0','0','fr'),
('1111','2','7','0','0','0','0','0','0','0','0','0','0','0','fr'),
('1112','1','4','0','0','0','0','0','0','0','0','0','0','0',NULL),
('1113','1','5','0','1','1280','1024','32','1','1','1','1','0','1','fr'),
('1114','1','3','0','1','1024','768','32','1','1','0','0','0','0','fr'),
('1115','1','5','0','0','0','0','0','0','0','0','0','0','0',NULL),
('1116','1','0','0','0','0','0','0','0','0','0','0','0','0','en'),
('1117','2','3','0','0','0','0','0','0','0','0','0','0','0','fr'),
('1118','1','5','0','0','0','0','0','0','0','0','0','0','0','en-us'),
('1119','1','0','0','0','0','0','0','0','0','0','0','0','0','en'),
('1120','1','5','0','0','0','0','0','0','0','0','0','0','0','en-us'),
('1121','1','7','0','1','1280','800','32','0','1','0','0','0','1','fr-ch'),
('1122','3','3','0','1','1280','960','24','1','1','1','1','0','0','fr'),
('1123','2','7','0','1','1280','960','32','1','1','1','1','0','1','fr'),
('1124','1','3','0','1','1280','800','24','1','1','1','0','0','0','fr'),
('1125','1','7','0','1','1024','768','32','0','1','0','0','0','1','pt'),
('1126','1','7','0','1','800','600','32','0','1','1','1','0','1','fr'),
('1127','1','3','0','1','1024','768','32','1','1','0','1','0','0','fr'),
('1128','3','1','0','1','1280','800','24','1','1','1','1','0','0','it-it'),
('1129','4','4','0','1','1024','768','24','0','1','0','0','0','0',NULL),
('1130','1','5','0','0','0','0','0','0','0','0','0','0','0',NULL),
('1131','1','6','0','1','800','600','16','0','0','0','1','0','1','en-us'),
('1132','1','6','0','0','0','0','0','0','0','0','0','0','0','en-us'),
('1133','1','6','0','0','0','0','0','0','0','0','0','0','0','en-us'),
('1134','2','8','0','0','0','0','0','0','0','0','0','0','0','fr'),
('1135','1','7','0','0','0','0','0','0','0','0','0','0','0','fr'),
('1136','1','0','0','0','0','0','0','0','0','0','0','0','0','en'),
('1137','2','8','0','0','0','0','0','0','0','0','0','0','0','fr'),
('1138','1','0','0','0','0','0','0','0','0','0','0','0','0','en'),
('1139','1','0','0','0','0','0','0','0','0','0','0','0','0','en'),
('1140','1','5','0','1','800','600','16','0','1','0','1','0','1','en-us'),
('1141','1','5','0','0','0','0','0','0','0','0','0','0','0','en-us'),
('1142','1','5','0','0','0','0','0','0','0','0','0','0','0','en-us'),
('1143','1','5','0','1','1280','1024','32','1','1','0','0','0','1','fr'),
('1144','1','5','0','0','0','0','0','0','0','0','0','0','0','en-us'),
('1145','1','5','0','0','0','0','0','0','0','0','0','0','0','en-us'),
('1146','1','5','0','0','0','0','0','0','0','0','0','0','0','en-us'),
('1147','1','5','0','0','0','0','0','0','0','0','0','0','0','en-us'),
('1148','1','5','0','1','1280','1024','32','1','1','0','1','0','1','fr'),
('1149','1','7','0','1','1024','768','32','1','1','0','0','0','1','fr'),
('1150','1','5','0','1','1024','768','32','1','1','0','0','0','1','fr'),
('1151','1','0','0','0','0','0','0','0','0','0','0','0','0','en'),
('1152','1','7','0','1','1024','768','32','1','1','0','1','0','1','fr'),
('1153','2','6','0','1','1680','1050','32','0','1','0','1','0','1','fr-be'),
('1154','1','5','0','1','1152','864','32','1','1','0','1','0','1','fr'),
('1155','1','6','0','0','0','0','0','0','0','0','0','0','0','en'),
('1156','1','5','0','1','1152','864','32','1','1','1','1','0','1','fr'),
('1157','1','6','0','0','0','0','0','0','0','0','0','0','0','en'),
('1158','1','0','0','0','0','0','0','0','0','0','0','0','0','en'),
('1159','1','7','0','0','0','0','0','0','0','0','0','0','0','fr'),
('1160','1','7','0','0','0','0','0','0','0','0','0','0','0','fr'),
('1161','1','7','0','0','0','0','0','0','0','0','0','0','0','fr'),
('1162','1','6','0','0','0','0','0','0','0','0','0','0','0','fr'),
('1163','1','6','0','0','0','0','0','0','0','0','0','0','0','fr'),
('1164','1','6','0','1','1280','800','32','1','1','0','0','0','1','fr'),
('1165','3','0','0','1','1280','960','32','1','1','1','1','0','0','en-us'),
('1166','1','7','0','0','0','0','0','0','0','0','0','0','0',NULL),
('1167','1','5','0','0','0','0','0','0','0','0','0','0','0','en-us'),
('1168','1','3','0','1','1024','768','32','1','1','1','1','0','0','en-us'),
('1169','1','5','0','0','0','0','0','0','0','0','0','0','0',NULL),
('1170','2','2','0','1','1024','768','32','1','1','0','0','0','1','fr'),
('1171','1','0','0','0','0','0','0','0','0','0','0','0','0','en'),
('1172','1','5','0','1','1024','768','32','1','1','0','0','0','1','fr'),
('1173','1','3','0','1','1584','990','32','1','1','0','1','0','0','it-it'),
('1174','1','5','0','0','0','0','0','0','0','0','0','0','0','en-us'),
('1175','1','5','0','0','0','0','0','0','0','0','0','0','0','en-us'),
('1176','1','7','0','1','1024','768','32','0','1','0','0','0','1','pt'),
('1177','1','5','0','1','1280','1024','32','0','1','0','1','0','1','fr-ch'),
('1178','3','1','0','0','0','0','0','0','0','0','0','0','0','fr'),
('1179','3','1','0','1','1440','900','24','0','1','0','1','0','0','fr'),
('1180','1','7','0','1','1360','768','32','1','1','0','0','0','1','fr'),
('1181','1','7','0','1','1024','768','16','0','1','1','1','0','1','fr'),
('1182','3','1','0','1','1920','1200','24','1','1','0','1','0','0','fr-fr'),
('1183','1','5','0','0','0','0','0','0','0','0','0','0','0','en-us'),
('1184','2','3','0','1','1440','900','24','1','1','0','1','0','0','fr'),
('1185','2','7','0','1','1920','1200','32','1','1','0','1','0','1','fr'),
('1186','1','7','0','0','0','0','0','0','0','0','0','0','0','en-us'),
('1187','1','7','0','0','0','0','0','0','0','0','0','0','0','en-us'),
('1188','2','3','0','1','1920','1080','24','1','1','1','0','0','0','fr'),
('1189','2','6','0','0','0','0','0','0','0','0','0','0','0','fr'),
('1190','2','7','0','0','0','0','0','0','0','0','0','0','0','fr'),
('1191','1','0','0','0','0','0','0','0','0','0','0','0','0','en'),
('1192','1','3','0','0','0','0','0','0','0','0','0','0','0','fr'),
('1193','1','3','0','0','0','0','0','0','0','0','0','0','0','fr'),
('1194','1','3','0','0','0','0','0','0','0','0','0','0','0','fr'),
('1195','1','7','0','1','1280','1024','32','1','1','1','1','0','1','fr'),
('1196','2','8','0','1','1280','720','32','1','1','0','0','0','0','fr'),
('1197','1','5','0','1','1024','768','16','1','1','0','0','0','0','fr'),
('1198','1','0','0','0','0','0','0','0','0','0','0','0','0','en'),
('1199','2','6','0','0','0','0','0','0','0','0','0','0','0','fr'),
('1200','1','7','0','1','1152','720','32','1','1','1','1','0','1','fr'),
('1201','3','1','0','1','1920','1200','24','1','1','0','1','0','0','fr-fr'),
('1202','1','7','0','1','1280','800','32','0','1','0','1','0','1','fr'),
('1203','1','7','0','1','1280','1024','32','0','1','1','0','0','1','fr'),
('1204','2','7','0','0','0','0','0','0','0','0','0','0','0','fr'),
('1205','1','5','0','0','0','0','0','0','0','0','0','0','0','fr'),
('1206','1','8','0','1','1680','1050','16','1','1','0','1','0','0','fr'),
('1207','1','6','0','0','0','0','0','0','0','0','0','0','0',NULL),
('1208','1','6','0','0','0','0','0','0','0','0','0','0','0',NULL);
INSERT INTO `arbor_guest` VALUES
('1209','1','6','0','0','0','0','0','0','0','0','0','0','0',NULL),
('1210','1','6','0','0','0','0','0','0','0','0','0','0','0',NULL),
('1211','1','6','0','0','0','0','0','0','0','0','0','0','0',NULL),
('1212','1','6','0','0','0','0','0','0','0','0','0','0','0',NULL),
('1213','1','6','0','0','0','0','0','0','0','0','0','0','0',NULL),
('1214','1','5','0','0','0','0','0','0','0','0','0','0','0',NULL),
('1215','1','5','0','1','800','600','16','0','1','0','1','0','1','en-us'),
('1216','1','6','0','0','0','0','0','0','0','0','0','0','0',NULL),
('1217','1','6','0','0','0','0','0','0','0','0','0','0','0',NULL),
('1218','1','6','0','0','0','0','0','0','0','0','0','0','0',NULL),
('1219','1','6','0','0','0','0','0','0','0','0','0','0','0',NULL),
('1220','1','6','0','0','0','0','0','0','0','0','0','0','0',NULL),
('1221','1','6','0','0','0','0','0','0','0','0','0','0','0',NULL),
('1222','1','6','0','0','0','0','0','0','0','0','0','0','0',NULL),
('1223','1','0','0','0','0','0','0','0','0','0','0','0','0','en'),
('1224','1','0','0','0','0','0','0','0','0','0','0','0','0','en'),
('1225','1','0','0','0','0','0','0','0','0','0','0','0','0','en'),
('1226','1','3','0','0','0','0','0','0','0','0','0','0','0',NULL),
('1227','1','0','0','0','0','0','0','0','0','0','0','0','0','en'),
('1228','1','0','0','0','0','0','0','0','0','0','0','0','0','en'),
('1229','1','3','0','1','1280','1024','32','1','1','0','1','0','0','fr'),
('1230','3','1','0','0','0','0','0','0','0','0','0','0','0','fr-fr'),
('1231','3','1','0','0','0','0','0','0','0','0','0','0','0','fr-fr'),
('1232','3','1','0','1','1440','900','24','1','1','0','1','0','0','fr-fr'),
('1233','1','5','0','0','0','0','0','0','0','0','0','0','0','en-us'),
('1234','2','7','0','1','1280','800','32','1','1','0','0','0','1','fr'),
('1235','1','5','0','0','0','0','0','0','0','0','0','0','0','en-us'),
('1236','2','7','0','1','1280','800','32','0','1','0','1','0','1','fr'),
('1237','1','5','0','0','0','0','0','0','0','0','0','0','0','en-us'),
('1238','1','5','0','0','0','0','0','0','0','0','0','0','0','en-us'),
('1239','1','5','0','0','0','0','0','0','0','0','0','0','0','en-us'),
('1240','1','3','0','1','1280','1024','32','1','1','1','1','0','0','fr'),
('1241','2','3','0','1','1440','900','32','1','1','1','0','0','0','fr'),
('1242','1','3','0','1','1280','1024','16','1','1','0','1','0','1','fr'),
('1243','1','7','0','0','0','0','0','0','0','0','0','0','0',NULL),
('4737','2','3','0','1','1680','1050','24','1','1','0','1','0','0','fr'),
('1245','1','5','0','1','800','600','32','0','1','0','0','0','1','fr'),
('1246','4','3','0','0','0','0','0','0','0','0','0','0','0','fr'),
('1247','2','7','0','1','1440','900','32','1','1','0','1','0','1','fr'),
('1248','2','7','0','1','1280','960','32','0','0','0','0','0','1','fr'),
('1249','1','5','0','0','0','0','0','0','0','0','0','0','0','en-us'),
('1250','1','5','0','0','0','0','0','0','0','0','0','0','0','en-us'),
('1251','1','5','0','0','0','0','0','0','0','0','0','0','0','en-us'),
('1252','0','5','0','0','0','0','0','0','0','0','0','0','0',NULL),
('1253','1','0','0','0','0','0','0','0','0','0','0','0','0','en'),
('1254','1','5','0','1','1024','768','32','1','1','0','0','0','1','fr'),
('1255','2','6','0','1','1366','768','32','1','1','0','0','0','1','fr'),
('1256','1','6','0','0','0','0','0','0','0','0','0','0','0','fr-be'),
('1257','1','7','0','1','1024','768','32','0','1','0','1','0','1','fr'),
('1258','4','3','0','1','1280','1024','24','0','1','0','0','0','0','fr'),
('1259','1','5','0','1','1024','768','32','0','1','0','0','0','1','fr'),
('1260','1','6','0','0','0','0','0','0','0','0','0','0','0',NULL),
('1261','1','6','0','0','0','0','0','0','0','0','0','0','0',NULL),
('1262','1','6','0','0','0','0','0','0','0','0','0','0','0',NULL),
('1263','1','6','0','0','0','0','0','0','0','0','0','0','0',NULL),
('1264','1','6','0','0','0','0','0','0','0','0','0','0','0',NULL),
('1265','1','6','0','0','0','0','0','0','0','0','0','0','0',NULL),
('1266','1','6','0','0','0','0','0','0','0','0','0','0','0',NULL),
('1267','2','6','0','1','1680','1050','32','1','1','1','0','0','1','fr'),
('1268','1','7','0','0','0','0','0','0','0','0','0','0','0',NULL),
('1269','1','8','0','1','1024','768','32','1','1','0','0','0','0','fr'),
('1270','1','7','0','1','1280','1024','32','1','1','0','1','0','1','fr'),
('1271','2','7','0','1','1280','800','32','0','1','0','1','0','1','fr'),
('1272','1','3','0','1','1024','768','24','1','1','0','1','0','0','fr'),
('1273','2','3','0','1','1600','900','32','1','1','1','0','0','0','fr'),
('1274','1','5','0','1','1024','768','16','1','1','1','1','0','1','fr'),
('1275','1','7','0','1','1280','800','32','1','1','0','0','0','1','fr'),
('1276','1','8','0','1','1280','1024','32','1','1','1','1','0','0','fr'),
('1277','3','3','0','0','0','0','0','0','0','0','0','0','0','fr'),
('1278','1','3','0','1','1280','1024','32','1','1','1','1','0','1','fr'),
('1279','1','3','0','1','1280','800','32','1','1','0','1','0','0','fr'),
('1280','1','7','0','1','1280','1024','32','1','1','1','1','0','1','fr'),
('1281','1','3','0','1','1280','1024','32','1','1','0','1','0','0','fr'),
('1282','1','7','0','0','0','0','0','0','0','0','0','0','0','fr'),
('1283','1','3','0','1','1280','800','32','1','1','0','1','0','1','fr'),
('1284','2','7','0','1','1280','1024','32','0','1','0','0','0','1','fr'),
('1285','1','7','0','1','800','600','32','0','1','0','0','0','1','fr'),
('1286','1','0','0','0','0','0','0','0','0','0','0','0','0','en'),
('1287','1','3','0','1','1440','900','32','1','1','0','1','0','0','en'),
('1288','1','0','0','0','0','0','0','0','0','0','0','0','0','en'),
('1289','1','3','0','1','1680','1050','32','0','1','0','1','0','0','fr'),
('1290','2','7','0','1','1366','768','32','0','1','0','0','0','1','fr'),
('1291','1','8','0','1','1280','800','32','0','1','0','0','0','0','fr'),
('1292','1','7','0','0','0','0','0','0','0','0','0','0','0','fr'),
('1293','1','7','0','0','0','0','0','0','0','0','0','0','0','fr'),
('1294','2','6','0','1','1280','800','32','1','1','1','0','0','1','fr'),
('1295','1','7','0','0','0','0','0','0','0','0','0','0','0',NULL),
('1296','2','3','0','1','1360','768','32','1','1','0','0','0','1','fr'),
('1297','1','7','0','1','1280','1024','32','1','1','1','1','0','1','fr'),
('1298','1','3','0','0','0','0','0','0','0','0','0','0','0','fr'),
('1299','2','7','25','1','1024','768','32','1','0','0','0','0','1','fr'),
('1300','1','6','0','1','1280','800','32','1','1','0','1','0','1','fr'),
('1301','1','7','0','0','0','0','0','0','0','0','0','0','0','fr'),
('1302','1','7','0','0','0','0','0','0','0','0','0','0','0','fr'),
('1303','1','7','0','1','1920','1080','32','0','1','1','1','0','1','fr'),
('1304','1','6','0','0','0','0','0','0','0','0','0','0','0',NULL),
('1305','1','6','0','0','0','0','0','0','0','0','0','0','0',NULL),
('1306','1','6','0','0','0','0','0','0','0','0','0','0','0',NULL),
('1307','1','6','0','0','0','0','0','0','0','0','0','0','0',NULL),
('1308','1','6','0','0','0','0','0','0','0','0','0','0','0',NULL),
('1309','0','5','0','0','0','0','0','0','0','0','0','0','0',NULL),
('1310','1','6','0','0','0','0','0','0','0','0','0','0','0',NULL),
('1311','1','6','0','0','0','0','0','0','0','0','0','0','0',NULL),
('1312','1','6','0','0','0','0','0','0','0','0','0','0','0','fr'),
('1313','2','3','0','1','1440','900','32','1','1','1','1','0','1','fr'),
('1314','4','3','0','0','0','0','0','0','0','0','0','0','0',NULL),
('1315','4','3','0','0','0','0','0','0','0','0','0','0','0',NULL),
('1316','4','3','0','0','0','0','0','0','0','0','0','0','0',NULL),
('1317','4','3','0','0','0','0','0','0','0','0','0','0','0',NULL),
('1318','4','3','0','0','0','0','0','0','0','0','0','0','0',NULL),
('1319','2','3','0','0','0','0','0','0','0','0','0','0','0','fr'),
('1320','2','7','0','1','1024','768','32','1','0','0','0','0','1','fr'),
('1322','1','3','0','1','1280','800','32','1','1','0','1','0','1','fr'),
('1323','1','6','0','0','0','0','0','0','0','0','0','0','0','fr'),
('1324','1','7','0','0','0','0','0','0','0','0','0','0','0','fr'),
('1326','1','5','0','0','0','0','0','0','0','0','0','0','0','fr'),
('1327','1','3','0','1','1440','900','32','1','1','0','1','0','0','en-us'),
('1328','2','7','0','1','1280','800','32','1','1','0','1','0','1','fr'),
('1329','1','5','0','0','0','0','0','0','0','0','0','0','0','fr'),
('1330','1','5','0','1','1280','800','32','0','1','0','0','0','1','fr'),
('1331','2','3','0','0','0','0','0','0','0','0','0','0','0','fr'),
('1332','1','6','0','1','1280','800','32','1','1','0','0','0','1','fr'),
('1333','0','5','0','0','0','0','0','0','0','0','0','0','0',NULL),
('1334','1','5','0','0','0','0','0','0','0','0','0','0','0','en-us'),
('1335','1','5','0','0','0','0','0','0','0','0','0','0','0','en-us'),
('1336','1','5','0','0','0','0','0','0','0','0','0','0','0','en-us'),
('1337','1','5','0','0','0','0','0','0','0','0','0','0','0','en-us'),
('1338','1','3','0','1','1024','768','32','1','1','0','1','0','0','fr'),
('2951','1','6','27','1','800','600','32','1','1','1','0','0','1','fr'),
('1341','1','7','0','0','0','0','0','0','0','0','0','0','0',NULL),
('1342','1','6','0','0','0','0','0','0','0','0','0','0','0',NULL),
('1343','1','6','0','0','0','0','0','0','0','0','0','0','0',NULL),
('1344','1','6','0','0','0','0','0','0','0','0','0','0','0',NULL),
('1345','1','6','0','0','0','0','0','0','0','0','0','0','0',NULL),
('1346','1','6','0','0','0','0','0','0','0','0','0','0','0',NULL),
('1347','1','6','0','0','0','0','0','0','0','0','0','0','0',NULL),
('1348','1','6','0','0','0','0','0','0','0','0','0','0','0',NULL),
('1349','3','1','0','0','0','0','0','0','0','0','0','0','0','fr'),
('1350','2','7','0','1','1920','1200','32','1','1','0','1','0','1','fr'),
('1351','1','6','0','1','1024','768','32','1','1','0','0','0','1','fr'),
('1352','1','5','0','1','1024','768','32','1','1','0','0','0','1','fr'),
('1353','1','5','0','1','1280','1024','32','1','1','1','0','0','1','fr'),
('1354','1','0','0','0','0','0','0','0','0','0','0','0','0','en'),
('1355','1','6','0','0','0','0','0','0','0','0','0','0','0','tr'),
('1356','3','1','0','1','1680','1050','24','1','1','0','1','0','0','fr-fr'),
('1357','1','5','0','0','0','0','0','0','0','0','0','0','0','fr'),
('1358','2','6','0','0','0','0','0','0','0','0','0','0','0','fr'),
('1359','2','7','0','0','0','0','0','0','0','0','0','0','0','fr'),
('1360','1','6','0','1','1024','768','32','0','1','0','0','0','1','fr'),
('1361','2','7','0','0','0','0','0','0','0','0','0','0','0','fr'),
('1362','2','7','0','1','1280','800','32','1','1','1','1','0','1','fr'),
('1363','2','7','0','0','0','0','0','0','0','0','0','0','0','fr'),
('1364','3','1','0','1','1280','800','24','1','1','0','1','0','0','fr-fr'),
('1365','2','3','0','0','0','0','0','0','0','0','0','0','0','fr'),
('1366','2','3','0','0','0','0','0','0','0','0','0','0','0','fr'),
('1367','3','1','0','1','1280','800','24','1','1','0','1','0','0','en-us'),
('1368','1','7','0','0','0','0','0','0','0','0','0','0','0','fr-ca'),
('1369','1','3','0','1','1280','800','32','1','1','0','1','0','0','fr'),
('1370','2','7','0','1','1280','800','32','1','1','1','1','0','1','fr'),
('1371','1','3','0','1','1600','900','32','0','1','0','0','0','0','en-us'),
('1372','2','7','0','1','1280','800','32','1','1','1','1','0','1','fr-ca'),
('1373','1','5','0','0','0','0','0','0','0','0','0','0','0',NULL),
('1374','1','3','0','1','1680','1050','32','1','1','1','0','0','1','fr'),
('1375','3','1','0','0','0','0','0','0','0','0','0','0','0','fr-fr'),
('1376','2','6','0','1','1680','1050','32','0','1','1','1','0','1','fr'),
('1377','1','5','0','0','0','0','0','0','0','0','0','0','0','fr'),
('1378','3','1','0','1','1440','900','24','1','1','0','1','0','0','fr-fr'),
('1379','1','7','0','0','0','0','0','0','0','0','0','0','0',NULL),
('1380','2','7','0','1','1344','840','32','0','1','1','0','0','1','fr'),
('1381','2','3','0','0','0','0','0','0','0','0','0','0','0','fr'),
('1382','2','3','0','0','0','0','0','0','0','0','0','0','0','fr'),
('1383','1','5','0','0','0','0','0','0','0','0','0','0','0','en-us'),
('1384','2','7','0','0','0','0','0','0','0','0','0','0','0','fr'),
('1385','1','6','0','1','1024','768','32','0','1','1','1','0','1','fr'),
('1386','2','7','0','1','1280','800','32','1','1','1','1','0','1','fr'),
('1387','1','5','0','0','0','0','0','0','0','0','0','0','0','en-us'),
('1388','3','1','0','1','1680','1050','24','1','1','1','1','0','0','fr-fr'),
('1389','3','1','0','0','0','0','0','0','0','0','0','0','0','fr'),
('1390','3','1','0','1','1280','800','24','0','1','0','1','0','0','fr'),
('1391','1','6','0','0','0','0','0','0','0','0','0','0','0','fr'),
('1392','1','6','0','0','0','0','0','0','0','0','0','0','0','fr'),
('1393','1','6','0','0','0','0','0','0','0','0','0','0','0','fr'),
('1394','1','5','0','0','0','0','0','0','0','0','0','0','0','en-us'),
('1395','1','5','0','0','0','0','0','0','0','0','0','0','0','en-us'),
('1396','2','7','0','0','0','0','0','0','0','0','0','0','0','fr'),
('1397','1','6','0','0','0','0','0','0','0','0','0','0','0','fr-ca'),
('1398','1','3','0','1','1360','768','32','1','1','1','0','0','1','fr'),
('1399','2','6','0','1','1280','800','32','0','1','0','0','0','1','fr'),
('1400','1','0','0','0','0','0','0','0','0','0','0','0','0','en'),
('1401','1','0','0','0','0','0','0','0','0','0','0','0','0','en'),
('1402','1','5','0','0','0','0','0','0','0','0','0','0','0','en-us'),
('1403','1','0','0','0','0','0','0','0','0','0','0','0','0','en'),
('1404','1','5','0','0','0','0','0','0','0','0','0','0','0','en-us'),
('1405','1','5','0','0','0','0','0','0','0','0','0','0','0','en-us'),
('1406','1','5','0','0','0','0','0','0','0','0','0','0','0',NULL),
('1407','1','6','0','0','0','0','0','0','0','0','0','0','0',NULL),
('1408','1','6','0','0','0','0','0','0','0','0','0','0','0',NULL),
('1409','1','6','0','0','0','0','0','0','0','0','0','0','0',NULL),
('1410','1','6','0','0','0','0','0','0','0','0','0','0','0',NULL),
('1411','1','6','0','0','0','0','0','0','0','0','0','0','0',NULL);
INSERT INTO `arbor_guest` VALUES
('1412','1','6','0','0','0','0','0','0','0','0','0','0','0',NULL),
('1413','1','6','0','0','0','0','0','0','0','0','0','0','0',NULL),
('1414','2','7','0','1','1366','768','32','1','1','0','1','0','1','fr'),
('1415','1','3','0','1','800','600','32','0','1','0','0','0','0','fr'),
('1416','1','7','0','0','0','0','0','0','0','0','0','0','0',NULL),
('1417','3','1','0','0','0','0','0','0','0','0','0','0','0','fr-fr'),
('1418','1','3','0','0','0','0','0','0','0','0','0','0','0','fr'),
('1419','1','3','0','0','0','0','0','0','0','0','0','0','0','fr'),
('1420','1','3','0','0','0','0','0','0','0','0','0','0','0','fr'),
('1421','1','0','0','0','0','0','0','0','0','0','0','0','0','en'),
('1422','0','5','0','0','0','0','0','0','0','0','0','0','0',NULL),
('1423','1','6','0','0','0','0','0','0','0','0','0','0','0','en-gb'),
('1424','1','7','0','1','1024','768','32','0','1','0','0','0','1','ru'),
('1425','1','3','0','1','1024','768','32','0','1','0','0','0','0','ru'),
('1426','1','3','0','0','0','0','0','0','0','0','0','0','0','fr'),
('1427','3','1','0','1','1680','1050','24','1','1','0','1','0','0','fr-fr'),
('1428','1','5','0','1','800','600','32','1','1','0','0','0','1','fr'),
('1429','3','1','0','0','0','0','0','0','0','0','0','0','0','fr'),
('1430','3','1','0','0','0','0','0','0','0','0','0','0','0','fr'),
('1431','2','7','0','1','1440','900','32','1','1','0','1','0','1','fr'),
('1432','2','7','0','1','1366','768','32','1','1','0','0','0','1','es'),
('1433','1','7','0','1','1024','768','32','1','1','0','1','0','1','fr-ch'),
('1434','2','6','0','1','1280','800','32','1','1','0','0','0','1','fr'),
('1435','1','6','0','0','0','0','0','0','0','0','0','0','0','es-mx'),
('1436','1','6','0','0','0','0','0','0','0','0','0','0','0','fr'),
('1437','1','6','0','0','0','0','0','0','0','0','0','0','0','fr'),
('1438','1','7','0','1','1024','768','32','0','1','1','1','0','1','fr-ca'),
('1439','1','7','0','0','0','0','0','0','0','0','0','0','0','fr'),
('1440','1','7','0','0','0','0','0','0','0','0','0','0','0','fr'),
('1441','2','7','0','1','991','793','32','0','1','0','0','0','1','fr'),
('1442','1','0','0','0','0','0','0','0','0','0','0','0','0','en'),
('1443','3','1','0','1','1680','1050','24','1','1','0','1','0','0','fr-fr'),
('1444','1','3','0','1','1280','1024','32','1','1','1','1','0','0','fr'),
('1445','2','6','0','1','1440','900','32','0','1','0','0','0','1','fr'),
('1446','1','8','0','1','1024','576','32','0','1','0','1','0','1','tr'),
('1447','1','5','0','0','0','0','0','0','0','0','0','0','0',NULL),
('1448','1','5','0','0','0','0','0','0','0','0','0','0','0',NULL),
('1449','1','5','0','0','0','0','0','0','0','0','0','0','0',NULL),
('1450','1','5','0','0','0','0','0','0','0','0','0','0','0',NULL),
('1451','1','5','0','0','0','0','0','0','0','0','0','0','0',NULL),
('1452','1','0','0','0','0','0','0','0','0','0','0','0','0','en'),
('1453','1','5','0','0','0','0','0','0','0','0','0','0','0',NULL),
('1454','1','5','0','0','0','0','0','0','0','0','0','0','0',NULL),
('1455','1','7','0','1','1280','800','32','0','1','0','0','0','1','fr-ca'),
('1456','3','3','0','1','1680','1050','24','1','1','1','1','0','0','fr'),
('1457','2','6','0','0','0','0','0','0','0','0','0','0','0','fr'),
('1458','1','6','0','0','0','0','0','0','0','0','0','0','0','fr'),
('1459','1','6','0','0','0','0','0','0','0','0','0','0','0','fr'),
('1460','1','3','0','1','1024','768','32','1','1','0','0','0','0','fr'),
('1461','1','7','0','0','0','0','0','0','0','0','0','0','0','fr'),
('1462','2','6','0','1','1280','800','32','0','1','1','0','0','1','fr'),
('1463','1','7','0','0','0','0','0','0','0','0','0','0','0','en-us'),
('1464','1','6','0','0','0','0','0','0','0','0','0','0','0',NULL),
('1465','3','3','0','0','0','0','0','0','0','0','0','0','0','fr'),
('1466','2','6','0','1','1280','1024','32','1','1','0','1','0','1','fr'),
('1467','1','6','0','0','0','0','0','0','0','0','0','0','0','fr'),
('1468','1','6','0','0','0','0','0','0','0','0','0','0','0','fr'),
('1469','2','7','0','0','0','0','0','0','0','0','0','0','0','fr-be'),
('1470','4','3','0','1','1360','768','24','0','1','0','0','0','0','fr'),
('1471','1','6','0','0','0','0','0','0','0','0','0','0','0','fr'),
('1472','1','6','0','0','0','0','0','0','0','0','0','0','0','fr'),
('1473','1','6','0','0','0','0','0','0','0','0','0','0','0','en'),
('1474','1','5','0','1','1152','864','32','1','1','0','0','0','1','en-ca'),
('1475','1','6','0','0','0','0','0','0','0','0','0','0','0','en'),
('1476','1','6','0','0','0','0','0','0','0','0','0','0','0','en'),
('1477','1','6','0','0','0','0','0','0','0','0','0','0','0','en'),
('1478','1','6','0','0','0','0','0','0','0','0','0','0','0','en'),
('1479','1','6','0','0','0','0','0','0','0','0','0','0','0','en'),
('1480','1','6','0','0','0','0','0','0','0','0','0','0','0','en'),
('1481','1','6','0','0','0','0','0','0','0','0','0','0','0','en'),
('1482','1','6','0','0','0','0','0','0','0','0','0','0','0','en'),
('1483','1','6','0','0','0','0','0','0','0','0','0','0','0','en'),
('1484','2','3','0','1','1280','800','32','0','1','0','0','0','0','en-us'),
('1485','2','7','0','1','1680','1050','32','0','1','1','1','0','1','fr'),
('1486','1','7','0','1','1440','900','32','1','1','0','1','0','1','fr'),
('1487','2','6','0','1','1280','800','32','1','1','0','1','0','1','fr'),
('1488','1','0','0','0','0','0','0','0','0','0','0','0','0','en'),
('1489','2','7','0','0','0','0','0','0','0','0','0','0','0','fr'),
('1490','2','7','0','0','0','0','0','0','0','0','0','0','0','fr'),
('1491','1','3','0','0','0','0','0','0','0','0','0','0','0','en-us'),
('1492','1','5','0','0','0','0','0','0','0','0','0','0','0','en-us'),
('1493','1','5','0','0','0','0','0','0','0','0','0','0','0',NULL),
('1494','1','5','0','0','0','0','0','0','0','0','0','0','0',NULL),
('1495','1','5','0','0','0','0','0','0','0','0','0','0','0','en-us'),
('1496','1','5','0','0','0','0','0','0','0','0','0','0','0','en-us'),
('1497','2','7','0','1','1440','900','32','0','1','0','0','0','1','fr'),
('1498','2','7','0','1','1440','900','32','1','1','0','0','0','1','fr'),
('1499','1','5','0','0','0','0','0','0','0','0','0','0','0',NULL),
('1500','1','5','0','0','0','0','0','0','0','0','0','0','0',NULL),
('1501','1','3','0','0','0','0','0','0','0','0','0','0','0','de-de'),
('1502','2','7','0','1','1680','1050','32','1','1','0','0','0','1','fr'),
('1503','2','6','0','1','1280','1024','32','1','1','0','0','0','1','fr'),
('1504','1','3','0','1','1024','768','32','1','1','0','0','0','0','fr'),
('1505','2','7','0','0','0','0','0','0','0','0','0','0','0','fr'),
('1506','3','1','0','1','1280','800','24','1','1','0','1','0','0','fr-fr'),
('1507','1','0','0','0','0','0','0','0','0','0','0','0','0','en'),
('1508','1','3','0','1','1152','864','32','1','1','0','1','0','0','fr'),
('1509','2','6','0','1','1280','1024','32','1','1','0','0','0','1','fr'),
('1510','1','7','0','1','1280','1024','32','1','1','0','1','0','1','fr'),
('1511','1','3','0','1','1280','800','32','1','1','0','1','0','0','fr'),
('1512','1','3','0','1','1440','900','32','1','1','0','1','0','0','fr'),
('1513','1','6','0','1','1024','768','32','1','1','1','1','0','1','fr'),
('1514','4','3','0','1','1024','600','24','1','1','0','0','0','0','en-us'),
('1515','1','3','0','1','1600','1200','24','1','1','1','1','0','1','fr'),
('1516','1','0','0','0','0','0','0','0','0','0','0','0','0','en'),
('1517','2','7','0','1','1280','720','32','0','1','0','1','0','1','fr'),
('1518','1','3','0','1','1024','768','32','0','1','0','1','0','0','fr'),
('1519','1','5','0','0','0','0','0','0','0','0','0','0','0',NULL),
('1520','2','7','0','0','0','0','0','0','0','0','0','0','0','fr'),
('1521','1','7','0','1','1365','1024','32','0','1','0','0','0','1','fr'),
('1522','4','0','0','1','1280','1024','16','0','0','0','0','0','0','en-us'),
('1523','2','6','0','1','1024','768','32','1','1','0','0','0','1','fr'),
('1524','1','0','0','0','0','0','0','0','0','0','0','0','0','en'),
('1525','1','0','0','0','0','0','0','0','0','0','0','0','0','en'),
('1526','1','5','0','0','0','0','0','0','0','0','0','0','0','fr'),
('1527','1','5','0','0','0','0','0','0','0','0','0','0','0','fr'),
('1528','1','5','0','0','0','0','0','0','0','0','0','0','0','fr'),
('1529','1','3','0','0','0','0','0','0','0','0','0','0','0','en-us'),
('1530','1','5','0','0','0','0','0','0','0','0','0','0','0','fr'),
('1531','1','5','0','0','0','0','0','0','0','0','0','0','0','fr'),
('1532','1','5','0','0','0','0','0','0','0','0','0','0','0','fr'),
('1533','1','7','0','0','0','0','0','0','0','0','0','0','0',NULL),
('1534','1','3','0','0','0','0','0','0','0','0','0','0','0','fr'),
('1535','1','3','0','0','0','0','0','0','0','0','0','0','0','fr'),
('1536','1','5','0','0','0','0','0','0','0','0','0','0','0','fr'),
('1537','1','5','0','0','0','0','0','0','0','0','0','0','0',NULL),
('1538','1','5','0','0','0','0','0','0','0','0','0','0','0','en-us'),
('1539','1','5','0','0','0','0','0','0','0','0','0','0','0','en-us'),
('1540','2','3','0','0','0','0','0','0','0','0','0','0','0','fr'),
('1541','2','3','0','0','0','0','0','0','0','0','0','0','0','fr'),
('1542','1','0','0','0','0','0','0','0','0','0','0','0','0','en'),
('1543','1','4','0','0','0','0','0','0','0','0','0','0','0',NULL),
('1544','1','0','0','0','0','0','0','0','0','0','0','0','0','en'),
('1545','2','3','0','0','0','0','0','0','0','0','0','0','0','fr'),
('1546','2','3','0','0','0','0','0','0','0','0','0','0','0','fr'),
('1547','1','6','0','1','1024','768','32','0','1','1','0','0','1','fr'),
('1548','1','8','0','0','0','0','0','0','0','0','0','0','0','fr'),
('1549','1','8','0','0','0','0','0','0','0','0','0','0','0','fr'),
('1550','1','8','0','1','1280','1024','32','1','1','0','1','0','0','fr'),
('1551','2','7','0','0','0','0','0','0','0','0','0','0','0','fr'),
('1552','1','6','0','1','1280','800','32','1','1','0','0','0','1','fr'),
('1553','1','5','0','1','1440','900','32','1','1','0','0','0','1','fr'),
('1554','1','6','0','0','0','0','0','0','0','0','0','0','0','fr'),
('1555','1','5','0','1','1280','1024','32','1','1','1','1','0','1','fr'),
('1556','2','7','0','1','1440','900','32','0','1','0','1','0','1','fr'),
('1557','1','3','0','0','0','0','0','0','0','0','0','0','0','fr'),
('1558','1','3','0','0','0','0','0','0','0','0','0','0','0','fr'),
('1559','1','5','0','0','0','0','0','0','0','0','0','0','0','en-us'),
('1560','1','5','0','1','1280','1024','32','1','1','0','1','0','1','fr'),
('1561','1','3','0','1','1280','1024','24','0','1','0','0','0','0','fr'),
('1562','1','5','0','0','0','0','0','0','0','0','0','0','0','fr'),
('1563','1','5','0','0','0','0','0','0','0','0','0','0','0','fr'),
('1564','1','6','0','1','1280','800','32','1','1','0','0','0','1','fr'),
('1565','2','6','0','0','0','0','0','0','0','0','0','0','0','fr'),
('1566','3','0','0','1','320','396','32','0','0','0','0','0','0','fr-fr'),
('1567','2','6','0','0','0','0','0','0','0','0','0','0','0','en-us'),
('1568','1','7','0','0','0','0','0','0','0','0','0','0','0','fr'),
('1569','1','7','0','0','0','0','0','0','0','0','0','0','0','fr'),
('1570','2','6','0','1','1366','768','32','0','1','0','1','0','1','fr'),
('1571','1','3','0','0','0','0','0','0','0','0','0','0','0','es-es'),
('1572','1','3','0','0','0','0','0','0','0','0','0','0','0','es-es'),
('1573','1','5','0','0','0','0','0','0','0','0','0','0','0','fr'),
('1574','1','5','0','0','0','0','0','0','0','0','0','0','0','fr'),
('1575','2','6','0','0','0','0','0','0','0','0','0','0','0','fr-be'),
('1576','2','7','0','0','0','0','0','0','0','0','0','0','0','fr-be'),
('1577','2','6','0','0','0','0','0','0','0','0','0','0','0','fr-be'),
('1578','2','6','0','0','0','0','0','0','0','0','0','0','0','fr-be'),
('1579','1','7','0','0','0','0','0','0','0','0','0','0','0',NULL),
('1580','1','5','0','0','0','0','0','0','0','0','0','0','0','pl'),
('1581','1','6','0','0','0','0','0','0','0','0','0','0','0','ru'),
('1582','1','7','0','0','0','0','0','0','0','0','0','0','0','ru'),
('1583','1','6','0','1','1024','768','32','0','1','1','1','0','1','fr'),
('1584','1','6','0','1','1024','768','32','0','1','1','1','0','1','fr'),
('1585','1','6','0','0','0','0','0','0','0','0','0','0','0','fr'),
('1586','1','5','0','0','0','0','0','0','0','0','0','0','0','fr'),
('1587','1','5','0','0','0','0','0','0','0','0','0','0','0','fr'),
('1588','1','5','0','1','1024','768','32','1','1','1','0','0','1','fr'),
('1589','1','6','0','1','1024','768','32','0','1','0','0','0','1','fr'),
('1590','3','1','0','1','1920','1080','24','0','1','0','1','0','0','fr'),
('1591','3','1','0','1','1920','1080','24','0','1','0','1','0','0','fr'),
('1592','3','1','0','0','0','0','0','0','0','0','0','0','0','fr-fr'),
('1593','3','1','0','0','0','0','0','0','0','0','0','0','0','fr-fr'),
('1594','2','6','0','1','1366','768','32','1','1','1','0','0','1','es'),
('1595','2','7','0','0','0','0','0','0','0','0','0','0','0','fr'),
('1596','2','7','0','0','0','0','0','0','0','0','0','0','0','fr'),
('1597','1','6','0','0','0','0','0','0','0','0','0','0','0','fr'),
('1598','1','6','0','0','0','0','0','0','0','0','0','0','0','fr'),
('1599','1','6','0','0','0','0','0','0','0','0','0','0','0','fr'),
('1600','1','7','0','0','0','0','0','0','0','0','0','0','0','fr'),
('1601','1','6','0','0','0','0','0','0','0','0','0','0','0','fr-ca'),
('1602','1','6','0','0','0','0','0','0','0','0','0','0','0','fr-ca'),
('1603','2','7','0','0','0','0','0','0','0','0','0','0','0','fr-ca'),
('1604','1','3','0','1','1280','1024','24','1','1','0','0','0','0','fr'),
('1605','3','3','0','1','1280','1024','24','1','1','1','0','0','0','fr'),
('1606','1','3','0','1','1280','1024','32','1','1','1','1','0','0','fr'),
('1607','2','7','0','1','1280','800','32','1','1','0','1','0','1','fr'),
('1608','1','8','0','0','0','0','0','0','0','0','0','0','0','fr'),
('1609','1','8','0','0','0','0','0','0','0','0','0','0','0','fr'),
('1610','1','3','0','1','1152','864','24','1','1','0','0','0','0','fr'),
('1611','1','3','0','1','1440','900','32','1','1','1','1','0','0','fr');
INSERT INTO `arbor_guest` VALUES
('1612','1','0','0','0','0','0','0','0','0','0','0','0','0','en'),
('1613','1','5','0','0','0','0','0','0','0','0','0','0','0','en-us'),
('1614','1','8','0','0','0','0','0','0','0','0','0','0','0','fr'),
('1615','1','8','0','0','0','0','0','0','0','0','0','0','0','fr'),
('1616','2','7','0','1','819','614','32','0','1','0','0','0','1','fr'),
('1617','1','0','0','0','0','0','0','0','0','0','0','0','0','en'),
('1618','2','7','0','1','1440','900','32','1','1','0','1','0','1','fr-ca'),
('1619','1','6','0','0','0','0','0','0','0','0','0','0','0','en-za'),
('1620','1','7','0','0','0','0','0','0','0','0','0','0','0',NULL),
('1621','1','3','0','1','1440','900','32','1','1','0','0','0','0','fr'),
('1622','1','3','0','1','1280','1024','32','1','1','0','1','0','1',NULL),
('1623','2','7','0','1','1600','900','32','0','1','0','1','0','1','fr'),
('1624','2','7','0','1','1600','900','32','0','1','0','1','0','1','fr'),
('1625','2','7','0','1','1600','900','32','0','1','0','1','0','1','fr'),
('1626','1','5','0','1','1280','1024','32','1','1','0','1','0','1','fr'),
('1627','2','7','0','0','0','0','0','0','0','0','0','0','0','fr'),
('1628','1','3','0','1','1024','768','32','0','1','1','1','0','0','fr'),
('1629','1','6','0','0','0','0','0','0','0','0','0','0','0','fr'),
('1630','1','7','0','0','0','0','0','0','0','0','0','0','0','fr'),
('1631','2','6','0','0','0','0','0','0','0','0','0','0','0','fr'),
('1632','1','6','0','0','0','0','0','0','0','0','0','0','0',NULL),
('1633','1','6','0','0','0','0','0','0','0','0','0','0','0',NULL),
('1634','1','6','0','0','0','0','0','0','0','0','0','0','0',NULL),
('1635','1','6','0','0','0','0','0','0','0','0','0','0','0',NULL),
('1636','1','6','0','0','0','0','0','0','0','0','0','0','0',NULL),
('1637','1','6','0','0','0','0','0','0','0','0','0','0','0',NULL),
('1638','1','6','0','0','0','0','0','0','0','0','0','0','0',NULL),
('1639','1','5','0','0','0','0','0','0','0','0','0','0','0',NULL),
('1640','1','5','0','0','0','0','0','0','0','0','0','0','0',NULL),
('1641','1','5','0','0','0','0','0','0','0','0','0','0','0',NULL),
('1642','1','5','0','0','0','0','0','0','0','0','0','0','0','fr'),
('1643','2','6','0','0','0','0','0','0','0','0','0','0','0','fr'),
('1644','2','6','0','0','0','0','0','0','0','0','0','0','0','fr'),
('1645','3','3','0','0','0','0','0','0','0','0','0','0','0','fr'),
('1646','3','3','0','0','0','0','0','0','0','0','0','0','0','fr'),
('1647','1','6','0','0','0','0','0','0','0','0','0','0','0','fr-ca'),
('1648','1','6','0','0','0','0','0','0','0','0','0','0','0','fr-ca'),
('1649','1','3','0','1','1024','768','32','1','1','0','1','0','0','fr'),
('1650','1','3','0','1','1280','800','32','1','1','0','1','0','0','fr'),
('1651','3','1','0','1','1680','1050','24','1','1','0','1','0','0','fr-fr'),
('1652','1','3','0','1','1024','768','32','1','1','0','1','0','0','fr'),
('1653','1','0','0','0','0','0','0','0','0','0','0','0','0','en'),
('1654','2','3','0','0','0','0','0','0','0','0','0','0','0','fr'),
('1655','3','3','0','0','0','0','0','0','0','0','0','0','0','fr'),
('1656','3','3','0','0','0','0','0','0','0','0','0','0','0','fr'),
('1657','1','7','0','1','1280','800','32','0','1','0','0','0','1','fr'),
('1658','1','6','0','1','1024','768','32','1','1','0','1','0','1','fr-ca'),
('1659','2','8','0','1','1366','768','32','1','1','0','0','0','0','fr'),
('1660','3','1','0','0','0','0','0','0','0','0','0','0','0','fr-fr'),
('1661','1','8','0','0','0','0','0','0','0','0','0','0','0','fr'),
('1662','2','7','0','1','1440','900','32','0','1','0','1','0','1','fr'),
('1663','1','5','0','0','0','0','0','0','0','0','0','0','0','en-us'),
('1664','2','6','0','0','0','0','0','0','0','0','0','0','0','fr'),
('1665','2','7','0','0','0','0','0','0','0','0','0','0','0','fr'),
('1666','1','8','0','0','0','0','0','0','0','0','0','0','0','fr'),
('1667','1','8','0','0','0','0','0','0','0','0','0','0','0','fr'),
('1668','1','8','0','0','0','0','0','0','0','0','0','0','0','fr'),
('1669','1','8','0','1','1024','600','32','0','1','0','0','0','0','fr'),
('1670','1','5','0','0','0','0','0','0','0','0','0','0','0','en-us'),
('1671','1','5','0','0','0','0','0','0','0','0','0','0','0','en-us'),
('1672','1','5','0','0','0','0','0','0','0','0','0','0','0','en-us'),
('1673','2','3','0','1','1600','900','24','1','1','0','0','0','0','fr'),
('1674','1','5','0','0','0','0','0','0','0','0','0','0','0',NULL),
('1675','1','5','0','0','0','0','0','0','0','0','0','0','0',NULL),
('1676','1','5','0','0','0','0','0','0','0','0','0','0','0',NULL),
('1677','1','3','0','0','0','0','0','0','0','0','0','0','0','fr'),
('1678','1','6','0','0','0','0','0','0','0','0','0','0','0','fr'),
('1679','1','5','0','0','0','0','0','0','0','0','0','0','0',NULL),
('1680','1','5','0','0','0','0','0','0','0','0','0','0','0',NULL),
('1681','1','5','0','0','0','0','0','0','0','0','0','0','0',NULL),
('1682','1','7','0','1','1280','1024','32','0','1','0','1','0','1','fr'),
('1683','1','0','0','0','0','0','0','0','0','0','0','0','0','en'),
('1684','1','6','0','0','0','0','0','0','0','0','0','0','0','fr-fr'),
('1685','1','6','0','0','0','0','0','0','0','0','0','0','0','fr-fr'),
('1686','2','3','0','1','2112','1320','32','1','1','0','1','0','1','fr'),
('1687','2','7','0','0','0','0','0','0','0','0','0','0','0','fr'),
('1688','2','7','0','0','0','0','0','0','0','0','0','0','0','fr'),
('1689','2','7','0','0','0','0','0','0','0','0','0','0','0','fr'),
('1690','1','0','0','0','0','0','0','0','0','0','0','0','0','en'),
('1691','1','5','0','0','0','0','0','0','0','0','0','0','0','en-us'),
('1692','1','5','0','0','0','0','0','0','0','0','0','0','0','en-us'),
('1693','1','5','0','0','0','0','0','0','0','0','0','0','0','en-us'),
('1694','1','0','0','0','0','0','0','0','0','0','0','0','0','en'),
('1695','1','5','0','0','0','0','0','0','0','0','0','0','0','en-us'),
('1696','1','5','0','0','0','0','0','0','0','0','0','0','0','en-us'),
('1697','1','5','0','0','0','0','0','0','0','0','0','0','0','en-us'),
('1698','1','3','0','1','1280','1024','24','1','1','0','0','0','0','fr'),
('1699','3','1','0','1','1280','800','24','1','1','0','1','0','0','fr-fr'),
('1700','1','5','0','1','1280','1024','32','1','1','0','0','0','1','fr'),
('1701','1','0','0','0','0','0','0','0','0','0','0','0','0','en'),
('1702','1','7','0','0','0','0','0','0','0','0','0','0','0',NULL),
('1703','2','6','0','0','0','0','0','0','0','0','0','0','0','fr'),
('1704','2','6','0','0','0','0','0','0','0','0','0','0','0','fr'),
('1705','1','3','0','1','1280','1024','32','1','1','1','1','0','1','fr'),
('1706','1','3','0','0','0','0','0','0','0','0','0','0','0','fr'),
('1707','1','3','0','0','0','0','0','0','0','0','0','0','0','fr'),
('1708','1','6','0','0','0','0','0','0','0','0','0','0','0','fr'),
('1709','1','6','0','0','0','0','0','0','0','0','0','0','0','fr'),
('1710','1','7','0','0','0','0','0','0','0','0','0','0','0','fr'),
('1711','1','5','0','1','1024','768','32','1','1','0','0','0','1','fr'),
('1712','1','6','0','1','1024','768','32','1','1','0','1','0','1','fr'),
('1713','2','6','0','1','1152','864','16','0','1','0','1','0','1','fr'),
('1714','1','6','0','0','0','0','0','0','0','0','0','0','0','fr-be'),
('1715','1','6','0','1','1024','768','32','0','1','0','0','0','1','fr'),
('1716','1','0','0','0','0','0','0','0','0','0','0','0','0','en'),
('1717','4','2','0','1','1280','1024','24','1','1','0','0','0','0','en-us'),
('1718','1','3','0','1','1024','768','32','0','1','0','0','0','0','fr'),
('1719','1','3','0','1','1280','1024','32','1','1','1','1','0','1','fr'),
('1720','1','5','0','0','0','0','0','0','0','0','0','0','0','fr'),
('1721','1','5','0','0','0','0','0','0','0','0','0','0','0','fr'),
('1722','2','3','0','1','1680','1050','24','1','1','1','0','0','0','fr'),
('1723','1','5','0','0','0','0','0','0','0','0','0','0','0','fr'),
('1724','1','5','0','0','0','0','0','0','0','0','0','0','0','fr'),
('1725','1','0','0','0','0','0','0','0','0','0','0','0','0','en'),
('1726','2','3','0','1','1440','900','32','1','1','0','0','0','0','fr'),
('1727','2','3','0','0','0','0','0','0','0','0','0','0','0','fr'),
('1728','2','3','0','0','0','0','0','0','0','0','0','0','0','fr'),
('1729','2','6','0','0','0','0','0','0','0','0','0','0','0','fr'),
('1730','2','6','0','1','1600','900','32','1','1','0','0','0','1','fr'),
('1731','2','3','0','0','0','0','0','0','0','0','0','0','0','fr'),
('1732','2','3','0','0','0','0','0','0','0','0','0','0','0','fr'),
('1733','2','6','0','0','0','0','0','0','0','0','0','0','0','fr'),
('1734','2','6','0','0','0','0','0','0','0','0','0','0','0','fr'),
('1735','1','3','0','1','1024','768','32','1','1','1','1','0','0','fr-ca'),
('1736','1','6','0','0','0','0','0','0','0','0','0','0','0','fr'),
('1737','2','3','0','1','1280','800','32','1','1','0','1','0','1','fr'),
('1738','1','7','0','0','0','0','0','0','0','0','0','0','0','fr-ch'),
('1739','1','5','0','0','0','0','0','0','0','0','0','0','0','fr'),
('1740','1','5','0','0','0','0','0','0','0','0','0','0','0','fr'),
('1741','1','5','0','0','0','0','0','0','0','0','0','0','0','fr'),
('1742','1','5','0','1','1280','960','32','1','1','0','0','0','1','fr'),
('1743','3','1','0','0','0','0','0','0','0','0','0','0','0','fr'),
('1744','3','1','0','0','0','0','0','0','0','0','0','0','0','fr'),
('1745','1','3','0','1','1366','768','32','1','1','0','0','0','0','fr'),
('1746','1','5','0','0','0','0','0','0','0','0','0','0','0',NULL),
('1747','2','3','0','0','0','0','0','0','0','0','0','0','0','fr'),
('1748','2','3','0','0','0','0','0','0','0','0','0','0','0','fr'),
('1749','1','5','0','0','0','0','0','0','0','0','0','0','0','en-us'),
('1750','1','2','0','1','1024','768','32','1','1','1','0','0','0','fr'),
('1751','1','5','0','0','0','0','0','0','0','0','0','0','0','en-us'),
('1752','1','5','0','0','0','0','0','0','0','0','0','0','0','en-us'),
('1753','1','6','0','0','0','0','0','0','0','0','0','0','0','fr'),
('1754','1','7','0','0','0','0','0','0','0','0','0','0','0','fr'),
('1755','1','3','0','1','1280','1024','32','1','1','0','1','0','1','fr'),
('1756','1','5','0','0','0','0','0','0','0','0','0','0','0','en-us'),
('1757','3','1','0','1','1024','768','32','0','1','1','1','0','0','fr'),
('1758','1','6','0','0','0','0','0','0','0','0','0','0','0','fr'),
('1759','1','6','0','0','0','0','0','0','0','0','0','0','0','fr'),
('1760','2','3','0','1','1280','1024','32','1','0','0','0','0','0','fr'),
('1761','1','5','0','1','1024','768','32','1','1','1','0','0','1','fr'),
('1762','1','3','0','1','1024','600','32','1','0','0','1','0','0','fr'),
('1763','1','3','0','1','1280','1024','32','1','1','0','0','0','0','fr'),
('1764','1','5','0','0','0','0','0','0','0','0','0','0','0','en-us'),
('1765','1','5','0','0','0','0','0','0','0','0','0','0','0',NULL),
('1766','3','3','0','1','1024','768','24','1','1','1','1','0','0','fr'),
('1767','3','1','0','0','0','0','0','0','0','0','0','0','0','fr-fr'),
('1768','3','1','0','0','0','0','0','0','0','0','0','0','0','fr-fr'),
('1769','2','7','0','1','1366','768','32','1','1','0','1','0','1','fr'),
('1770','1','6','0','0','0','0','0','0','0','0','0','0','0','fr-ca'),
('1771','1','6','0','0','0','0','0','0','0','0','0','0','0','fr'),
('1772','1','6','0','0','0','0','0','0','0','0','0','0','0','fr'),
('1773','1','6','0','0','0','0','0','0','0','0','0','0','0','fr'),
('1774','2','7','0','1','1440','900','32','1','1','1','0','0','1','fr'),
('1775','1','3','0','0','0','0','0','0','0','0','0','0','0','fr'),
('1776','1','3','0','0','0','0','0','0','0','0','0','0','0','fr'),
('1777','2','6','0','1','1280','1024','32','0','1','0','1','0','1','fr'),
('1778','2','8','0','1','1366','768','32','0','1','0','1','0','0','fr'),
('1779','1','3','0','1','1024','768','32','1','1','0','0','0','0','fr'),
('1780','4','3','0','0','0','0','0','0','0','0','0','0','0','fr'),
('1781','2','3','0','1','1024','768','32','0','1','0','0','0','0','fr'),
('1782','2','6','0','0','0','0','0','0','0','0','0','0','0','fr'),
('1783','2','6','0','0','0','0','0','0','0','0','0','0','0','fr'),
('1784','1','7','0','1','1024','768','32','0','1','0','1','0','1','fr'),
('1785','1','6','0','0','0','0','0','0','0','0','0','0','0','fr-ca'),
('1786','1','7','0','0','0','0','0','0','0','0','0','0','0','fr-ca'),
('1787','1','3','0','1','1280','1024','32','1','1','0','1','0','0','fr'),
('1788','1','7','0','0','0','0','0','0','0','0','0','0','0','en-ca'),
('1789','1','7','0','0','0','0','0','0','0','0','0','0','0','en-ca'),
('1790','1','0','0','0','0','0','0','0','0','0','0','0','0','en'),
('1791','1','7','0','1','1280','1024','32','0','1','1','1','0','1','fr-ca'),
('1792','1','0','0','0','0','0','0','0','0','0','0','0','0','en'),
('1793','1','0','0','0','0','0','0','0','0','0','0','0','0','en'),
('1794','1','0','0','0','0','0','0','0','0','0','0','0','0','en'),
('1795','1','7','0','0','0','0','0','0','0','0','0','0','0',NULL),
('1796','4','3','0','1','1920','1200','24','1','1','0','0','0','0','fr'),
('1797','1','6','0','0','0','0','0','0','0','0','0','0','0',NULL),
('1798','1','6','0','0','0','0','0','0','0','0','0','0','0',NULL),
('1799','1','6','0','0','0','0','0','0','0','0','0','0','0',NULL),
('1800','1','6','0','0','0','0','0','0','0','0','0','0','0',NULL),
('1801','1','6','0','0','0','0','0','0','0','0','0','0','0',NULL),
('1802','1','6','0','0','0','0','0','0','0','0','0','0','0',NULL),
('1803','1','6','0','0','0','0','0','0','0','0','0','0','0',NULL),
('1804','3','1','0','0','0','0','0','0','0','0','0','0','0','fr-fr'),
('1805','1','0','0','0','0','0','0','0','0','0','0','0','0','en'),
('1806','1','7','0','0','0','0','0','0','0','0','0','0','0','fr-ch'),
('1807','1','5','0','0','0','0','0','0','0','0','0','0','0','en-us'),
('1808','1','5','0','0','0','0','0','0','0','0','0','0','0','en-us'),
('1809','1','5','0','0','0','0','0','0','0','0','0','0','0','en-us'),
('1810','1','5','0','0','0','0','0','0','0','0','0','0','0','en-us'),
('1811','1','5','0','0','0','0','0','0','0','0','0','0','0','en-us');
INSERT INTO `arbor_guest` VALUES
('1812','3','3','0','1','1440','900','24','1','1','1','1','0','0','fr'),
('1813','1','3','0','0','0','0','0','0','0','0','0','0','0','fr'),
('1814','2','7','0','1','1024','768','32','0','1','0','0','0','1','fr'),
('1815','2','3','0','0','0','0','0','0','0','0','0','0','0','fr'),
('1816','1','5','0','0','0','0','0','0','0','0','0','0','0','fr'),
('1817','1','5','0','0','0','0','0','0','0','0','0','0','0','fr'),
('1818','1','3','0','1','1024','768','32','0','1','0','1','0','1','fr'),
('1819','1','3','0','0','0','0','0','0','0','0','0','0','0','fr'),
('1820','2','7','0','1','1280','720','32','0','1','0','0','0','1','fr'),
('1821','2','3','0','0','0','0','0','0','0','0','0','0','0','fr'),
('1822','2','3','0','0','0','0','0','0','0','0','0','0','0','fr'),
('1823','1','3','0','1','1280','1024','32','1','1','0','1','0','1','fr'),
('1824','2','7','0','1','1680','1050','32','1','1','1','1','0','1','fr'),
('1825','1','6','0','0','0','0','0','0','0','0','0','0','0','fr'),
('1826','1','7','0','0','0','0','0','0','0','0','0','0','0','fr'),
('1827','1','3','0','0','0','0','0','0','0','0','0','0','0','fr'),
('1828','2','3','0','0','0','0','0','0','0','0','0','0','0','fr'),
('1829','2','3','0','0','0','0','0','0','0','0','0','0','0','fr'),
('1830','1','7','0','0','0','0','0','0','0','0','0','0','0','fr'),
('1831','1','5','0','0','0','0','0','0','0','0','0','0','0','en-us'),
('1832','1','5','0','0','0','0','0','0','0','0','0','0','0','en-us'),
('1833','1','5','0','0','0','0','0','0','0','0','0','0','0','en-us'),
('1834','1','5','0','0','0','0','0','0','0','0','0','0','0','en-us'),
('1835','1','5','0','0','0','0','0','0','0','0','0','0','0','en-us'),
('1836','1','5','0','0','0','0','0','0','0','0','0','0','0','en-us'),
('1837','1','5','0','0','0','0','0','0','0','0','0','0','0','en-us'),
('1838','2','7','0','0','0','0','0','0','0','0','0','0','0','fr'),
('1839','2','7','0','0','0','0','0','0','0','0','0','0','0','fr'),
('1840','1','5','0','0','0','0','0','0','0','0','0','0','0','en-us'),
('1841','1','5','0','0','0','0','0','0','0','0','0','0','0','en-us'),
('1842','1','0','0','0','0','0','0','0','0','0','0','0','0','en'),
('1843','1','0','0','0','0','0','0','0','0','0','0','0','0','en'),
('1844','2','7','0','1','1280','800','32','1','1','0','1','0','1','fr'),
('1845','1','7','0','0','0','0','0','0','0','0','0','0','0',NULL),
('1846','1','0','0','0','0','0','0','0','0','0','0','0','0','en'),
('1847','1','0','0','0','0','0','0','0','0','0','0','0','0','en'),
('1848','2','7','0','0','0','0','0','0','0','0','0','0','0','fr'),
('1849','1','8','0','0','0','0','0','0','0','0','0','0','0','fr'),
('1850','1','8','0','1','1680','1050','32','1','1','1','1','0','0','fr'),
('1851','1','3','0','0','0','0','0','0','0','0','0','0','0','fr'),
('1852','1','3','0','0','0','0','0','0','0','0','0','0','0','fr'),
('1853','1','5','0','0','0','0','0','0','0','0','0','0','0','en-us'),
('1854','2','6','0','1','1280','1024','32','1','1','0','1','0','1','fr'),
('1855','2','7','0','1','1280','1024','32','1','1','1','1','0','1','de'),
('1856','2','6','0','1','1680','1050','32','0','1','1','0','0','1','fr'),
('1857','2','7','0','0','0','0','0','0','0','0','0','0','0','fr'),
('1858','2','7','0','0','0','0','0','0','0','0','0','0','0','fr'),
('1859','1','3','0','1','1440','900','32','1','1','0','1','0','0','fr'),
('1860','4','0','0','0','0','0','0','0','0','0','0','0','0',NULL),
('1861','4','0','0','0','0','0','0','0','0','0','0','0','0',NULL),
('1862','4','0','0','0','0','0','0','0','0','0','0','0','0',NULL),
('1863','4','0','0','0','0','0','0','0','0','0','0','0','0',NULL),
('1864','1','3','0','0','0','0','0','0','0','0','0','0','0','fr'),
('1865','2','6','0','0','0','0','0','0','0','0','0','0','0','fr'),
('1866','2','6','0','0','0','0','0','0','0','0','0','0','0','fr'),
('1867','1','5','0','0','0','0','0','0','0','0','0','0','0','fr'),
('1868','2','3','0','0','0','0','0','0','0','0','0','0','0','fr'),
('1869','2','3','0','0','0','0','0','0','0','0','0','0','0','fr'),
('1870','2','3','0','0','0','0','0','0','0','0','0','0','0','fr'),
('1871','1','3','0','1','1024','768','24','1','0','0','1','0','0','fr'),
('1872','2','7','0','1','1600','900','32','1','1','0','1','0','1','fr'),
('1873','2','7','0','1','1680','1050','32','1','1','1','1','0','1','fr'),
('1874','2','6','0','1','1280','800','32','0','1','0','1','0','1','fr'),
('1875','1','3','0','0','0','0','0','0','0','0','0','0','0','fr'),
('1876','1','5','0','0','0','0','0','0','0','0','0','0','0','fr'),
('1877','1','5','0','0','0','0','0','0','0','0','0','0','0','fr'),
('1878','2','6','0','0','0','0','0','0','0','0','0','0','0','fr-be'),
('1879','1','3','0','1','1296','810','32','1','1','0','0','0','0','fr'),
('1880','0','5','0','0','0','0','0','0','0','0','0','0','0',NULL),
('1881','1','0','0','0','0','0','0','0','0','0','0','0','0','en'),
('1882','3','1','0','1','1920','1200','24','1','1','0','1','0','0','fr-fr'),
('1883','1','5','0','0','0','0','0','0','0','0','0','0','0','en-us'),
('1884','1','5','0','0','0','0','0','0','0','0','0','0','0','en-us'),
('1885','1','7','0','1','1280','800','32','1','1','0','0','0','1','fr'),
('1886','1','3','0','1','1680','1050','24','1','1','1','1','0','0','fr'),
('1887','1','6','0','0','0','0','0','0','0','0','0','0','0','fr'),
('1888','1','6','0','1','1024','768','32','1','1','1','1','0','1','fr'),
('1889','1','7','0','0','0','0','0','0','0','0','0','0','0',NULL),
('1890','1','6','0','0','0','0','0','0','0','0','0','0','0','fr'),
('1891','1','3','0','1','1280','1024','32','0','1','0','0','0','0','fr'),
('1892','3','3','0','0','0','0','0','0','0','0','0','0','0','en-gb'),
('1893','1','5','0','0','0','0','0','0','0','0','0','0','0','fr'),
('1894','1','5','0','0','0','0','0','0','0','0','0','0','0','fr'),
('1895','1','5','0','0','0','0','0','0','0','0','0','0','0',NULL),
('1896','1','3','0','1','1280','1024','32','1','1','0','1','0','0','fr'),
('1897','1','6','0','0','0','0','0','0','0','0','0','0','0','en-us'),
('1898','1','3','0','0','0','0','0','0','0','0','0','0','0','fr'),
('1899','1','3','0','0','0','0','0','0','0','0','0','0','0','fr'),
('1900','2','7','0','1','1600','900','32','0','1','0','0','0','1','fr'),
('1901','1','6','0','0','0','0','0','0','0','0','0','0','0','fr'),
('1902','1','6','0','0','0','0','0','0','0','0','0','0','0','fr'),
('1903','1','3','0','0','0','0','0','0','0','0','0','0','0','de-de'),
('1904','1','3','0','0','0','0','0','0','0','0','0','0','0','de-de'),
('1905','2','3','0','0','0','0','0','0','0','0','0','0','0','fr'),
('1906','2','6','0','0','0','0','0','0','0','0','0','0','0','fr'),
('1907','2','6','0','0','0','0','0','0','0','0','0','0','0','fr'),
('1908','1','6','0','1','1024','768','32','1','1','0','1','0','1','fr'),
('1909','1','7','0','1','1024','768','32','1','1','0','1','0','1','fr-ca'),
('1910','1','6','0','0','0','0','0','0','0','0','0','0','0','en'),
('1911','1','5','0','1','1280','800','32','1','1','1','1','0','1','fr'),
('1912','1','6','0','0','0','0','0','0','0','0','0','0','0','en'),
('1913','1','6','0','1','1280','800','32','1','1','0','0','0','1','fr'),
('1914','2','7','0','0','0','0','0','0','0','0','0','0','0','fr-ca'),
('1915','1','5','0','0','0','0','0','0','0','0','0','0','0','fr'),
('1916','1','5','0','0','0','0','0','0','0','0','0','0','0','fr'),
('1917','1','7','0','1','1024','768','32','0','1','0','0','0','1','fr'),
('1918','2','3','0','0','0','0','0','0','0','0','0','0','0','fr'),
('1919','2','3','0','0','0','0','0','0','0','0','0','0','0','fr'),
('1920','1','5','0','0','0','0','0','0','0','0','0','0','0','fr'),
('1921','1','5','0','0','0','0','0','0','0','0','0','0','0','fr'),
('1922','1','6','0','0','0','0','0','0','0','0','0','0','0','en-us'),
('1923','2','6','0','0','0','0','0','0','0','0','0','0','0','fr'),
('1924','1','7','0','0','0','0','0','0','0','0','0','0','0','fr-be'),
('1925','1','7','0','0','0','0','0','0','0','0','0','0','0','fr-be'),
('1926','3','3','0','0','0','0','0','0','0','0','0','0','0','ru'),
('1927','1','3','0','1','1920','1200','24','0','1','0','1','0','0','fr'),
('1928','1','7','0','1','1024','768','32','1','1','0','1','0','1','fr'),
('1929','1','5','0','0','0','0','0','0','0','0','0','0','0','fr'),
('1930','2','6','0','0','0','0','0','0','0','0','0','0','0','fr-ca'),
('1931','1','0','0','0','0','0','0','0','0','0','0','0','0','en'),
('1932','1','5','0','0','0','0','0','0','0','0','0','0','0','en-us'),
('1933','1','5','0','0','0','0','0','0','0','0','0','0','0','en-us'),
('1934','1','5','0','0','0','0','0','0','0','0','0','0','0','en-us'),
('1935','1','5','0','0','0','0','0','0','0','0','0','0','0','en-us'),
('1936','1','5','0','0','0','0','0','0','0','0','0','0','0','en-us'),
('1937','1','7','0','0','0','0','0','0','0','0','0','0','0',NULL),
('1938','1','5','0','0','0','0','0','0','0','0','0','0','0','en-us'),
('1939','1','5','0','0','0','0','0','0','0','0','0','0','0','en-us'),
('1940','1','5','0','0','0','0','0','0','0','0','0','0','0','en-us'),
('1941','1','0','0','0','0','0','0','0','0','0','0','0','0','en'),
('1942','1','5','0','0','0','0','0','0','0','0','0','0','0','en-us'),
('1943','1','5','0','0','0','0','0','0','0','0','0','0','0','fr'),
('1944','2','6','0','1','1440','900','32','1','1','0','0','0','1','fr'),
('1945','2','3','0','0','0','0','0','0','0','0','0','0','0','fr'),
('1946','2','3','0','0','0','0','0','0','0','0','0','0','0','fr'),
('1947','3','1','0','0','0','0','0','0','0','0','0','0','0','fr'),
('1948','3','1','0','0','0','0','0','0','0','0','0','0','0','fr'),
('1949','3','1','0','0','0','0','0','0','0','0','0','0','0','fr'),
('1950','3','1','0','0','0','0','0','0','0','0','0','0','0','fr'),
('1951','1','3','0','1','1024','768','32','1','1','0','0','0','0','fr'),
('1952','1','6','0','1','1280','1024','32','1','1','0','0','0','1','fr'),
('1953','1','0','0','0','0','0','0','0','0','0','0','0','0','en'),
('1954','3','1','0','1','1024','768','24','1','1','1','1','0','0','fr-fr'),
('1955','1','0','0','0','0','0','0','0','0','0','0','0','0','en'),
('1956','2','6','0','1','1440','900','32','1','1','0','0','0','1','fr'),
('1957','2','6','0','0','0','0','0','0','0','0','0','0','0','fr'),
('1958','2','6','0','0','0','0','0','0','0','0','0','0','0','fr'),
('1959','1','5','0','0','0','0','0','0','0','0','0','0','0','fr'),
('1960','1','6','0','0','0','0','0','0','0','0','0','0','0','fr'),
('1961','1','3','0','1','1280','1024','32','1','1','1','1','0','0','fr'),
('1962','0','1','0','0','0','0','0','0','0','0','0','0','0',NULL),
('1963','3','1','0','1','1440','900','24','1','1','1','1','0','0','fr-fr'),
('1964','2','3','0','1','1440','900','32','1','1','0','1','0','0','pt-br'),
('1965','3','1','0','1','1280','800','24','1','1','1','1','0','0','fr-fr'),
('1966','2','6','0','0','0','0','0','0','0','0','0','0','0','fr'),
('1967','2','7','0','0','0','0','0','0','0','0','0','0','0','fr'),
('1968','1','6','0','1','1280','800','32','0','1','0','1','0','1','fr'),
('1969','3','1','0','0','0','0','0','0','0','0','0','0','0','fr-fr'),
('1970','3','1','0','0','0','0','0','0','0','0','0','0','0','fr-fr'),
('1971','1','7','0','1','1024','768','32','0','1','0','0','0','1','fr'),
('1972','1','3','0','1','2048','1152','32','1','1','0','1','0','0','fr'),
('1973','3','1','0','0','0','0','0','0','0','0','0','0','0','fr-fr'),
('1974','3','1','0','0','0','0','0','0','0','0','0','0','0','fr-fr'),
('1975','2','3','0','0','0','0','0','0','0','0','0','0','0','fr'),
('1976','2','3','0','1','1600','900','24','1','1','1','0','0','0','fr'),
('1977','1','7','0','0','0','0','0','0','0','0','0','0','0','fr'),
('1978','1','0','0','0','0','0','0','0','0','0','0','0','0','en'),
('1979','1','5','0','0','0','0','0','0','0','0','0','0','0',NULL),
('1980','1','5','0','0','0','0','0','0','0','0','0','0','0',NULL),
('1981','2','6','0','1','1152','720','32','1','1','1','0','0','1','fr'),
('1982','1','7','0','0','0','0','0','0','0','0','0','0','0',NULL),
('1983','1','0','0','0','0','0','0','0','0','0','0','0','0','en'),
('1984','1','0','0','0','0','0','0','0','0','0','0','0','0','en'),
('1985','1','8','0','1','1280','800','32','0','1','1','1','0','0','fr'),
('1986','1','5','0','0','0','0','0','0','0','0','0','0','0',NULL),
('1987','1','0','0','0','0','0','0','0','0','0','0','0','0','en'),
('1988','2','2','0','1','1280','1024','32','1','1','0','1','0','1','fr'),
('1989','1','3','0','0','0','0','0','0','0','0','0','0','0','fr'),
('1990','1','6','0','0','0','0','0','0','0','0','0','0','0','en'),
('1991','1','3','0','0','0','0','0','0','0','0','0','0','0','fr'),
('1992','1','3','0','0','0','0','0','0','0','0','0','0','0','fr'),
('1993','1','5','0','1','1280','1024','32','0','1','0','0','0','1','fr'),
('1994','1','7','0','1','1280','720','32','1','1','0','1','0','1','fr'),
('1995','2','8','0','0','0','0','0','0','0','0','0','0','0','fr'),
('1996','2','8','0','1','1680','1050','32','1','1','0','1','0','1','fr'),
('1997','1','5','0','1','1024','768','32','1','1','0','0','0','1','fr'),
('1998','1','3','0','1','1024','768','24','1','1','0','0','0','1','fr'),
('1999','1','5','0','1','1024','768','32','1','1','0','0','0','1','en-us'),
('2000','1','5','0','1','1024','768','32','1','1','0','0','0','1','en-us'),
('2001','2','6','0','1','1280','800','32','1','1','1','1','0','1','fr'),
('2002','1','3','0','1','1280','1024','32','1','1','0','0','0','0','fr'),
('2003','1','6','0','0','0','0','0','0','0','0','0','0','0',NULL),
('2004','1','6','0','0','0','0','0','0','0','0','0','0','0',NULL),
('2005','1','6','0','0','0','0','0','0','0','0','0','0','0',NULL),
('2006','1','6','0','0','0','0','0','0','0','0','0','0','0',NULL),
('2007','1','6','0','0','0','0','0','0','0','0','0','0','0',NULL),
('2008','1','0','0','0','0','0','0','0','0','0','0','0','0','en'),
('2009','1','5','0','1','1280','800','32','1','1','0','1','0','1','fr'),
('2010','1','3','0','1','1280','800','32','1','1','0','1','0','0','de-de'),
('2011','1','3','0','0','0','0','0','0','0','0','0','0','0','de-de');
INSERT INTO `arbor_guest` VALUES
('2012','1','3','0','1','1280','800','32','1','1','0','1','0','0','de-de'),
('2013','2','6','0','0','0','0','0','0','0','0','0','0','0','fr'),
('2014','2','6','0','0','0','0','0','0','0','0','0','0','0','fr'),
('2015','1','5','0','0','0','0','0','0','0','0','0','0','0','fr'),
('2016','1','5','0','0','0','0','0','0','0','0','0','0','0','fr'),
('2017','3','1','0','0','0','0','0','0','0','0','0','0','0','fr'),
('2018','3','1','0','0','0','0','0','0','0','0','0','0','0','fr'),
('2019','1','6','0','0','0','0','0','0','0','0','0','0','0','fr-ca'),
('2020','2','7','0','1','1024','768','32','1','1','0','1','0','1','fr'),
('2021','1','5','0','0','0','0','0','0','0','0','0','0','0','fr'),
('2022','1','6','0','0','0','0','0','0','0','0','0','0','0','fr'),
('2023','1','7','0','0','0','0','0','0','0','0','0','0','0','fr'),
('2024','1','3','0','1','1680','1050','32','0','1','0','0','0','0','fr'),
('2025','1','7','0','0','0','0','0','0','0','0','0','0','0','fr-be'),
('2026','1','7','0','0','0','0','0','0','0','0','0','0','0','fr-be'),
('2027','1','7','0','0','0','0','0','0','0','0','0','0','0','fr-be'),
('2028','1','7','0','0','0','0','0','0','0','0','0','0','0','fr-be'),
('2029','1','3','0','0','0','0','0','0','0','0','0','0','0','fr-fr'),
('2030','1','3','0','0','0','0','0','0','0','0','0','0','0','fr-fr'),
('2031','1','6','0','0','0','0','0','0','0','0','0','0','0','fr'),
('2032','2','7','0','1','1600','900','32','1','1','0','1','0','1','fr'),
('2033','3','3','0','0','0','0','0','0','0','0','0','0','0','fr'),
('2034','2','3','0','0','0','0','0','0','0','0','0','0','0','fr'),
('2035','2','7','0','1','840','525','32','1','1','0','1','0','1','fr-ch'),
('2036','1','5','0','0','0','0','0','0','0','0','0','0','0','en'),
('2037','1','5','0','0','0','0','0','0','0','0','0','0','0','en'),
('2038','1','5','0','1','1024','768','32','1','1','1','1','0','1','en'),
('2039','1','5','0','0','0','0','0','0','0','0','0','0','0','en'),
('2040','1','5','0','0','0','0','0','0','0','0','0','0','0','en-us'),
('2041','1','8','0','1','1280','1024','32','1','1','0','0','0','0','fr'),
('2042','1','5','0','0','0','0','0','0','0','0','0','0','0','en-us'),
('2043','1','5','0','0','0','0','0','0','0','0','0','0','0','en-us'),
('2044','1','5','0','0','0','0','0','0','0','0','0','0','0','en-us'),
('2045','1','6','0','0','0','0','0','0','0','0','0','0','0','fr-ca'),
('2046','1','6','0','0','0','0','0','0','0','0','0','0','0','fr-ca'),
('2047','1','3','0','0','0','0','0','0','0','0','0','0','0','fr'),
('2048','1','3','0','0','0','0','0','0','0','0','0','0','0','fr'),
('2049','1','3','0','1','1280','800','24','0','1','0','1','0','0','fr'),
('2050','1','3','0','0','0','0','0','0','0','0','0','0','0','fr'),
('2051','1','8','0','1','1280','800','32','1','1','0','0','0','0','fr'),
('2052','1','3','0','0','0','0','0','0','0','0','0','0','0','fr'),
('2053','1','6','0','1','1024','768','32','1','1','1','0','0','1','fr-ca'),
('2054','1','6','0','1','1024','768','32','1','1','1','0','0','1','fr-ca'),
('2055','2','6','0','0','0','0','0','0','0','0','0','0','0','fr'),
('2056','1','7','0','0','0','0','0','0','0','0','0','0','0',NULL),
('2057','1','3','0','0','0','0','0','0','0','0','0','0','0',NULL),
('2058','3','3','0','1','1024','768','24','1','1','1','1','0','0','fr'),
('2059','1','5','0','0','0','0','0','0','0','0','0','0','0',NULL),
('2060','1','5','0','0','0','0','0','0','0','0','0','0','0',NULL),
('2061','1','6','0','1','1280','1024','32','1','1','0','1','0','1','fr'),
('2062','2','8','0','0','0','0','0','0','0','0','0','0','0',NULL),
('2063','1','0','0','0','0','0','0','0','0','0','0','0','0','en'),
('2064','1','5','0','1','1024','768','32','1','1','0','0','0','1','fr'),
('2065','2','3','0','1','1280','1024','32','1','1','1','1','0','1','fr'),
('2066','1','0','0','0','0','0','0','0','0','0','0','0','0','en'),
('2067','1','6','0','1','800','600','16','1','1','0','1','0','1','fr'),
('2068','1','0','0','0','0','0','0','0','0','0','0','0','0','en'),
('2069','2','8','0','0','0','0','0','0','0','0','0','0','0',NULL),
('2070','4','0','0','0','0','0','0','0','0','0','0','0','0',NULL),
('2071','4','0','0','0','0','0','0','0','0','0','0','0','0',NULL),
('2072','4','0','0','0','0','0','0','0','0','0','0','0','0',NULL),
('2073','2','6','0','1','1280','1024','32','1','1','1','1','0','1','fr'),
('2074','2','3','0','1','1280','800','32','1','1','0','1','0','0','fr'),
('2075','1','7','0','1','1024','768','32','1','1','1','1','0','1','fr-ca'),
('2076','1','0','0','0','0','0','0','0','0','0','0','0','0','en'),
('2077','1','3','0','0','0','0','0','0','0','0','0','0','0','fr'),
('2078','1','3','0','0','0','0','0','0','0','0','0','0','0','fr'),
('2079','2','7','0','0','0','0','0','0','0','0','0','0','0','fr'),
('2080','1','5','0','0','0','0','0','0','0','0','0','0','0','fr-ch'),
('2081','1','5','0','0','0','0','0','0','0','0','0','0','0','fr-ch'),
('2082','1','3','0','0','0','0','0','0','0','0','0','0','0','fr'),
('2083','1','3','0','0','0','0','0','0','0','0','0','0','0','fr'),
('2084','1','5','0','0','0','0','0','0','0','0','0','0','0','fr'),
('2085','1','5','0','0','0','0','0','0','0','0','0','0','0','fr'),
('2086','2','6','0','0','0','0','0','0','0','0','0','0','0','fr'),
('2087','2','6','0','0','0','0','0','0','0','0','0','0','0','fr'),
('2088','2','7','0','1','1680','1050','32','1','1','0','1','0','1','fr'),
('2089','1','5','0','0','0','0','0','0','0','0','0','0','0',NULL),
('2090','2','6','0','1','1440','900','32','1','1','1','1','0','1','fr'),
('2091','2','7','0','0','0','0','0','0','0','0','0','0','0','fr'),
('2092','2','7','0','1','1440','900','32','1','1','1','1','0','1','fr'),
('2093','1','5','0','1','1280','1024','32','0','1','0','1','0','1','fr'),
('2094','1','6','0','1','1024','768','32','0','1','0','1','0','1','fr'),
('2095','1','5','0','0','0','0','0','0','0','0','0','0','0','en-us'),
('2096','1','5','0','0','0','0','0','0','0','0','0','0','0','en-us'),
('2097','2','6','0','1','1280','800','32','0','1','1','0','0','1','fr'),
('2098','1','6','0','0','0','0','0','0','0','0','0','0','0','fr'),
('2099','1','6','0','1','1024','768','32','1','1','1','1','0','1','fr'),
('2100','2','7','0','0','0','0','0','0','0','0','0','0','0','fr'),
('2101','1','6','0','0','0','0','0','0','0','0','0','0','0','fr'),
('2102','1','6','0','0','0','0','0','0','0','0','0','0','0','fr'),
('2103','1','7','0','0','0','0','0','0','0','0','0','0','0','fr'),
('2104','2','7','0','1','1440','900','32','0','1','0','0','0','1','fr'),
('2105','2','6','0','0','0','0','0','0','0','0','0','0','0','fr'),
('2106','2','7','0','0','0','0','0','0','0','0','0','0','0','fr'),
('2107','1','7','0','1','1093','614','32','1','1','1','1','0','1','fr'),
('2108','1','7','0','1','1024','768','32','1','1','0','0','0','1','fr'),
('2109','1','6','0','0','0','0','0','0','0','0','0','0','0','fr'),
('2110','1','6','0','0','0','0','0','0','0','0','0','0','0','fr'),
('2111','1','3','0','1','1280','800','32','1','1','1','1','0','0','fr'),
('2112','1','7','0','1','1024','768','32','1','1','0','1','0','1','fr-ca'),
('2113','1','3','0','0','0','0','0','0','0','0','0','0','0','fr'),
('2114','1','0','0','0','0','0','0','0','0','0','0','0','0','en'),
('2115','1','0','0','0','0','0','0','0','0','0','0','0','0','en'),
('2116','1','0','0','0','0','0','0','0','0','0','0','0','0','en'),
('2117','1','7','0','0','0','0','0','0','0','0','0','0','0',NULL),
('2118','1','3','0','0','0','0','0','0','0','0','0','0','0','fr'),
('2119','1','3','0','0','0','0','0','0','0','0','0','0','0','fr'),
('2120','1','0','0','0','0','0','0','0','0','0','0','0','0','en'),
('2121','2','7','0','1','1440','900','32','0','1','0','1','0','1','nl-be'),
('2122','1','0','0','0','0','0','0','0','0','0','0','0','0','en'),
('2123','1','5','0','0','0','0','0','0','0','0','0','0','0','en-us'),
('2124','1','5','0','0','0','0','0','0','0','0','0','0','0','en-us'),
('2125','2','7','0','1','1680','1050','32','0','1','1','1','0','1','fr'),
('2126','1','5','0','0','0','0','0','0','0','0','0','0','0','en-us'),
('2127','1','0','0','0','0','0','0','0','0','0','0','0','0','en'),
('2128','1','5','0','0','0','0','0','0','0','0','0','0','0','en-us'),
('2129','1','5','0','0','0','0','0','0','0','0','0','0','0','en-us'),
('2130','2','3','0','0','0','0','0','0','0','0','0','0','0','fr'),
('2131','1','0','0','0','0','0','0','0','0','0','0','0','0','en'),
('2132','1','0','0','0','0','0','0','0','0','0','0','0','0','en'),
('2133','1','5','0','0','0','0','0','0','0','0','0','0','0','en-us'),
('2134','1','6','0','0','0','0','0','0','0','0','0','0','0','fr'),
('2135','1','7','0','0','0','0','0','0','0','0','0','0','0','fr'),
('2136','1','3','0','0','0','0','0','0','0','0','0','0','0','fr'),
('2137','1','3','0','0','0','0','0','0','0','0','0','0','0','fr'),
('2138','1','6','0','0','0','0','0','0','0','0','0','0','0','fr'),
('2139','1','6','0','0','0','0','0','0','0','0','0','0','0','fr'),
('2140','3','1','0','0','0','0','0','0','0','0','0','0','0','fr-fr'),
('2141','3','1','0','0','0','0','0','0','0','0','0','0','0','fr-fr'),
('2142','3','1','0','0','0','0','0','0','0','0','0','0','0','fr-fr'),
('2143','3','1','0','1','1280','1024','24','1','1','0','1','0','0','fr-fr'),
('2144','2','3','0','1','1440','900','32','1','1','0','1','0','1','fr'),
('2145','2','6','0','0','0','0','0','0','0','0','0','0','0','fr'),
('2146','1','0','0','0','0','0','0','0','0','0','0','0','0','en'),
('2147','1','3','0','1','1280','1024','32','1','1','1','1','0','1','fr'),
('2148','1','6','0','0','0','0','0','0','0','0','0','0','0','fr'),
('2149','2','6','0','0','0','0','0','0','0','0','0','0','0',NULL),
('2150','2','6','0','0','0','0','0','0','0','0','0','0','0',NULL),
('2151','2','8','0','1','1440','900','32','0','1','0','0','0','0','fr'),
('2152','2','7','0','1','1024','640','32','1','1','0','1','0','1','fr'),
('2153','1','8','0','1','1280','800','32','1','1','1','0','0','0','fr'),
('2154','1','5','0','1','1024','768','32','0','1','0','0','0','1','fr'),
('2155','1','0','0','0','0','0','0','0','0','0','0','0','0',NULL),
('2156','2','3','0','1','1440','900','24','1','1','1','1','0','1','fr'),
('2157','1','6','0','0','0','0','0','0','0','0','0','0','0','fr'),
('2158','1','6','0','0','0','0','0','0','0','0','0','0','0',NULL),
('2159','1','5','0','0','0','0','0','0','0','0','0','0','0',NULL),
('2160','2','3','0','0','0','0','0','0','0','0','0','0','0','fr'),
('2161','2','3','0','0','0','0','0','0','0','0','0','0','0','fr'),
('2162','1','6','0','0','0','0','0','0','0','0','0','0','0','fr'),
('2163','1','7','0','0','0','0','0','0','0','0','0','0','0','fr'),
('2164','1','6','0','0','0','0','0','0','0','0','0','0','0','en-ca'),
('2165','1','6','0','0','0','0','0','0','0','0','0','0','0','en-ca'),
('2166','2','3','0','1','1440','900','32','1','1','0','0','0','0','fr'),
('2167','1','7','0','1','1600','1200','32','0','1','0','0','0','0','fr'),
('2168','1','6','0','0','0','0','0','0','0','0','0','0','0','fr-ca'),
('2169','1','7','0','0','0','0','0','0','0','0','0','0','0','fr-ca'),
('2170','1','6','0','0','0','0','0','0','0','0','0','0','0','fr'),
('2171','1','0','0','0','0','0','0','0','0','0','0','0','0','en'),
('2172','1','8','0','0','0','0','0','0','0','0','0','0','0','fr'),
('2173','1','8','0','0','0','0','0','0','0','0','0','0','0','fr'),
('2174','1','8','0','1','1024','600','32','1','1','0','0','0','0','fr'),
('2175','2','6','0','1','1024','768','32','0','1','1','1','0','1','fr'),
('2176','3','3','0','1','1440','900','24','1','1','0','1','0','0','es-es'),
('2177','1','0','0','0','0','0','0','0','0','0','0','0','0','en'),
('2178','1','6','0','1','1680','1050','32','1','1','0','1','0','1','fr-ca'),
('2179','1','0','0','0','0','0','0','0','0','0','0','0','0','en'),
('2180','1','0','0','0','0','0','0','0','0','0','0','0','0','en'),
('2181','1','7','0','0','0','0','0','0','0','0','0','0','0',NULL),
('2182','3','3','0','1','1920','1200','24','1','1','0','1','0','0','fr'),
('2183','1','0','0','0','0','0','0','0','0','0','0','0','0','en'),
('2184','1','0','0','0','0','0','0','0','0','0','0','0','0','en'),
('2185','1','0','0','0','0','0','0','0','0','0','0','0','0','en'),
('2186','1','3','0','1','1920','1200','32','1','1','0','1','0','0','fr'),
('2187','1','3','0','0','0','0','0','0','0','0','0','0','0','fr'),
('2188','2','6','0','0','0','0','0','0','0','0','0','0','0','fr'),
('2189','2','6','0','0','0','0','0','0','0','0','0','0','0','fr'),
('2190','2','6','0','0','0','0','0','0','0','0','0','0','0','fr'),
('2191','2','7','0','0','0','0','0','0','0','0','0','0','0','fr'),
('2192','2','7','0','1','1366','768','32','1','1','0','0','0','1','fr'),
('2193','1','2','0','0','0','0','0','0','0','0','0','0','0','fr'),
('2194','1','2','0','0','0','0','0','0','0','0','0','0','0','fr'),
('2195','2','7','0','0','0','0','0','0','0','0','0','0','0','fr'),
('2196','1','3','0','0','0','0','0','0','0','0','0','0','0','fr'),
('2197','1','3','0','0','0','0','0','0','0','0','0','0','0','fr'),
('2198','2','8','0','0','0','0','0','0','0','0','0','0','0','fr'),
('2199','2','6','0','0','0','0','0','0','0','0','0','0','0','fr'),
('2200','2','7','0','1','1600','900','32','1','1','0','0','0','1','fr'),
('2201','2','6','0','0','0','0','0','0','0','0','0','0','0','fr'),
('2202','1','6','0','1','800','600','16','0','0','0','1','0','1','en-us'),
('2203','3','1','0','0','0','0','0','0','0','0','0','0','0','ja-jp'),
('2204','1','7','26','1','1440','900','32','0','1','0','1','0','1','fr'),
('2205','1','6','0','1','800','600','16','0','0','0','1','0','1','en-us'),
('2206','2','3','0','0','0','0','0','0','0','0','0','0','0','en-gb'),
('2207','1','6','0','0','0','0','0','0','0','0','0','0','0','fr'),
('2208','1','6','0','1','1280','800','32','1','1','0','1','0','1','fr'),
('2209','2','3','0','0','0','0','0','0','0','0','0','0','0','fr'),
('2210','2','3','0','0','0','0','0','0','0','0','0','0','0','fr'),
('2211','1','3','0','0','0','0','0','0','0','0','0','0','0','fr');
INSERT INTO `arbor_guest` VALUES
('2212','2','6','0','0','0','0','0','0','0','0','0','0','0','fr'),
('2213','2','7','0','0','0','0','0','0','0','0','0','0','0','fr'),
('2214','2','7','0','1','1280','1024','32','0','1','0','0','0','1','fr'),
('2215','4','3','0','1','1680','1050','24','0','1','0','0','0','0','fr'),
('2216','1','3','0','0','0','0','0','0','0','0','0','0','0','fr'),
('2217','2','6','0','1','1680','1050','32','1','1','0','1','0','1','fr'),
('2218','1','5','0','0','0','0','0','0','0','0','0','0','0',NULL),
('2219','1','7','0','1','1069','855','32','0','1','1','1','0','1','fr'),
('2220','2','3','0','1','1600','900','32','1','1','0','1','0','1','fr'),
('2221','2','8','0','0','0','0','0','0','0','0','0','0','0','fr'),
('2222','2','8','0','0','0','0','0','0','0','0','0','0','0','fr'),
('2223','3','1','0','1','1280','800','24','1','1','0','1','0','0','fr-fr'),
('2224','1','0','0','0','0','0','0','0','0','0','0','0','0','en'),
('2225','1','7','0','0','0','0','0','0','0','0','0','0','0',NULL),
('2226','1','0','0','0','0','0','0','0','0','0','0','0','0','en'),
('2227','2','7','0','0','0','0','0','0','0','0','0','0','0','fr'),
('2228','2','3','0','1','1440','900','32','1','1','0','1','0','0','fr'),
('2229','1','6','0','0','0','0','0','0','0','0','0','0','0','fr'),
('2230','1','6','0','0','0','0','0','0','0','0','0','0','0','fr'),
('2231','1','5','0','0','0','0','0','0','0','0','0','0','0',NULL),
('2232','1','0','0','0','0','0','0','0','0','0','0','0','0','en'),
('2233','1','5','0','0','0','0','0','0','0','0','0','0','0',NULL),
('2234','3','1','0','1','1024','768','24','0','1','0','1','0','0','fr-fr'),
('2235','2','6','0','0','0','0','0','0','0','0','0','0','0','fr'),
('2236','2','6','0','0','0','0','0','0','0','0','0','0','0','fr'),
('2237','1','0','0','0','0','0','0','0','0','0','0','0','0','en'),
('2238','1','5','0','1','1024','768','32','1','1','0','0','0','1','en-us'),
('2239','1','0','0','0','0','0','0','0','0','0','0','0','0','en'),
('2240','2','6','0','0','0','0','0','0','0','0','0','0','0','fr'),
('2241','2','6','0','0','0','0','0','0','0','0','0','0','0','fr'),
('2242','1','5','0','1','1024','576','32','0','1','0','0','0','1','fr-ca'),
('2243','2','3','0','1','1440','900','24','1','1','0','0','0','0','fr'),
('2244','1','3','0','0','0','0','0','0','0','0','0','0','0','fr'),
('2245','1','3','0','0','0','0','0','0','0','0','0','0','0','fr'),
('2246','3','1','0','1','320','396','32','0','0','0','0','0','0','fr-fr'),
('2247','1','0','0','0','0','0','0','0','0','0','0','0','0','en'),
('2248','3','1','0','0','0','0','0','0','0','0','0','0','0','fr-fr'),
('2249','3','1','0','0','0','0','0','0','0','0','0','0','0','fr-fr'),
('2250','1','6','0','0','0','0','0','0','0','0','0','0','0','en-us'),
('2251','1','6','0','0','0','0','0','0','0','0','0','0','0','en-us'),
('2252','1','7','0','0','0','0','0','0','0','0','0','0','0','fr'),
('2253','1','6','0','0','0','0','0','0','0','0','0','0','0','fr-be'),
('2254','1','6','0','0','0','0','0','0','0','0','0','0','0','fr-be'),
('2255','1','6','0','1','1680','1050','32','1','1','0','0','0','1','fr'),
('2256','2','3','0','1','1600','900','24','1','1','0','1','0','1','fr'),
('2257','2','3','0','0','0','0','0','0','0','0','0','0','0','fr'),
('2258','1','3','0','0','0','0','0','0','0','0','0','0','0','fr'),
('2259','1','3','0','1','1024','768','16','1','1','0','0','0','0','fr'),
('2260','2','3','0','0','0','0','0','0','0','0','0','0','0','fr'),
('2261','1','3','0','0','0','0','0','0','0','0','0','0','0','fr'),
('2262','1','3','0','0','0','0','0','0','0','0','0','0','0','fr'),
('2263','1','6','0','0','0','0','0','0','0','0','0','0','0','fr'),
('2264','1','7','0','0','0','0','0','0','0','0','0','0','0','fr-ca'),
('2265','1','4','0','0','0','0','0','0','0','0','0','0','0','fr'),
('2266','1','4','0','0','0','0','0','0','0','0','0','0','0','fr'),
('2267','2','8','0','0','0','0','0','0','0','0','0','0','0',NULL),
('2268','2','8','0','0','0','0','0','0','0','0','0','0','0',NULL),
('2269','1','6','0','0','0','0','0','0','0','0','0','0','0','fr'),
('2270','1','6','0','0','0','0','0','0','0','0','0','0','0','fr'),
('2271','2','7','0','1','1440','900','32','0','1','0','0','0','1','fr'),
('2272','2','7','0','0','0','0','0','0','0','0','0','0','0','fr'),
('2273','2','7','0','0','0','0','0','0','0','0','0','0','0','fr'),
('2274','1','7','0','0','0','0','0','0','0','0','0','0','0','fr'),
('2275','1','5','0','0','0','0','0','0','0','0','0','0','0','en-us'),
('2276','1','5','0','0','0','0','0','0','0','0','0','0','0','en-us'),
('2277','1','6','0','1','1280','768','32','1','1','0','1','0','1','fr'),
('2278','1','5','0','0','0','0','0','0','0','0','0','0','0','en-us'),
('2279','1','5','0','0','0','0','0','0','0','0','0','0','0','en-us'),
('2280','1','5','0','0','0','0','0','0','0','0','0','0','0','en-us'),
('2281','1','5','0','0','0','0','0','0','0','0','0','0','0','en-us'),
('2282','1','6','0','1','1920','1200','32','0','1','0','1','0','1','fr-fr'),
('2283','1','5','0','0','0','0','0','0','0','0','0','0','0','en-us'),
('2284','1','5','0','0','0','0','0','0','0','0','0','0','0','en-us'),
('2285','1','5','0','1','1280','800','32','1','1','0','1','0','1','fr'),
('2286','4','3','0','0','0','0','0','0','0','0','0','0','0','fr'),
('2287','2','7','0','0','0','0','0','0','0','0','0','0','0','fr'),
('2288','2','7','0','0','0','0','0','0','0','0','0','0','0','fr'),
('2289','2','3','0','1','1280','800','32','0','1','0','1','0','0','fr'),
('2290','1','3','0','0','0','0','0','0','0','0','0','0','0','en-us'),
('2291','1','8','0','0','0','0','0','0','0','0','0','0','0','fr'),
('2292','1','8','0','0','0','0','0','0','0','0','0','0','0','fr'),
('2293','1','0','0','0','0','0','0','0','0','0','0','0','0','en'),
('2294','1','0','0','0','0','0','0','0','0','0','0','0','0','en'),
('2295','1','7','0','0','0','0','0','0','0','0','0','0','0',NULL),
('2296','1','3','0','0','0','0','0','0','0','0','0','0','0','en-us'),
('2297','1','3','0','0','0','0','0','0','0','0','0','0','0','en-us'),
('2298','2','8','0','1','1280','800','32','0','1','1','1','0','1','fr'),
('2299','1','0','0','0','0','0','0','0','0','0','0','0','0','en'),
('2300','1','5','0','1','1280','1024','32','1','1','0','0','0','1','fr'),
('2301','1','0','0','0','0','0','0','0','0','0','0','0','0','en'),
('2302','1','5','0','0','0','0','0','0','0','0','0','0','0','en-us'),
('2303','1','5','0','0','0','0','0','0','0','0','0','0','0','en-us'),
('2304','1','0','0','0','0','0','0','0','0','0','0','0','0','en'),
('2305','1','5','0','0','0','0','0','0','0','0','0','0','0','en-us'),
('2306','3','3','0','0','0','0','0','0','0','0','0','0','0','fr'),
('2307','3','3','0','0','0','0','0','0','0','0','0','0','0','fr'),
('2308','2','7','0','0','0','0','0','0','0','0','0','0','0','fr'),
('2309','1','5','0','0','0','0','0','0','0','0','0','0','0','en-us'),
('2310','1','5','0','0','0','0','0','0','0','0','0','0','0','en-us'),
('2311','1','3','0','1','1152','864','24','0','1','0','0','0','0','fr'),
('2312','1','5','0','0','0','0','0','0','0','0','0','0','0','en-us'),
('2313','1','5','0','0','0','0','0','0','0','0','0','0','0','en-us'),
('2314','1','5','0','1','800','600','16','0','1','0','1','0','1','en-us'),
('2315','1','5','0','0','0','0','0','0','0','0','0','0','0','en-us'),
('2316','1','5','0','0','0','0','0','0','0','0','0','0','0','en-us'),
('2317','1','5','0','0','0','0','0','0','0','0','0','0','0','en-us'),
('2318','1','5','0','0','0','0','0','0','0','0','0','0','0','en-us'),
('2319','1','5','0','0','0','0','0','0','0','0','0','0','0','en-us'),
('2320','1','5','0','0','0','0','0','0','0','0','0','0','0','en-us'),
('2321','1','5','0','0','0','0','0','0','0','0','0','0','0','en-us'),
('2322','1','5','0','0','0','0','0','0','0','0','0','0','0','en-us'),
('2323','1','0','0','0','0','0','0','0','0','0','0','0','0','en'),
('2324','1','5','0','0','0','0','0','0','0','0','0','0','0','en-us'),
('2325','1','7','0','0','0','0','0','0','0','0','0','0','0','fr-be'),
('2326','1','7','0','0','0','0','0','0','0','0','0','0','0','fr-be'),
('2327','1','5','0','0','0','0','0','0','0','0','0','0','0','en-us'),
('2328','1','0','0','0','0','0','0','0','0','0','0','0','0','en'),
('2329','1','5','0','1','1024','768','32','1','1','0','0','0','1','fr'),
('2330','1','0','0','0','0','0','0','0','0','0','0','0','0','en'),
('2331','1','7','0','0','0','0','0','0','0','0','0','0','0','fr-ca'),
('2332','1','7','0','0','0','0','0','0','0','0','0','0','0','fr-ca'),
('2333','2','7','0','1','1024','768','32','1','1','0','1','0','1','fr'),
('2334','1','0','0','0','0','0','0','0','0','0','0','0','0','en'),
('2335','1','6','0','0','0','0','0','0','0','0','0','0','0','en'),
('2336','1','5','0','0','0','0','0','0','0','0','0','0','0','fr'),
('2337','1','5','0','0','0','0','0','0','0','0','0','0','0','fr'),
('2338','3','1','0','0','0','0','0','0','0','0','0','0','0','fr'),
('2339','3','1','0','0','0','0','0','0','0','0','0','0','0','fr'),
('2340','1','3','0','1','1024','768','32','1','1','1','0','0','0','fr'),
('2341','2','6','0','1','1280','1024','32','0','1','0','1','0','1','fr-ca'),
('2342','1','3','0','0','0','0','0','0','0','0','0','0','0','fr'),
('2343','1','3','0','0','0','0','0','0','0','0','0','0','0','fr'),
('2344','2','3','0','1','1920','1080','24','0','1','0','0','0','1','fr'),
('2345','1','0','0','0','0','0','0','0','0','0','0','0','0','en'),
('2346','1','0','0','0','0','0','0','0','0','0','0','0','0','en'),
('2347','2','7','0','1','1440','900','32','0','1','0','1','0','1','fr'),
('2348','3','3','0','0','0','0','0','0','0','0','0','0','0','fr'),
('2349','3','3','0','0','0','0','0','0','0','0','0','0','0','fr'),
('2350','2','6','0','1','1440','900','32','1','1','0','1','0','1','fr-ca'),
('2351','1','6','0','0','0','0','0','0','0','0','0','0','0','fr'),
('2352','1','6','0','0','0','0','0','0','0','0','0','0','0','fr'),
('2353','1','0','0','0','0','0','0','0','0','0','0','0','0','en'),
('2354','1','6','0','0','0','0','0','0','0','0','0','0','0','fr'),
('2355','1','5','0','0','0','0','0','0','0','0','0','0','0',NULL),
('2356','1','6','0','0','0','0','0','0','0','0','0','0','0',NULL),
('2357','1','5','0','1','1280','1024','32','1','1','0','0','0','1','fr'),
('2358','2','7','0','0','0','0','0','0','0','0','0','0','0','fr'),
('2359','2','7','0','0','0','0','0','0','0','0','0','0','0','fr'),
('2360','1','3','0','0','0','0','0','0','0','0','0','0','0','fr'),
('2361','1','3','0','0','0','0','0','0','0','0','0','0','0','fr'),
('2362','2','6','0','0','0','0','0','0','0','0','0','0','0','en-us'),
('2363','2','6','0','0','0','0','0','0','0','0','0','0','0','en-us'),
('2364','1','0','0','0','0','0','0','0','0','0','0','0','0','en'),
('2365','1','5','0','0','0','0','0','0','0','0','0','0','0','en-us'),
('2366','1','5','0','0','0','0','0','0','0','0','0','0','0','en-us'),
('2367','1','5','0','0','0','0','0','0','0','0','0','0','0','en-us'),
('2368','1','0','0','0','0','0','0','0','0','0','0','0','0','en'),
('2369','1','0','0','0','0','0','0','0','0','0','0','0','0','en'),
('2370','1','0','0','0','0','0','0','0','0','0','0','0','0','en'),
('2371','1','5','0','0','0','0','0','0','0','0','0','0','0','en-us'),
('2372','1','5','0','0','0','0','0','0','0','0','0','0','0','en-us'),
('2373','1','5','0','0','0','0','0','0','0','0','0','0','0','en-us'),
('2374','1','7','0','0','0','0','0','0','0','0','0','0','0',NULL),
('2375','1','5','0','1','800','600','16','0','1','0','1','0','1','en-us'),
('2376','1','5','0','0','0','0','0','0','0','0','0','0','0','en-us'),
('2377','1','5','0','0','0','0','0','0','0','0','0','0','0','en-us'),
('2378','1','5','0','0','0','0','0','0','0','0','0','0','0','en-us'),
('2379','1','5','0','0','0','0','0','0','0','0','0','0','0','en-us'),
('2380','1','5','0','0','0','0','0','0','0','0','0','0','0','en-us'),
('2381','3','1','0','1','1024','768','24','0','1','1','1','0','0','fr'),
('2382','1','5','0','0','0','0','0','0','0','0','0','0','0','fr'),
('2383','1','5','0','0','0','0','0','0','0','0','0','0','0','en-us'),
('2384','1','5','0','0','0','0','0','0','0','0','0','0','0','en-us'),
('2385','1','5','0','0','0','0','0','0','0','0','0','0','0','en-us'),
('2386','1','5','0','0','0','0','0','0','0','0','0','0','0','en-us'),
('2387','1','5','0','0','0','0','0','0','0','0','0','0','0','en-us'),
('2388','1','5','0','0','0','0','0','0','0','0','0','0','0','en-us'),
('2389','1','3','0','1','1024','768','24','1','1','1','1','0','0','fr'),
('2390','2','7','0','1','1680','1050','32','1','1','1','0','0','1','fr'),
('2391','2','3','0','1','1600','900','32','1','1','0','0','0','0','fr'),
('2392','2','8','0','0','0','0','0','0','0','0','0','0','0','fr'),
('2393','1','6','0','1','1024','768','32','1','1','1','0','0','1','fr'),
('2394','1','6','0','1','1024','768','32','1','1','1','0','0','1','fr'),
('2395','1','7','0','1','1024','768','32','0','1','0','0','0','1','fr'),
('2396','1','3','0','1','1024','768','32','1','1','0','1','0','0','fr'),
('2397','1','6','0','1','1024','768','32','0','1','0','0','0','1','fr'),
('2398','1','5','0','0','0','0','0','0','0','0','0','0','0','en-us'),
('2399','1','7','0','1','1280','800','32','1','1','1','1','0','1','fr'),
('2400','1','6','0','0','0','0','0','0','0','0','0','0','0','en'),
('2401','1','8','0','0','0','0','0','0','0','0','0','0','0','fr'),
('2402','1','8','0','0','0','0','0','0','0','0','0','0','0','fr'),
('2403','1','7','0','0','0','0','0','0','0','0','0','0','0','fr'),
('2404','1','7','0','0','0','0','0','0','0','0','0','0','0','fr'),
('2405','1','5','0','0','0','0','0','0','0','0','0','0','0','en-us'),
('2406','1','0','0','0','0','0','0','0','0','0','0','0','0','en'),
('2407','2','6','0','1','1152','864','32','1','1','1','0','0','1','en-us'),
('2408','2','7','0','1','1024','768','32','1','1','0','1','0','1','fr'),
('2409','1','0','0','0','0','0','0','0','0','0','0','0','0','en'),
('2410','1','0','0','0','0','0','0','0','0','0','0','0','0','en'),
('2411','1','7','0','1','1024','768','32','0','0','0','0','0','1','fr');
INSERT INTO `arbor_guest` VALUES
('2412','1','7','0','1','1024','768','32','0','1','1','1','0','1','fr'),
('2413','2','6','0','0','0','0','0','0','0','0','0','0','0','fr'),
('2414','2','7','0','0','0','0','0','0','0','0','0','0','0','fr'),
('2415','1','0','0','0','0','0','0','0','0','0','0','0','0','en'),
('2416','1','5','0','1','1024','768','32','1','1','0','0','0','1','fr'),
('2417','1','7','0','0','0','0','0','0','0','0','0','0','0','fr'),
('2418','4','3','0','0','0','0','0','0','0','0','0','0','0','fr'),
('2419','1','3','0','0','0','0','0','0','0','0','0','0','0','fr'),
('2420','1','3','0','0','0','0','0','0','0','0','0','0','0','fr'),
('2421','2','7','0','0','0','0','0','0','0','0','0','0','0','fr'),
('2422','2','7','0','0','0','0','0','0','0','0','0','0','0','fr'),
('2423','1','3','0','0','0','0','0','0','0','0','0','0','0','fr'),
('2424','1','3','0','0','0','0','0','0','0','0','0','0','0','fr'),
('2425','3','8','0','1','1440','900','24','0','1','0','1','0','0','de'),
('2426','1','6','0','1','1024','768','32','1','1','0','0','0','1','fr'),
('2427','1','5','0','0','0','0','0','0','0','0','0','0','0',NULL),
('2428','1','5','0','0','0','0','0','0','0','0','0','0','0',NULL),
('2429','1','6','0','0','0','0','0','0','0','0','0','0','0','fr'),
('2430','1','7','0','0','0','0','0','0','0','0','0','0','0','fr'),
('2431','2','6','0','0','0','0','0','0','0','0','0','0','0',NULL),
('2432','2','7','0','0','0','0','0','0','0','0','0','0','0','tr'),
('2433','2','7','0','0','0','0','0','0','0','0','0','0','0','tr'),
('2434','1','7','0','0','0','0','0','0','0','0','0','0','0','fr-ca'),
('2435','1','0','0','0','0','0','0','0','0','0','0','0','0','en'),
('2436','1','0','0','0','0','0','0','0','0','0','0','0','0','en'),
('2437','1','5','0','0','0','0','0','0','0','0','0','0','0','en-us'),
('2438','1','5','0','0','0','0','0','0','0','0','0','0','0','en-us'),
('2439','1','7','0','0','0','0','0','0','0','0','0','0','0',NULL),
('2440','1','5','0','0','0','0','0','0','0','0','0','0','0','en-us'),
('2441','1','0','0','0','0','0','0','0','0','0','0','0','0','en'),
('2442','1','5','0','0','0','0','0','0','0','0','0','0','0','en-us'),
('2443','1','5','0','0','0','0','0','0','0','0','0','0','0','en-us'),
('2444','1','5','0','1','800','600','16','0','1','0','1','0','1','en-us'),
('2445','1','5','0','0','0','0','0','0','0','0','0','0','0','en-us'),
('2446','1','5','0','0','0','0','0','0','0','0','0','0','0','en-us'),
('2447','1','5','0','0','0','0','0','0','0','0','0','0','0','en-us'),
('2448','1','5','0','0','0','0','0','0','0','0','0','0','0','en-us'),
('2449','1','5','0','0','0','0','0','0','0','0','0','0','0','en-us'),
('2450','1','5','0','0','0','0','0','0','0','0','0','0','0','en-us'),
('2451','1','5','0','1','800','600','16','0','1','0','1','0','1','en-us'),
('2452','1','5','0','0','0','0','0','0','0','0','0','0','0','en-us'),
('2453','1','5','0','0','0','0','0','0','0','0','0','0','0','en-us'),
('2454','1','5','0','1','800','600','16','0','1','0','1','0','1','en-us'),
('2455','1','5','0','0','0','0','0','0','0','0','0','0','0','en-us'),
('2456','1','5','0','0','0','0','0','0','0','0','0','0','0','en-us'),
('2457','2','7','0','1','1280','1024','32','1','1','0','0','0','1','fr'),
('2458','1','7','0','1','1440','900','32','1','1','0','0','0','1','fr'),
('2459','1','3','0','0','0','0','0','0','0','0','0','0','0','fr'),
('2460','1','3','0','0','0','0','0','0','0','0','0','0','0','fr'),
('2461','1','3','0','1','1024','768','32','1','1','0','1','0','0','fr'),
('2462','2','6','0','0','0','0','0','0','0','0','0','0','0','fr'),
('2463','2','6','0','0','0','0','0','0','0','0','0','0','0','fr'),
('2464','1','6','0','0','0','0','0','0','0','0','0','0','0',NULL),
('2465','1','5','0','0','0','0','0','0','0','0','0','0','0',NULL),
('2466','1','3','0','1','1024','768','24','1','1','0','0','0','0','fr'),
('2467','1','0','0','0','0','0','0','0','0','0','0','0','0','en'),
('2468','1','8','0','0','0','0','0','0','0','0','0','0','0','fr'),
('2469','1','8','0','0','0','0','0','0','0','0','0','0','0','fr'),
('2470','2','3','0','0','0','0','0','0','0','0','0','0','0','fr'),
('2471','1','7','0','1','1280','1024','32','1','1','0','1','0','1','fr'),
('2472','2','6','0','0','0','0','0','0','0','0','0','0','0','fr'),
('2473','2','7','0','0','0','0','0','0','0','0','0','0','0','fr'),
('2474','1','3','0','1','1280','800','32','1','1','0','0','0','0','fr'),
('2475','1','0','0','0','0','0','0','0','0','0','0','0','0','en'),
('2476','2','3','0','0','0','0','0','0','0','0','0','0','0','fr'),
('2477','2','3','0','0','0','0','0','0','0','0','0','0','0','fr'),
('2478','2','6','0','0','0','0','0','0','0','0','0','0','0','fr'),
('2479','1','7','0','1','1280','1024','32','1','1','0','1','0','1','fr'),
('2480','2','6','0','1','1440','900','32','1','1','1','0','0','1','fr'),
('2481','2','8','0','1','1440','900','32','0','1','0','0','0','0','fr'),
('2482','2','6','0','0','0','0','0','0','0','0','0','0','0','fr'),
('2483','2','7','0','0','0','0','0','0','0','0','0','0','0','fr'),
('2484','1','6','0','0','0','0','0','0','0','0','0','0','0','fr'),
('2485','1','6','0','0','0','0','0','0','0','0','0','0','0','fr'),
('2486','1','3','0','1','1280','1024','32','0','1','0','1','0','0','fr'),
('2487','1','0','0','0','0','0','0','0','0','0','0','0','0','en'),
('2488','1','3','0','0','0','0','0','0','0','0','0','0','0','fr'),
('2489','1','0','0','0','0','0','0','0','0','0','0','0','0','en'),
('2490','2','8','0','0','0','0','0','0','0','0','0','0','0','fr'),
('2491','2','8','0','0','0','0','0','0','0','0','0','0','0','fr'),
('2492','1','5','0','0','0','0','0','0','0','0','0','0','0',NULL),
('2493','1','6','0','0','0','0','0','0','0','0','0','0','0','en'),
('2494','1','3','0','0','0','0','0','0','0','0','0','0','0','en-us'),
('2495','1','3','0','1','1280','1024','32','1','1','1','1','0','1','en-us'),
('2496','1','6','0','0','0','0','0','0','0','0','0','0','0','en'),
('2497','1','6','0','0','0','0','0','0','0','0','0','0','0','fr'),
('2498','1','6','0','1','1024','768','32','1','1','0','1','0','1','fr'),
('2499','1','0','0','0','0','0','0','0','0','0','0','0','0','en'),
('2500','2','6','0','0','0','0','0','0','0','0','0','0','0','fr'),
('2501','2','6','0','0','0','0','0','0','0','0','0','0','0','fr'),
('2502','2','6','0','0','0','0','0','0','0','0','0','0','0','fr'),
('2503','2','3','0','0','0','0','0','0','0','0','0','0','0','nl'),
('2504','2','3','0','0','0','0','0','0','0','0','0','0','0','nl'),
('2505','1','7','0','1','1024','640','32','1','1','1','1','0','1','fr'),
('2506','1','3','0','1','1280','800','32','1','1','0','1','0','1','fr'),
('2507','1','7','0','0','0','0','0','0','0','0','0','0','0',NULL),
('2508','1','3','0','0','0','0','0','0','0','0','0','0','0','en-us'),
('2509','1','6','0','0','0','0','0','0','0','0','0','0','0','fr-ca'),
('2510','1','0','0','0','0','0','0','0','0','0','0','0','0','en'),
('2511','1','0','0','0','0','0','0','0','0','0','0','0','0','en'),
('2512','1','0','0','0','0','0','0','0','0','0','0','0','0','en'),
('2513','1','7','0','1','1152','864','32','1','1','1','1','0','1','fr'),
('2514','1','0','0','0','0','0','0','0','0','0','0','0','0','en'),
('2515','1','0','0','0','0','0','0','0','0','0','0','0','0','en'),
('2516','1','5','0','0','0','0','0','0','0','0','0','0','0','en-us'),
('2517','1','5','0','0','0','0','0','0','0','0','0','0','0','en-us'),
('2518','1','5','0','0','0','0','0','0','0','0','0','0','0','en-us'),
('2519','1','5','0','0','0','0','0','0','0','0','0','0','0','en-us'),
('2520','1','5','0','0','0','0','0','0','0','0','0','0','0','en-us'),
('2521','1','5','0','0','0','0','0','0','0','0','0','0','0','en-us'),
('2522','1','5','0','0','0','0','0','0','0','0','0','0','0','en-us'),
('2523','1','5','0','0','0','0','0','0','0','0','0','0','0','en-us'),
('2524','1','5','0','0','0','0','0','0','0','0','0','0','0','en-us'),
('2525','1','5','0','0','0','0','0','0','0','0','0','0','0','en-us'),
('2526','1','5','0','0','0','0','0','0','0','0','0','0','0','en-us'),
('2527','1','5','0','0','0','0','0','0','0','0','0','0','0','en-us'),
('2528','1','5','0','0','0','0','0','0','0','0','0','0','0','en-us'),
('2529','1','5','0','0','0','0','0','0','0','0','0','0','0','fr'),
('2530','1','5','0','0','0','0','0','0','0','0','0','0','0','en-us'),
('2531','2','6','0','1','1280','1024','32','1','1','0','0','0','1','fr'),
('2532','1','0','0','0','0','0','0','0','0','0','0','0','0','en'),
('2533','2','6','0','0','0','0','0','0','0','0','0','0','0','fr-ch'),
('2534','2','7','0','0','0','0','0','0','0','0','0','0','0','fr-ch'),
('2535','1','0','0','0','0','0','0','0','0','0','0','0','0','en'),
('2536','1','6','0','0','0','0','0','0','0','0','0','0','0','en'),
('2537','3','3','0','1','1280','854','24','1','1','0','1','0','0','fr-fr'),
('2538','2','3','0','1','1440','900','32','1','1','1','1','0','0','fr'),
('2539','2','3','0','1','1366','768','32','1','1','1','1','0','0','fr'),
('2540','1','5','0','0','0','0','0','0','0','0','0','0','0','fr'),
('2541','1','0','0','0','0','0','0','0','0','0','0','0','0','en'),
('2542','1','6','0','1','1280','1024','32','1','1','0','0','0','1','fr'),
('2543','1','0','0','0','0','0','0','0','0','0','0','0','0','en'),
('2544','1','3','0','0','0','0','0','0','0','0','0','0','0','fr'),
('2545','1','3','0','1','1280','800','24','0','0','0','1','0','0','fr'),
('2546','3','1','0','1','1440','900','24','0','1','0','1','0','0','fr'),
('2547','3','1','0','0','0','0','0','0','0','0','0','0','0','fr'),
('2548','1','6','0','1','1280','1024','32','1','1','1','1','0','1','es'),
('2549','1','7','0','0','0','0','0','0','0','0','0','0','0','fr'),
('2550','1','0','0','0','0','0','0','0','0','0','0','0','0','en'),
('2551','3','1','0','0','0','0','0','0','0','0','0','0','0','fr-fr'),
('2552','3','1','0','1','1920','1200','24','1','1','0','1','0','0','fr-fr'),
('2553','3','1','0','1','1280','1024','24','1','1','1','1','0','0','fr-ch'),
('2554','1','6','0','0','0','0','0','0','0','0','0','0','0','fr'),
('2555','1','6','0','0','0','0','0','0','0','0','0','0','0','fr'),
('2556','2','7','0','1','1680','1050','32','1','1','0','1','0','1','fr'),
('2557','1','5','0','0','0','0','0','0','0','0','0','0','0','fr'),
('2558','1','0','0','0','0','0','0','0','0','0','0','0','0','en'),
('2559','2','7','0','1','1280','1024','32','1','1','0','0','0','1','fr'),
('2560','1','5','0','0','0','0','0','0','0','0','0','0','0','fr'),
('2561','1','5','0','0','0','0','0','0','0','0','0','0','0','fr'),
('2562','1','3','0','0','0','0','0','0','0','0','0','0','0','fr'),
('2563','1','3','0','0','0','0','0','0','0','0','0','0','0','fr'),
('2564','1','0','0','0','0','0','0','0','0','0','0','0','0','en'),
('2565','1','5','0','0','0','0','0','0','0','0','0','0','0','fr'),
('2566','1','5','0','0','0','0','0','0','0','0','0','0','0','fr'),
('2567','1','6','0','0','0','0','0','0','0','0','0','0','0','en'),
('2568','1','6','0','0','0','0','0','0','0','0','0','0','0','fr'),
('2569','1','8','0','1','1440','900','32','0','1','0','0','0','0','fr'),
('2570','1','3','0','0','0','0','0','0','0','0','0','0','0','fr'),
('2571','1','5','0','1','1280','720','32','0','1','0','1','0','1','fr'),
('2572','1','3','0','0','0','0','0','0','0','0','0','0','0','fr'),
('2573','1','0','0','0','0','0','0','0','0','0','0','0','0','en'),
('2574','1','0','0','0','0','0','0','0','0','0','0','0','0','en'),
('2575','1','3','0','0','0','0','0','0','0','0','0','0','0','fr'),
('2576','1','3','0','0','0','0','0','0','0','0','0','0','0','fr'),
('2577','1','0','0','0','0','0','0','0','0','0','0','0','0','en'),
('2578','1','5','0','0','0','0','0','0','0','0','0','0','0','fr'),
('2579','1','5','0','0','0','0','0','0','0','0','0','0','0','fr'),
('2580','2','6','0','0','0','0','0','0','0','0','0','0','0','fr'),
('2581','2','7','0','1','1280','960','32','1','1','1','1','0','1','fr'),
('2582','1','6','0','0','0','0','0','0','0','0','0','0','0','fr'),
('2583','1','7','0','0','0','0','0','0','0','0','0','0','0','fr'),
('2584','1','0','0','0','0','0','0','0','0','0','0','0','0','en'),
('2585','1','8','0','1','1024','768','32','1','1','1','1','0','0','fr'),
('2586','2','6','0','0','0','0','0','0','0','0','0','0','0','fr'),
('2587','2','7','0','0','0','0','0','0','0','0','0','0','0','fr'),
('2588','1','3','0','0','0','0','0','0','0','0','0','0','0','fr'),
('2589','1','3','0','0','0','0','0','0','0','0','0','0','0','fr'),
('2590','2','6','0','0','0','0','0','0','0','0','0','0','0','fr'),
('2591','1','0','0','0','0','0','0','0','0','0','0','0','0','en'),
('2592','1','3','0','1','1024','768','32','1','1','0','0','0','0','fr'),
('2593','1','8','0','1','1024','768','32','1','1','0','0','0','0','fr'),
('2594','1','8','0','0','0','0','0','0','0','0','0','0','0','fr'),
('2595','1','7','0','0','0','0','0','0','0','0','0','0','0',NULL),
('2596','1','5','0','0','0','0','0','0','0','0','0','0','0','en-us'),
('2597','1','5','0','0','0','0','0','0','0','0','0','0','0','en-us'),
('2598','1','5','0','1','800','600','16','0','1','0','1','0','1','en-us'),
('2599','1','5','0','0','0','0','0','0','0','0','0','0','0','en-us'),
('2600','1','5','0','0','0','0','0','0','0','0','0','0','0','en-us'),
('2601','1','6','0','0','0','0','0','0','0','0','0','0','0',NULL),
('2602','1','0','0','0','0','0','0','0','0','0','0','0','0','en'),
('2603','1','5','0','0','0','0','0','0','0','0','0','0','0','en-us'),
('2604','1','0','0','0','0','0','0','0','0','0','0','0','0','en'),
('2605','1','0','0','0','0','0','0','0','0','0','0','0','0','en'),
('2606','1','3','0','1','1280','1024','32','1','1','1','1','0','0','fr'),
('2607','1','0','0','0','0','0','0','0','0','0','0','0','0','en'),
('2608','1','5','0','0','0','0','0','0','0','0','0','0','0','en-us'),
('2609','1','5','0','0','0','0','0','0','0','0','0','0','0','en-us'),
('2610','1','5','0','0','0','0','0','0','0','0','0','0','0','en-us'),
('2611','1','5','0','0','0','0','0','0','0','0','0','0','0','en-us');
INSERT INTO `arbor_guest` VALUES
('2612','1','5','0','0','0','0','0','0','0','0','0','0','0','en-us'),
('2613','1','5','0','0','0','0','0','0','0','0','0','0','0','en-us'),
('2614','1','3','0','1','1024','768','32','1','1','0','1','0','0','fr'),
('2615','1','6','0','0','0','0','0','0','0','0','0','0','0','fr'),
('2616','2','3','0','0','0','0','0','0','0','0','0','0','0','fr'),
('2617','2','3','0','0','0','0','0','0','0','0','0','0','0','fr'),
('2618','1','6','0','1','1280','1024','32','0','1','0','0','0','1','fr'),
('2619','1','6','0','0','0','0','0','0','0','0','0','0','0','fr'),
('2620','1','0','0','0','0','0','0','0','0','0','0','0','0','en'),
('2621','1','0','0','0','0','0','0','0','0','0','0','0','0','en'),
('2622','1','8','0','0','0','0','0','0','0','0','0','0','0','fr'),
('2623','1','8','0','0','0','0','0','0','0','0','0','0','0','fr'),
('2624','1','6','0','1','1024','768','32','1','1','1','1','0','1','fr'),
('2625','1','6','0','1','1680','1050','32','0','1','0','0','0','1','fr'),
('2626','2','7','0','1','1280','720','32','0','1','0','0','0','1','fr'),
('2627','1','5','0','0','0','0','0','0','0','0','0','0','0',NULL),
('2628','1','0','0','0','0','0','0','0','0','0','0','0','0','en'),
('2629','2','6','0','1','1680','1050','32','0','1','0','1','0','1','fr'),
('2630','1','0','0','0','0','0','0','0','0','0','0','0','0','en'),
('2631','2','3','0','0','0','0','0','0','0','0','0','0','0','fr'),
('2632','2','3','0','0','0','0','0','0','0','0','0','0','0','fr'),
('2633','1','3','0','0','0','0','0','0','0','0','0','0','0','fr'),
('2634','1','3','0','0','0','0','0','0','0','0','0','0','0','fr'),
('2635','1','0','0','0','0','0','0','0','0','0','0','0','0','en'),
('2636','2','7','0','1','1366','768','32','1','1','1','1','0','1','fr'),
('2637','1','5','0','1','1440','900','32','1','1','0','1','0','1','fr-ca'),
('2638','1','3','0','0','0','0','0','0','0','0','0','0','0','fr'),
('2639','1','3','0','1','1152','864','24','0','1','0','1','0','0','fr'),
('2640','2','7','0','0','0','0','0','0','0','0','0','0','0','fr'),
('2641','2','7','0','0','0','0','0','0','0','0','0','0','0','fr'),
('2642','1','7','0','0','0','0','0','0','0','0','0','0','0','fr'),
('2643','1','7','0','0','0','0','0','0','0','0','0','0','0','fr'),
('2644','2','6','0','0','0','0','0','0','0','0','0','0','0','fr'),
('2645','1','3','0','0','0','0','0','0','0','0','0','0','0','fr'),
('2646','1','3','0','1','1280','800','32','1','1','0','1','0','0','fr'),
('2647','1','7','0','0','0','0','0','0','0','0','0','0','0',NULL),
('2648','1','8','0','0','0','0','0','0','0','0','0','0','0','fr'),
('2649','1','7','0','1','1440','900','32','1','1','0','1','0','1','en-us'),
('2650','1','5','0','0','0','0','0','0','0','0','0','0','0','en-us'),
('2651','1','5','0','0','0','0','0','0','0','0','0','0','0','en-us'),
('2652','1','3','0','0','0','0','0','0','0','0','0','0','0','fr'),
('2653','1','5','0','0','0','0','0','0','0','0','0','0','0','en-us'),
('2654','1','5','0','0','0','0','0','0','0','0','0','0','0','en-us'),
('2655','2','6','0','1','1680','1050','32','1','1','1','0','0','1','fr'),
('2656','1','5','0','0','0','0','0','0','0','0','0','0','0','en-us'),
('2657','1','0','0','0','0','0','0','0','0','0','0','0','0','en'),
('2658','1','6','0','1','1024','768','32','0','1','0','0','0','1','da'),
('2659','1','0','0','0','0','0','0','0','0','0','0','0','0','en'),
('2660','1','7','0','0','0','0','0','0','0','0','0','0','0','fr'),
('2661','3','1','0','1','320','396','32','0','0','0','0','0','0','fr-fr'),
('2662','1','3','0','0','0','0','0','0','0','0','0','0','0','fr'),
('2663','1','3','0','0','0','0','0','0','0','0','0','0','0','fr'),
('2664','3','1','0','0','0','0','0','0','0','0','0','0','0','fr-fr'),
('2665','3','1','0','0','0','0','0','0','0','0','0','0','0','fr-fr'),
('2666','1','0','0','0','0','0','0','0','0','0','0','0','0','en'),
('2667','1','0','0','0','0','0','0','0','0','0','0','0','0','en'),
('2668','1','0','0','0','0','0','0','0','0','0','0','0','0','en'),
('2669','1','0','0','0','0','0','0','0','0','0','0','0','0','en'),
('2670','1','7','0','1','1024','768','32','0','1','0','1','0','1','fr'),
('2671','2','7','0','0','0','0','0','0','0','0','0','0','0','fr'),
('2672','2','7','0','0','0','0','0','0','0','0','0','0','0','fr'),
('2673','1','0','0','0','0','0','0','0','0','0','0','0','0','en'),
('2674','1','6','0','1','1024','768','32','0','1','0','0','0','1','da'),
('2675','2','7','0','1','1680','1050','32','0','1','0','1','0','1','fr'),
('2676','1','3','0','0','0','0','0','0','0','0','0','0','0','fr'),
('2677','1','3','0','0','0','0','0','0','0','0','0','0','0','fr'),
('2678','1','5','0','0','0','0','0','0','0','0','0','0','0','fr'),
('2679','1','3','0','1','1280','800','24','0','1','0','1','0','1','fr'),
('2680','1','0','0','0','0','0','0','0','0','0','0','0','0','en'),
('2681','2','3','0','1','1440','900','32','1','1','1','1','0','1','fr'),
('2682','1','5','0','0','0','0','0','0','0','0','0','0','0',NULL),
('2683','1','5','0','0','0','0','0','0','0','0','0','0','0',NULL),
('2684','1','5','0','0','0','0','0','0','0','0','0','0','0',NULL),
('2685','1','5','0','0','0','0','0','0','0','0','0','0','0',NULL),
('2686','1','6','0','1','1024','768','32','0','1','1','1','0','1','fr'),
('2687','3','1','0','0','0','0','0','0','0','0','0','0','0','fr-fr'),
('2688','3','1','0','0','0','0','0','0','0','0','0','0','0','fr-fr'),
('2689','1','5','0','0','0','0','0','0','0','0','0','0','0','en-us'),
('2690','1','8','0','0','0','0','0','0','0','0','0','0','0','fr'),
('2691','1','8','0','0','0','0','0','0','0','0','0','0','0','fr'),
('2692','1','8','0','0','0','0','0','0','0','0','0','0','0','fr'),
('2693','1','8','0','0','0','0','0','0','0','0','0','0','0','fr'),
('2694','1','8','0','0','0','0','0','0','0','0','0','0','0','fr'),
('2695','1','3','0','0','0','0','0','0','0','0','0','0','0','fr'),
('2696','1','3','0','0','0','0','0','0','0','0','0','0','0','fr'),
('2697','2','8','0','0','0','0','0','0','0','0','0','0','0','fr'),
('2698','3','1','0','1','1680','1050','24','1','1','0','1','0','0','fr-fr'),
('2699','1','5','0','0','0','0','0','0','0','0','0','0','0',NULL),
('2700','1','5','0','0','0','0','0','0','0','0','0','0','0',NULL),
('2701','1','5','0','0','0','0','0','0','0','0','0','0','0',NULL),
('2702','1','5','0','0','0','0','0','0','0','0','0','0','0',NULL),
('2703','1','7','0','0','0','0','0','0','0','0','0','0','0',NULL),
('2704','2','3','0','1','1920','1200','32','1','1','0','1','0','0','fr'),
('2705','2','3','0','1','1280','800','24','0','1','0','0','0','0','tr'),
('2706','1','0','0','0','0','0','0','0','0','0','0','0','0','en'),
('2707','1','0','0','0','0','0','0','0','0','0','0','0','0','en'),
('2708','1','5','0','0','0','0','0','0','0','0','0','0','0',NULL),
('2709','1','5','0','0','0','0','0','0','0','0','0','0','0',NULL),
('2710','1','0','0','0','0','0','0','0','0','0','0','0','0','en'),
('2711','1','5','0','0','0','0','0','0','0','0','0','0','0',NULL),
('2712','2','8','0','0','0','0','0','0','0','0','0','0','0','fr'),
('2713','1','5','0','0','0','0','0','0','0','0','0','0','0',NULL),
('2714','1','5','0','0','0','0','0','0','0','0','0','0','0',NULL),
('2715','1','5','0','0','0','0','0','0','0','0','0','0','0',NULL),
('2716','2','6','0','0','0','0','0','0','0','0','0','0','0','fr'),
('2717','2','6','0','0','0','0','0','0','0','0','0','0','0','fr'),
('2718','1','0','0','0','0','0','0','0','0','0','0','0','0','en'),
('2719','2','3','0','1','1440','900','32','1','1','0','0','0','1','fr'),
('2720','1','5','0','0','0','0','0','0','0','0','0','0','0','en-us'),
('2721','1','5','0','0','0','0','0','0','0','0','0','0','0','en-us'),
('2722','1','0','0','0','0','0','0','0','0','0','0','0','0','en'),
('2723','1','3','0','1','1024','768','32','1','1','1','1','0','0','fr'),
('2724','1','3','0','0','0','0','0','0','0','0','0','0','0','fr'),
('2725','1','5','0','0','0','0','0','0','0','0','0','0','0','en-us'),
('2726','3','1','0','0','0','0','0','0','0','0','0','0','0','fr-fr'),
('2727','3','1','0','0','0','0','0','0','0','0','0','0','0','fr-fr'),
('2728','1','0','0','0','0','0','0','0','0','0','0','0','0','en'),
('2729','1','0','0','0','0','0','0','0','0','0','0','0','0','en'),
('2730','1','0','0','0','0','0','0','0','0','0','0','0','0','en'),
('2731','1','3','0','1','1024','600','32','1','1','0','0','0','0','fr'),
('2732','1','0','0','0','0','0','0','0','0','0','0','0','0','en'),
('2733','1','3','0','1','1280','1024','24','1','1','1','0','0','0','fr'),
('2734','1','5','0','1','1024','768','32','1','1','0','0','0','1','fr'),
('2735','2','6','0','1','1366','768','32','0','1','0','1','0','1','fr'),
('2736','2','6','0','0','0','0','0','0','0','0','0','0','0','fr'),
('2737','2','7','0','0','0','0','0','0','0','0','0','0','0','fr'),
('2738','1','0','0','0','0','0','0','0','0','0','0','0','0','en'),
('2739','1','0','0','0','0','0','0','0','0','0','0','0','0','en'),
('2740','1','0','0','0','0','0','0','0','0','0','0','0','0','en'),
('2741','1','3','0','1','1024','768','24','0','1','0','0','0','0','fr'),
('2742','1','0','0','0','0','0','0','0','0','0','0','0','0','en'),
('2743','1','6','0','0','0','0','0','0','0','0','0','0','0','fr'),
('2744','1','0','0','0','0','0','0','0','0','0','0','0','0','en'),
('2745','1','0','0','0','0','0','0','0','0','0','0','0','0','en'),
('2746','2','3','0','0','0','0','0','0','0','0','0','0','0','fr'),
('2747','2','3','0','0','0','0','0','0','0','0','0','0','0','fr'),
('2748','1','7','0','0','0','0','0','0','0','0','0','0','0','fr'),
('2749','1','7','0','0','0','0','0','0','0','0','0','0','0','fr'),
('2750','2','3','0','1','1280','800','32','1','1','0','1','0','0','fr'),
('2751','1','0','0','0','0','0','0','0','0','0','0','0','0','en'),
('2752','1','6','0','1','800','600','32','0','1','0','0','0','1','fr'),
('2753','2','3','0','1','1440','900','32','1','1','0','0','0','0','fr'),
('2754','1','6','0','0','0','0','0','0','0','0','0','0','0','fr'),
('2755','1','7','0','0','0','0','0','0','0','0','0','0','0','fr'),
('2756','2','6','0','1','1024','768','32','1','1','0','0','0','1','fr'),
('2757','2','6','0','0','0','0','0','0','0','0','0','0','0',NULL),
('2758','1','0','0','0','0','0','0','0','0','0','0','0','0','en'),
('2759','1','7','0','1','1024','768','32','1','1','1','1','0','1','fr-ca'),
('2760','1','3','0','1','1360','768','32','1','1','1','0','0','0','fr'),
('2761','1','0','0','0','0','0','0','0','0','0','0','0','0','en'),
('2762','1','7','0','0','0','0','0','0','0','0','0','0','0',NULL),
('2763','1','3','0','0','0','0','0','0','0','0','0','0','0','fr-fr'),
('2764','1','0','0','0','0','0','0','0','0','0','0','0','0','en'),
('2765','1','0','0','0','0','0','0','0','0','0','0','0','0','en'),
('2766','1','0','0','0','0','0','0','0','0','0','0','0','0','en'),
('2767','1','0','0','0','0','0','0','0','0','0','0','0','0','en'),
('2768','1','6','0','0','0','0','0','0','0','0','0','0','0',NULL),
('2769','1','6','0','1','1280','1024','32','1','1','0','1','0','1','fr'),
('2770','1','0','0','0','0','0','0','0','0','0','0','0','0','en'),
('2771','2','8','0','1','1280','1024','32','1','1','1','0','0','0','fr'),
('2772','1','0','0','0','0','0','0','0','0','0','0','0','0','en'),
('2773','3','1','0','0','0','0','0','0','0','0','0','0','0','fr-fr'),
('2774','3','1','0','0','0','0','0','0','0','0','0','0','0','fr-fr'),
('2775','1','6','0','1','1280','1024','32','1','1','0','0','0','1','fr'),
('2776','1','0','0','0','0','0','0','0','0','0','0','0','0','en'),
('2777','1','3','0','1','1280','1024','24','1','1','1','1','0','0','ru'),
('2778','1','0','0','0','0','0','0','0','0','0','0','0','0','en'),
('2779','1','6','0','0','0','0','0','0','0','0','0','0','0','fr-ca'),
('2780','1','6','0','0','0','0','0','0','0','0','0','0','0','fr-ca'),
('2781','1','5','0','0','0','0','0','0','0','0','0','0','0','en-us'),
('2782','1','6','0','0','0','0','0','0','0','0','0','0','0','fr'),
('2783','1','7','0','0','0','0','0','0','0','0','0','0','0','fr'),
('2784','1','0','0','0','0','0','0','0','0','0','0','0','0','en'),
('2785','1','0','0','0','0','0','0','0','0','0','0','0','0','en'),
('2786','1','3','0','0','0','0','0','0','0','0','0','0','0','fr'),
('2787','1','3','0','0','0','0','0','0','0','0','0','0','0','fr'),
('2788','3','1','0','1','1680','1050','24','1','1','0','1','0','0','fr-fr'),
('2789','2','6','0','1','1440','900','32','1','1','1','1','0','1','fr'),
('2790','1','6','0','0','0','0','0','0','0','0','0','0','0','fr'),
('2791','1','7','0','0','0','0','0','0','0','0','0','0','0','fr'),
('2792','1','7','0','1','1280','960','32','0','1','0','1','0','1','fr'),
('2793','1','7','0','0','0','0','0','0','0','0','0','0','0','ar-dz'),
('2794','2','6','0','0','0','0','0','0','0','0','0','0','0','fr'),
('2795','2','6','0','0','0','0','0','0','0','0','0','0','0','fr'),
('2796','2','7','0','1','1280','768','32','0','1','1','1','0','1','fr'),
('2797','1','7','0','0','0','0','0','0','0','0','0','0','0','fr-ca'),
('2798','1','7','0','0','0','0','0','0','0','0','0','0','0','fr-ca'),
('2799','1','5','0','0','0','0','0','0','0','0','0','0','0','en-us'),
('2800','1','5','0','0','0','0','0','0','0','0','0','0','0','en-us'),
('2801','1','5','0','0','0','0','0','0','0','0','0','0','0','en-us'),
('2802','1','5','0','0','0','0','0','0','0','0','0','0','0','en-us'),
('2803','1','5','0','0','0','0','0','0','0','0','0','0','0','en-us'),
('2804','1','5','0','0','0','0','0','0','0','0','0','0','0','en-us'),
('2805','1','5','0','0','0','0','0','0','0','0','0','0','0','en-us'),
('2806','1','5','0','0','0','0','0','0','0','0','0','0','0','en-us'),
('2807','1','5','0','0','0','0','0','0','0','0','0','0','0','en-us'),
('2808','1','5','0','0','0','0','0','0','0','0','0','0','0','en-us'),
('2809','1','5','0','0','0','0','0','0','0','0','0','0','0','en-us'),
('2810','1','7','0','1','1280','800','32','1','1','1','0','0','1','fr'),
('2811','2','6','0','0','0','0','0','0','0','0','0','0','0','fr-be');
INSERT INTO `arbor_guest` VALUES
('2812','2','6','0','0','0','0','0','0','0','0','0','0','0','fr-be'),
('2813','1','7','0','0','0','0','0','0','0','0','0','0','0','fr'),
('2814','1','7','0','0','0','0','0','0','0','0','0','0','0','fr'),
('2815','2','1','0','0','0','0','0','0','0','0','0','0','0','fr'),
('2816','2','1','0','0','0','0','0','0','0','0','0','0','0','fr'),
('2817','3','1','0','1','1440','900','24','1','1','0','1','0','0','fr-fr'),
('2818','1','3','0','1','1024','768','32','1','1','0','0','0','0','fr'),
('2819','1','3','0','1','1280','1024','32','1','1','0','0','0','0','fr'),
('2820','1','3','0','1','1024','768','32','0','1','0','0','0','0','fr'),
('2821','2','6','0','0','0','0','0','0','0','0','0','0','0','fr'),
('2822','2','7','0','0','0','0','0','0','0','0','0','0','0','fr'),
('2823','2','7','0','1','1093','614','32','0','1','0','0','0','1','fr'),
('2824','1','3','0','1','1440','900','32','1','1','1','1','0','0','fr'),
('2825','3','3','0','0','0','0','0','0','0','0','0','0','0','fr'),
('2826','3','3','0','1','1680','1050','24','1','1','0','1','0','0','fr'),
('2827','2','6','0','0','0','0','0','0','0','0','0','0','0','fr'),
('2828','3','1','0','1','1440','900','24','1','1','0','1','0','0','fr-fr'),
('2829','1','6','0','0','0','0','0','0','0','0','0','0','0','fr-ch'),
('2830','1','6','0','0','0','0','0','0','0','0','0','0','0','fr-ch'),
('2831','2','8','0','1','1280','768','32','0','1','0','1','0','1','fr'),
('2832','2','1','0','1','1280','800','32','0','1','0','1','0','0','fr'),
('2833','1','7','0','0','0','0','0','0','0','0','0','0','0',NULL),
('2834','1','6','0','1','1024','768','32','0','1','0','1','0','1','fr'),
('2835','1','6','0','1','1024','768','32','1','1','1','1','0','1','fr-ca'),
('2836','1','7','0','1','1280','800','32','1','1','1','1','0','1','fr-ca'),
('2837','1','3','0','1','1280','1024','32','1','1','0','0','0','0','fr'),
('2838','1','7','0','0','0','0','0','0','0','0','0','0','0','fr'),
('2839','1','7','0','0','0','0','0','0','0','0','0','0','0','fr'),
('2840','1','6','0','1','1024','768','32','0','1','0','0','0','1','da'),
('2841','2','3','0','1','1600','900','32','1','1','1','0','0','0','fr'),
('2842','1','5','0','0','0','0','0','0','0','0','0','0','0','fr'),
('2843','1','5','0','0','0','0','0','0','0','0','0','0','0','fr'),
('2844','2','7','0','1','1311','737','32','1','1','0','0','0','1','fr'),
('2845','3','3','0','0','0','0','0','0','0','0','0','0','0','fr-fr'),
('2846','3','3','0','0','0','0','0','0','0','0','0','0','0','fr-fr'),
('2847','1','5','0','0','0','0','0','0','0','0','0','0','0','fr'),
('2848','1','5','0','0','0','0','0','0','0','0','0','0','0','fr'),
('2849','1','6','0','0','0','0','0','0','0','0','0','0','0','fr-ca'),
('2850','1','6','0','0','0','0','0','0','0','0','0','0','0','fr'),
('2851','1','6','0','0','0','0','0','0','0','0','0','0','0','fr'),
('2852','1','5','0','1','1024','768','32','1','1','1','1','0','1','fr'),
('2853','1','3','0','1','1280','1024','32','0','1','1','1','0','0','fr'),
('2854','1','6','0','0','0','0','0','0','0','0','0','0','0','fr'),
('2855','1','6','0','0','0','0','0','0','0','0','0','0','0','fr'),
('2856','1','7','0','1','1024','768','32','1','1','0','1','0','1','fr-ch'),
('2857','3','1','0','0','0','0','0','0','0','0','0','0','0','fr-fr'),
('2858','3','1','0','1','1920','1080','24','1','1','0','1','0','0','fr-fr'),
('2859','1','5','0','0','0','0','0','0','0','0','0','0','0','en-us'),
('2860','1','5','0','0','0','0','0','0','0','0','0','0','0','en-us'),
('2861','1','5','0','0','0','0','0','0','0','0','0','0','0','en-us'),
('2862','1','5','0','0','0','0','0','0','0','0','0','0','0','en-us'),
('2863','1','5','0','0','0','0','0','0','0','0','0','0','0','en-us'),
('2864','3','3','0','1','1280','1024','24','1','1','0','1','0','0','fr'),
('2865','1','0','0','0','0','0','0','0','0','0','0','0','0','en'),
('2866','2','3','0','1','1280','800','24','0','1','1','1','0','1','fr'),
('2867','1','5','0','0','0','0','0','0','0','0','0','0','0','en-us'),
('2868','2','3','0','0','0','0','0','0','0','0','0','0','0','fr'),
('2869','2','3','0','0','0','0','0','0','0','0','0','0','0','fr'),
('2870','1','5','0','0','0','0','0','0','0','0','0','0','0','en-us'),
('2871','0','1','0','0','0','0','0','0','0','0','0','0','0',NULL),
('2872','2','3','0','0','0','0','0','0','0','0','0','0','0','fr'),
('2873','2','3','0','0','0','0','0','0','0','0','0','0','0','fr'),
('2874','1','5','0','0','0','0','0','0','0','0','0','0','0','en-us'),
('2875','1','5','0','0','0','0','0','0','0','0','0','0','0','en-us'),
('2876','1','6','0','0','0','0','0','0','0','0','0','0','0','fr'),
('2877','1','7','0','0','0','0','0','0','0','0','0','0','0','fr'),
('2878','1','5','0','0','0','0','0','0','0','0','0','0','0','en-us'),
('2879','1','5','0','0','0','0','0','0','0','0','0','0','0','en-us'),
('2880','1','5','0','0','0','0','0','0','0','0','0','0','0','en-us'),
('2881','1','5','0','0','0','0','0','0','0','0','0','0','0','en-us'),
('2882','1','3','0','1','1440','900','32','1','1','0','1','0','1','fr'),
('2883','1','0','0','0','0','0','0','0','0','0','0','0','0','en'),
('2884','1','6','0','0','0','0','0','0','0','0','0','0','0','fr'),
('2885','1','6','0','0','0','0','0','0','0','0','0','0','0','fr'),
('2886','1','6','0','0','0','0','0','0','0','0','0','0','0',NULL),
('2887','1','0','0','0','0','0','0','0','0','0','0','0','0','en'),
('2888','2','3','0','0','0','0','0','0','0','0','0','0','0','fr'),
('2889','1','3','0','1','1024','768','32','0','1','0','0','0','0','fr'),
('2890','1','5','0','0','0','0','0','0','0','0','0','0','0','fr'),
('2891','1','5','0','0','0','0','0','0','0','0','0','0','0','fr'),
('2892','2','7','0','1','1680','1050','32','1','1','0','1','0','1','fr-ca'),
('2893','3','3','0','0','0','0','0','0','0','0','0','0','0','fr'),
('2894','3','3','0','0','0','0','0','0','0','0','0','0','0','fr'),
('2895','1','7','0','1','1280','800','32','0','1','1','1','0','1','fr'),
('2896','1','0','0','0','0','0','0','0','0','0','0','0','0','en'),
('2897','1','0','0','0','0','0','0','0','0','0','0','0','0','en'),
('2898','1','7','0','0','0','0','0','0','0','0','0','0','0',NULL),
('2899','2','6','0','0','0','0','0','0','0','0','0','0','0','fr'),
('2900','2','7','0','0','0','0','0','0','0','0','0','0','0','fr'),
('2901','1','0','0','0','0','0','0','0','0','0','0','0','0','en'),
('2902','1','0','0','0','0','0','0','0','0','0','0','0','0','en'),
('2903','1','0','0','0','0','0','0','0','0','0','0','0','0','en'),
('2904','3','3','0','1','1920','1200','24','1','1','0','1','0','0','fr'),
('2905','1','0','0','0','0','0','0','0','0','0','0','0','0','en'),
('2906','1','0','0','0','0','0','0','0','0','0','0','0','0','en'),
('2907','1','5','0','0','0','0','0','0','0','0','0','0','0','en-us'),
('2908','1','5','0','0','0','0','0','0','0','0','0','0','0','en-us'),
('2909','1','5','0','0','0','0','0','0','0','0','0','0','0','en-us'),
('2910','1','3','0','1','1024','768','32','1','1','0','0','0','0','fr'),
('2911','1','5','0','0','0','0','0','0','0','0','0','0','0','en-us'),
('2912','1','5','0','0','0','0','0','0','0','0','0','0','0','en-us'),
('2913','1','7','0','0','0','0','0','0','0','0','0','0','0','fr'),
('2914','1','7','0','1','819','614','32','1','1','1','1','0','1','fr'),
('2915','1','7','0','0','0','0','0','0','0','0','0','0','0','fr'),
('2916','1','7','0','0','0','0','0','0','0','0','0','0','0','fr'),
('2917','1','7','0','1','1024','768','32','1','1','1','1','0','1','fr'),
('2918','0','1','0','0','0','0','0','0','0','0','0','0','0',NULL),
('2919','1','3','0','1','1280','1024','24','1','1','1','0','0','0','fr-fr'),
('2920','1','7','0','1','1024','768','32','1','1','1','0','0','1','fr'),
('2921','2','3','0','1','1366','768','24','0','1','0','0','0','0','fr'),
('2922','2','6','0','1','1280','800','32','1','1','1','0','0','1','fr'),
('2923','2','6','0','1','1440','900','16','0','1','0','1','0','1','fr'),
('2924','1','3','0','1','1280','1024','32','1','1','1','1','0','0','fr'),
('2925','1','8','0','0','0','0','0','0','0','0','0','0','0','fr'),
('2926','1','8','0','0','0','0','0','0','0','0','0','0','0','fr'),
('2927','2','6','0','0','0','0','0','0','0','0','0','0','0','fr'),
('2928','2','7','0','0','0','0','0','0','0','0','0','0','0','fr'),
('2929','1','5','0','1','1024','768','32','1','1','0','0','0','1','fr'),
('2930','1','0','0','0','0','0','0','0','0','0','0','0','0','en'),
('2931','1','0','0','0','0','0','0','0','0','0','0','0','0','en'),
('2932','2','6','0','0','0','0','0','0','0','0','0','0','0','fr-be'),
('2933','2','6','0','0','0','0','0','0','0','0','0','0','0','fr-be'),
('2934','2','8','0','1','1024','768','32','1','1','1','1','0','1','fr'),
('2935','1','3','0','1','1024','768','32','1','1','1','0','0','0','fr'),
('2936','1','6','0','0','0','0','0','0','0','0','0','0','0','fr'),
('2937','2','6','0','0','0','0','0','0','0','0','0','0','0','fr'),
('2938','2','6','0','0','0','0','0','0','0','0','0','0','0','fr'),
('2939','1','5','0','0','0','0','0','0','0','0','0','0','0','fr'),
('2940','1','8','0','0','0','0','0','0','0','0','0','0','0','fr'),
('2941','1','8','0','0','0','0','0','0','0','0','0','0','0','fr'),
('2942','1','6','0','1','1280','1024','32','1','1','0','1','0','1','fr'),
('2943','2','7','0','0','0','0','0','0','0','0','0','0','0','hu'),
('2944','2','3','0','1','1280','1024','24','1','1','0','1','0','0','fr'),
('2945','1','0','0','0','0','0','0','0','0','0','0','0','0','en'),
('2946','1','5','0','0','0','0','0','0','0','0','0','0','0','fr-be'),
('2947','1','6','0','1','1280','800','32','0','1','0','0','0','1','fr'),
('2948','1','6','0','0','0','0','0','0','0','0','0','0','0','fr'),
('2949','1','6','0','1','1024','768','32','0','1','1','0','0','1','fr'),
('2952','2','8','0','1','1280','800','32','1','1','0','1','0','0','fr'),
('2953','1','3','0','1','1024','768','32','1','1','0','1','0','0','fr'),
('2954','2','6','0','0','0','0','0','0','0','0','0','0','0','fr-ca'),
('2955','2','6','0','0','0','0','0','0','0','0','0','0','0','fr-ca'),
('2956','2','3','0','1','1152','864','24','1','0','1','1','0','0','fr'),
('2957','2','7','0','1','1440','900','32','0','1','0','0','0','1','fr'),
('2958','1','5','0','1','1400','1050','16','0','0','0','0','0','1','fr-ch'),
('2959','1','3','0','1','1280','1024','32','0','1','0','1','0','0','fr'),
('2960','2','7','0','0','0','0','0','0','0','0','0','0','0','fr'),
('2961','3','1','0','0','0','0','0','0','0','0','0','0','0','fr-fr'),
('2962','3','1','0','1','1680','1050','24','1','1','1','1','0','0','fr-fr'),
('2963','3','1','0','1','1680','1050','24','1','1','1','1','0','0','fr-fr'),
('2964','3','1','0','1','1680','1050','24','1','1','1','1','0','0','fr-fr'),
('2965','2','4','0','1','1280','800','32','0','1','0','0','0','0','fr'),
('2966','1','3','0','0','0','0','0','0','0','0','0','0','0','fr'),
('2967','1','7','0','0','0','0','0','0','0','0','0','0','0',NULL),
('2968','2','7','0','1','1440','900','32','0','1','0','0','0','1','ru'),
('2969','1','3','0','1','1024','768','24','1','1','0','1','0','0','fr'),
('2970','3','1','0','0','0','0','0','0','0','0','0','0','0','fr-fr'),
('2971','3','1','0','0','0','0','0','0','0','0','0','0','0','fr-fr'),
('2972','1','3','0','0','0','0','0','0','0','0','0','0','0','fr'),
('2973','1','5','0','0','0','0','0','0','0','0','0','0','0',NULL),
('2974','1','3','0','1','1280','1024','32','1','1','1','1','0','0','fr'),
('2975','1','5','0','1','1024','768','16','1','1','0','0','0','1','fr'),
('2976','2','6','0','0','0','0','0','0','0','0','0','0','0','fr-ca'),
('2977','2','7','0','0','0','0','0','0','0','0','0','0','0','fr-ca'),
('2978','1','3','0','1','1280','1024','24','0','1','1','0','0','0','fr'),
('2979','1','5','0','1','1024','768','16','0','1','1','1','0','1','fr'),
('2980','2','3','0','1','1280','1024','32','1','1','0','1','0','1','fr'),
('2981','1','6','0','0','0','0','0','0','0','0','0','0','0','fr'),
('2982','1','6','0','0','0','0','0','0','0','0','0','0','0','en'),
('2983','1','6','0','1','1280','1024','32','0','1','0','1','0','1','fr'),
('2984','1','6','0','0','0','0','0','0','0','0','0','0','0','en'),
('2985','3','1','0','1','1280','800','24','0','1','1','1','0','0','fr-fr'),
('2986','2','6','0','0','0','0','0','0','0','0','0','0','0','fr'),
('2987','4','0','0','1','1280','1024','16','0','0','0','0','0','0','en-us'),
('2988','2','6','0','1','1280','800','32','1','1','0','0','0','1','fr'),
('2989','3','3','0','0','0','0','0','0','0','0','0','0','0','fr'),
('2990','1','3','0','1','1152','864','32','1','0','0','0','0','0','fr'),
('2991','1','7','0','1','1024','768','32','0','1','0','1','0','1','fr'),
('2992','1','7','0','1','1024','768','32','1','1','1','1','0','1','fr'),
('2993','1','5','0','1','1280','1024','16','0','1','0','0','0','1','fr'),
('2994','2','7','0','1','1344','840','32','1','1','0','0','0','1','fr'),
('2995','2','6','0','0','0','0','0','0','0','0','0','0','0','fr'),
('2996','1','6','0','0','0','0','0','0','0','0','0','0','0','fr'),
('2997','1','6','0','0','0','0','0','0','0','0','0','0','0','fr-be'),
('2998','1','7','0','0','0','0','0','0','0','0','0','0','0','fr-be'),
('2999','1','5','0','0','0','0','0','0','0','0','0','0','0','fr'),
('3000','1','5','0','0','0','0','0','0','0','0','0','0','0','fr'),
('3001','1','6','0','0','0','0','0','0','0','0','0','0','0','fr'),
('3002','1','7','0','0','0','0','0','0','0','0','0','0','0','fr'),
('3003','1','7','0','1','1024','768','32','1','1','0','0','0','1','fr'),
('3004','1','7','0','0','0','0','0','0','0','0','0','0','0','fr-be'),
('3005','1','7','0','0','0','0','0','0','0','0','0','0','0','fr-be'),
('3006','1','6','0','0','0','0','0','0','0','0','0','0','0','fr-be'),
('3007','1','6','0','0','0','0','0','0','0','0','0','0','0','fr-be'),
('3008','2','6','0','0','0','0','0','0','0','0','0','0','0','fr'),
('3009','2','7','0','0','0','0','0','0','0','0','0','0','0','fr'),
('3010','1','7','0','0','0','0','0','0','0','0','0','0','0',NULL),
('3011','1','0','0','0','0','0','0','0','0','0','0','0','0','en'),
('3012','1','0','0','0','0','0','0','0','0','0','0','0','0','en'),
('3013','1','0','0','0','0','0','0','0','0','0','0','0','0','en');
INSERT INTO `arbor_guest` VALUES
('3014','2','3','0','0','0','0','0','0','0','0','0','0','0','fr'),
('3015','2','3','0','0','0','0','0','0','0','0','0','0','0','fr'),
('3016','1','0','0','0','0','0','0','0','0','0','0','0','0','en'),
('3017','1','0','0','0','0','0','0','0','0','0','0','0','0','en'),
('3018','1','0','0','0','0','0','0','0','0','0','0','0','0','en'),
('3019','1','0','0','0','0','0','0','0','0','0','0','0','0','en'),
('3020','1','0','0','0','0','0','0','0','0','0','0','0','0','en'),
('3021','1','5','0','0','0','0','0','0','0','0','0','0','0','fr'),
('3022','1','0','0','0','0','0','0','0','0','0','0','0','0','en'),
('3023','2','1','0','0','0','0','0','0','0','0','0','0','0','en'),
('3024','1','0','0','0','0','0','0','0','0','0','0','0','0','en'),
('3025','1','7','0','0','0','0','0','0','0','0','0','0','0','fr'),
('3026','1','7','0','1','1440','900','32','1','1','1','1','0','1','fr'),
('3027','1','6','0','1','1280','1024','32','1','1','0','1','0','1','fr'),
('3028','1','3','0','1','1280','1024','24','1','1','1','0','0','0','fr-fr'),
('3029','2','3','0','0','0','0','0','0','0','0','0','0','0','fr'),
('3030','2','3','0','0','0','0','0','0','0','0','0','0','0','fr'),
('3031','1','6','0','0','0','0','0','0','0','0','0','0','0','fr'),
('3032','2','6','0','0','0','0','0','0','0','0','0','0','0','fr'),
('3033','2','6','0','0','0','0','0','0','0','0','0','0','0','fr'),
('3034','1','0','0','0','0','0','0','0','0','0','0','0','0','en'),
('3035','1','6','0','1','1280','1024','32','0','1','1','1','0','1','fr'),
('3036','1','0','0','0','0','0','0','0','0','0','0','0','0','en'),
('3037','3','1','0','0','0','0','0','0','0','0','0','0','0','fr'),
('3038','3','1','0','0','0','0','0','0','0','0','0','0','0','fr'),
('3039','1','0','0','0','0','0','0','0','0','0','0','0','0','en'),
('3040','1','0','0','0','0','0','0','0','0','0','0','0','0','en'),
('3041','2','6','0','1','1280','1024','32','1','1','0','0','0','1','fr'),
('3042','1','3','0','1','1024','768','32','0','1','0','0','0','0','fr'),
('3043','1','3','0','0','0','0','0','0','0','0','0','0','0','fr'),
('3044','1','0','0','0','0','0','0','0','0','0','0','0','0','en'),
('3045','1','0','0','0','0','0','0','0','0','0','0','0','0','en'),
('3046','2','3','0','1','1920','1080','24','1','1','0','1','0','1','fr'),
('3047','1','0','0','0','0','0','0','0','0','0','0','0','0','en'),
('3048','1','0','0','0','0','0','0','0','0','0','0','0','0',NULL),
('3049','1','0','0','0','0','0','0','0','0','0','0','0','0',NULL),
('3050','2','6','0','0','0','0','0','0','0','0','0','0','0','fr'),
('3051','1','0','0','0','0','0','0','0','0','0','0','0','0',NULL),
('3052','1','0','0','0','0','0','0','0','0','0','0','0','0',NULL),
('3053','1','6','0','1','1280','1024','32','0','1','1','0','0','1','fr'),
('3054','1','5','0','1','1024','768','32','1','1','1','1','0','1','fr'),
('3055','3','1','0','1','1280','1024','24','0','1','0','1','0','0','fr'),
('3056','1','0','0','0','0','0','0','0','0','0','0','0','0','en'),
('3057','1','5','0','1','800','600','32','0','1','0','0','0','1','fr'),
('3058','1','0','0','0','0','0','0','0','0','0','0','0','0',NULL),
('3059','1','0','0','0','0','0','0','0','0','0','0','0','0','en'),
('3060','1','6','0','1','1600','900','32','1','1','1','1','0','1','fr'),
('3061','1','0','0','0','0','0','0','0','0','0','0','0','0','en'),
('3062','1','5','0','0','0','0','0','0','0','0','0','0','0','es'),
('3063','1','6','0','0','0','0','0','0','0','0','0','0','0','fr'),
('3064','1','7','0','0','0','0','0','0','0','0','0','0','0','fr'),
('3065','1','7','0','1','1280','1024','32','1','1','0','1','0','1','fr'),
('3066','1','0','0','0','0','0','0','0','0','0','0','0','0','en'),
('3067','1','8','0','0','0','0','0','0','0','0','0','0','0','fr'),
('3068','1','8','0','0','0','0','0','0','0','0','0','0','0','fr'),
('3069','1','5','0','0','0','0','0','0','0','0','0','0','0','en-us'),
('3070','1','5','0','0','0','0','0','0','0','0','0','0','0','en-us'),
('3071','1','5','0','0','0','0','0','0','0','0','0','0','0','en-us'),
('3072','1','5','0','0','0','0','0','0','0','0','0','0','0','en-us'),
('3073','1','5','0','0','0','0','0','0','0','0','0','0','0','en-us'),
('3074','1','5','0','0','0','0','0','0','0','0','0','0','0','en-us'),
('3075','1','7','0','1','1280','800','32','0','1','0','0','0','1','fr'),
('3076','2','6','0','0','0','0','0','0','0','0','0','0','0','fr'),
('3077','2','6','0','0','0','0','0','0','0','0','0','0','0','fr'),
('3078','2','7','0','0','0','0','0','0','0','0','0','0','0','fr'),
('3079','2','7','0','0','0','0','0','0','0','0','0','0','0','fr'),
('3080','2','6','0','0','0','0','0','0','0','0','0','0','0','fr'),
('3081','1','6','0','0','0','0','0','0','0','0','0','0','0','fr'),
('3082','1','3','0','1','1024','600','32','1','1','0','0','0','1','fr'),
('3083','2','6','0','0','0','0','0','0','0','0','0','0','0','fr'),
('3084','2','6','0','0','0','0','0','0','0','0','0','0','0','fr'),
('3085','2','6','0','0','0','0','0','0','0','0','0','0','0','fr'),
('3086','1','6','0','0','0','0','0','0','0','0','0','0','0',NULL),
('3087','1','7','0','1','1440','900','32','1','1','0','1','0','1','fr'),
('3088','1','0','0','0','0','0','0','0','0','0','0','0','0','en'),
('3089','1','0','0','0','0','0','0','0','0','0','0','0','0','en'),
('3090','1','5','0','0','0','0','0','0','0','0','0','0','0','en-us'),
('3091','1','5','0','0','0','0','0','0','0','0','0','0','0','en-us'),
('3092','1','5','0','0','0','0','0','0','0','0','0','0','0','en-us'),
('3093','1','5','0','0','0','0','0','0','0','0','0','0','0','en-us'),
('3094','1','5','0','0','0','0','0','0','0','0','0','0','0','en-us'),
('3095','1','5','0','0','0','0','0','0','0','0','0','0','0','en-us'),
('3096','1','5','0','0','0','0','0','0','0','0','0','0','0','en-us'),
('3097','1','5','0','0','0','0','0','0','0','0','0','0','0','en-us'),
('3098','1','5','0','0','0','0','0','0','0','0','0','0','0','en-us'),
('3099','1','0','0','0','0','0','0','0','0','0','0','0','0','en'),
('3100','2','8','0','1','1366','768','32','1','1','0','1','0','0',NULL),
('3101','2','3','0','0','0','0','0','0','0','0','0','0','0','fr'),
('3102','1','0','0','0','0','0','0','0','0','0','0','0','0','en'),
('3103','1','0','0','0','0','0','0','0','0','0','0','0','0','en'),
('3104','2','3','0','1','1280','800','32','1','0','0','0','0','0','fr'),
('3105','1','3','0','1','1024','768','32','1','1','0','1','0','1','fr'),
('3106','1','0','0','0','0','0','0','0','0','0','0','0','0','en'),
('3107','1','4','0','0','0','0','0','0','0','0','0','0','0',NULL),
('3108','2','7','0','1','1440','900','32','1','1','0','1','0','1','fr'),
('3109','1','7','0','0','0','0','0','0','0','0','0','0','0','fr'),
('3110','2','8','0','0','0','0','0','0','0','0','0','0','0','fr'),
('3111','2','8','0','0','0','0','0','0','0','0','0','0','0','fr'),
('3112','2','7','0','1','1600','900','32','0','1','0','0','0','1','fr'),
('3113','1','6','0','1','1280','1024','32','1','1','1','0','0','1','en-gb'),
('3114','1','6','0','0','0','0','0','0','0','0','0','0','0','fr-be'),
('3115','1','0','0','0','0','0','0','0','0','0','0','0','0','en'),
('3116','2','3','0','1','1920','1080','24','1','1','0','0','0','0','fr'),
('3117','2','6','0','0','0','0','0','0','0','0','0','0','0','fr'),
('3118','2','7','0','0','0','0','0','0','0','0','0','0','0','fr'),
('3119','2','3','0','1','1024','768','24','0','1','0','0','0','0','fr'),
('3120','2','7','0','1','1440','900','32','1','1','0','0','0','1','fr'),
('3121','2','6','0','1','1440','900','32','1','1','1','0','0','1','fr'),
('3122','1','0','0','0','0','0','0','0','0','0','0','0','0',NULL),
('3123','2','6','0','0','0','0','0','0','0','0','0','0','0','fr-ch'),
('3124','2','6','0','0','0','0','0','0','0','0','0','0','0','fr-ch'),
('3125','2','7','0','1','1440','900','32','1','1','0','1','0','1','fr'),
('3126','2','8','0','0','0','0','0','0','0','0','0','0','0','fr'),
('3127','2','8','0','0','0','0','0','0','0','0','0','0','0','fr'),
('3128','2','8','0','0','0','0','0','0','0','0','0','0','0','fr'),
('3129','2','7','0','0','0','0','0','0','0','0','0','0','0','fr'),
('3130','2','7','0','0','0','0','0','0','0','0','0','0','0','fr'),
('3131','1','0','0','0','0','0','0','0','0','0','0','0','0','en'),
('3132','3','1','0','1','1280','800','24','1','1','1','1','0','0','fr-fr'),
('3133','2','3','0','1','1440','900','32','1','1','0','0','0','1','fr'),
('3134','1','0','0','0','0','0','0','0','0','0','0','0','0','en'),
('3135','2','6','0','0','0','0','0','0','0','0','0','0','0','fr'),
('3136','2','7','0','1','1214','683','32','0','1','0','0','0','1','fr'),
('3137','1','0','0','0','0','0','0','0','0','0','0','0','0','en'),
('3138','2','7','0','0','0','0','0','0','0','0','0','0','0','fr'),
('3139','2','7','0','0','0','0','0','0','0','0','0','0','0','fr'),
('3140','2','3','0','0','0','0','0','0','0','0','0','0','0','fr'),
('3141','3','3','0','0','0','0','0','0','0','0','0','0','0','en-us'),
('3142','3','3','0','1','1024','768','24','1','1','1','1','0','0','en-us'),
('3143','1','7','0','0','0','0','0','0','0','0','0','0','0',NULL),
('3144','1','5','0','0','0','0','0','0','0','0','0','0','0','en-us'),
('3145','1','5','0','0','0','0','0','0','0','0','0','0','0','en-us'),
('3146','1','5','0','0','0','0','0','0','0','0','0','0','0','en-us'),
('3147','1','5','0','0','0','0','0','0','0','0','0','0','0','en-us'),
('3148','1','5','0','0','0','0','0','0','0','0','0','0','0','en-us'),
('3149','1','0','0','0','0','0','0','0','0','0','0','0','0','en'),
('3150','1','5','0','0','0','0','0','0','0','0','0','0','0','en-us'),
('3151','1','5','0','0','0','0','0','0','0','0','0','0','0','en-us'),
('3152','1','5','0','0','0','0','0','0','0','0','0','0','0','en-us'),
('3153','1','3','0','0','0','0','0','0','0','0','0','0','0','fr'),
('3154','1','3','0','0','0','0','0','0','0','0','0','0','0','fr'),
('3155','3','1','0','0','0','0','0','0','0','0','0','0','0','fr'),
('3156','3','1','0','1','1280','800','24','0','1','0','1','0','0','fr'),
('3157','3','1','0','1','1680','1050','24','1','1','1','1','0','0','fr-fr'),
('3158','1','7','0','0','0','0','0','0','0','0','0','0','0','fr'),
('3159','1','3','0','0','0','0','0','0','0','0','0','0','0','fr'),
('3160','1','6','0','0','0','0','0','0','0','0','0','0','0','fr'),
('3161','1','6','0','0','0','0','0','0','0','0','0','0','0','fr'),
('3162','1','5','0','0','0','0','0','0','0','0','0','0','0',NULL),
('3163','1','5','0','0','0','0','0','0','0','0','0','0','0',NULL),
('3164','1','5','0','0','0','0','0','0','0','0','0','0','0',NULL),
('3165','1','5','0','0','0','0','0','0','0','0','0','0','0',NULL),
('3166','1','3','0','0','0','0','0','0','0','0','0','0','0',NULL),
('3167','1','6','0','1','1280','800','32','0','1','0','1','0','1','fr'),
('3168','2','3','0','1','1680','1050','32','1','1','1','1','0','1','fr'),
('3169','1','6','0','1','1024','768','32','1','1','0','0','0','1','fr'),
('3170','1','5','0','0','0','0','0','0','0','0','0','0','0','en-us'),
('3171','2','3','0','0','0','0','0','0','0','0','0','0','0','fr'),
('3172','2','3','0','0','0','0','0','0','0','0','0','0','0','fr'),
('3173','2','3','0','1','1280','800','24','1','1','0','1','0','1','en-gb'),
('3174','1','0','0','0','0','0','0','0','0','0','0','0','0','en'),
('3175','1','0','0','0','0','0','0','0','0','0','0','0','0',NULL),
('3176','1','3','0','1','922','691','24','1','1','1','1','0','0','fr'),
('3177','1','3','0','0','0','0','0','0','0','0','0','0','0','fr'),
('3178','1','0','0','0','0','0','0','0','0','0','0','0','0','en'),
('3179','1','3','0','0','0','0','0','0','0','0','0','0','0','fr'),
('3180','2','7','0','1','1326','746','32','0','0','0','0','0','1','it'),
('3181','1','0','0','0','0','0','0','0','0','0','0','0','0','en'),
('3182','1','0','0','0','0','0','0','0','0','0','0','0','0','en'),
('3183','2','7','0','0','0','0','0','0','0','0','0','0','0','fr'),
('3184','2','7','0','0','0','0','0','0','0','0','0','0','0','fr'),
('3185','1','3','0','1','1280','1024','24','0','1','1','0','0','0','fr'),
('3186','0','5','0','0','0','0','0','0','0','0','0','0','0','fr'),
('3187','0','5','0','0','0','0','0','0','0','0','0','0','0','fr'),
('3188','1','3','0','0','0','0','0','0','0','0','0','0','0','fr'),
('3189','1','3','0','0','0','0','0','0','0','0','0','0','0','fr'),
('3190','1','0','0','0','0','0','0','0','0','0','0','0','0','en'),
('3191','2','6','0','0','0','0','0','0','0','0','0','0','0','fr'),
('3192','2','7','0','1','1280','800','32','0','1','0','1','0','1','fr'),
('3193','3','3','0','0','0','0','0','0','0','0','0','0','0','fr'),
('3194','3','3','0','0','0','0','0','0','0','0','0','0','0','fr'),
('3195','1','5','0','0','0','0','0','0','0','0','0','0','0',NULL),
('3196','3','1','0','1','1920','1080','24','1','1','0','1','0','0','fr-fr'),
('3197','3','1','0','1','1920','1080','24','1','1','0','1','0','0','fr-fr'),
('3198','2','3','0','1','1280','1024','24','1','1','1','1','0','1','fr'),
('3199','1','0','0','0','0','0','0','0','0','0','0','0','0',NULL),
('3200','1','0','0','0','0','0','0','0','0','0','0','0','0','en'),
('3201','1','5','0','0','0','0','0','0','0','0','0','0','0',NULL),
('3202','1','0','0','0','0','0','0','0','0','0','0','0','0','en'),
('3203','1','6','0','1','1280','1024','32','0','1','1','1','0','1','fr'),
('3204','1','0','0','0','0','0','0','0','0','0','0','0','0','en'),
('3205','1','5','0','0','0','0','0','0','0','0','0','0','0',NULL),
('3206','1','7','0','0','0','0','0','0','0','0','0','0','0',NULL),
('3207','3','1','0','0','0','0','0','0','0','0','0','0','0','fr-fr'),
('3208','3','1','0','0','0','0','0','0','0','0','0','0','0','fr-fr'),
('3209','1','0','0','0','0','0','0','0','0','0','0','0','0','en'),
('3210','1','7','0','0','0','0','0','0','0','0','0','0','0','fr'),
('3211','4','3','0','0','0','0','0','0','0','0','0','0','0',NULL),
('3212','4','3','0','0','0','0','0','0','0','0','0','0','0',NULL),
('3213','1','0','0','0','0','0','0','0','0','0','0','0','0','en');
INSERT INTO `arbor_guest` VALUES
('3214','4','3','0','0','0','0','0','0','0','0','0','0','0',NULL),
('3215','4','3','0','0','0','0','0','0','0','0','0','0','0',NULL),
('3216','4','3','0','0','0','0','0','0','0','0','0','0','0',NULL),
('3217','4','3','0','0','0','0','0','0','0','0','0','0','0',NULL),
('3218','4','3','0','0','0','0','0','0','0','0','0','0','0',NULL),
('3219','4','3','0','0','0','0','0','0','0','0','0','0','0',NULL),
('3220','4','3','0','0','0','0','0','0','0','0','0','0','0',NULL),
('3221','2','7','0','1','1366','768','32','0','1','0','1','0','1','fr'),
('3222','1','5','0','0','0','0','0','0','0','0','0','0','0',NULL),
('3223','1','0','0','0','0','0','0','0','0','0','0','0','0','en'),
('3224','1','3','0','0','0','0','0','0','0','0','0','0','0','fr'),
('3225','1','3','0','0','0','0','0','0','0','0','0','0','0','fr'),
('3226','1','3','0','1','1280','800','32','0','1','0','1','0','1','fr'),
('3227','2','7','0','1','1680','1050','32','1','1','1','0','0','1','fr'),
('3228','1','0','0','0','0','0','0','0','0','0','0','0','0','en'),
('3229','1','6','0','1','1280','1024','32','1','1','0','0','0','1','fr'),
('3230','2','6','0','1','1400','1050','32','1','1','0','0','0','1','fr'),
('3231','4','3','0','1','1280','1024','24','1','1','0','0','0','0','fr'),
('3232','1','3','0','0','0','0','0','0','0','0','0','0','0','fr'),
('3233','1','3','0','0','0','0','0','0','0','0','0','0','0','fr'),
('3234','1','3','0','1','1280','1024','32','1','1','1','0','0','0','fr'),
('3235','1','6','0','0','0','0','0','0','0','0','0','0','0','en'),
('3236','2','7','0','1','1440','900','32','1','1','0','0','0','1','fr'),
('3237','2','6','0','1','1280','768','32','1','1','0','0','0','1','fr'),
('3238','2','6','0','0','0','0','0','0','0','0','0','0','0','fr'),
('3239','2','7','0','0','0','0','0','0','0','0','0','0','0','fr'),
('3240','4','3','0','1','1280','1024','16','1','1','0','0','0','0','fr'),
('3241','1','0','0','0','0','0','0','0','0','0','0','0','0','en'),
('3242','1','5','0','0','0','0','0','0','0','0','0','0','0','fr'),
('3243','1','5','0','0','0','0','0','0','0','0','0','0','0','fr'),
('3244','2','6','0','0','0','0','0','0','0','0','0','0','0','fr'),
('3245','2','6','0','0','0','0','0','0','0','0','0','0','0','fr'),
('3246','1','3','0','0','0','0','0','0','0','0','0','0','0','fr'),
('3247','2','6','0','0','0','0','0','0','0','0','0','0','0','fr'),
('3248','2','7','0','0','0','0','0','0','0','0','0','0','0','fr'),
('3249','1','7','0','0','0','0','0','0','0','0','0','0','0','fr'),
('3250','1','7','0','0','0','0','0','0','0','0','0','0','0','fr'),
('3251','1','7','0','0','0','0','0','0','0','0','0','0','0','hu'),
('3252','1','0','0','0','0','0','0','0','0','0','0','0','0','en'),
('3253','1','6','0','0','0','0','0','0','0','0','0','0','0','fr-ca'),
('3254','1','0','0','0','0','0','0','0','0','0','0','0','0','en'),
('3255','2','6','0','1','1280','800','32','1','1','0','1','0','1','fr-ch'),
('3256','2','6','0','0','0','0','0','0','0','0','0','0','0','fr'),
('3257','2','7','0','1','1280','1024','32','0','0','1','0','0','1','fr'),
('3258','1','3','0','0','0','0','0','0','0','0','0','0','0','fr'),
('3259','1','3','0','0','0','0','0','0','0','0','0','0','0','fr'),
('3260','2','3','0','0','0','0','0','0','0','0','0','0','0','fr'),
('3261','2','3','0','1','1280','720','32','1','1','0','1','0','0','fr'),
('3262','1','0','0','0','0','0','0','0','0','0','0','0','0','en'),
('3263','1','3','0','1','1280','1024','32','1','1','0','1','0','0','fr'),
('3264','1','0','0','0','0','0','0','0','0','0','0','0','0','en'),
('3265','2','7','0','0','0','0','0','0','0','0','0','0','0','fr'),
('3266','1','0','0','0','0','0','0','0','0','0','0','0','0','en'),
('3267','1','3','0','0','0','0','0','0','0','0','0','0','0','fr'),
('3268','3','1','0','1','1680','1050','24','1','1','0','1','0','0','fr-fr'),
('3269','3','3','0','0','0','0','0','0','0','0','0','0','0','fr'),
('3270','1','5','0','0','0','0','0','0','0','0','0','0','0','en-us'),
('3271','1','0','0','0','0','0','0','0','0','0','0','0','0','en'),
('3272','2','3','0','1','1280','720','24','1','1','1','1','0','0','fr'),
('3273','1','5','0','0','0','0','0','0','0','0','0','0','0','en-us'),
('3274','1','5','0','0','0','0','0','0','0','0','0','0','0','en-us'),
('3275','1','0','0','0','0','0','0','0','0','0','0','0','0','en'),
('3276','1','5','0','0','0','0','0','0','0','0','0','0','0','en-us'),
('3277','1','5','0','0','0','0','0','0','0','0','0','0','0','en-us'),
('3278','2','6','0','0','0','0','0','0','0','0','0','0','0','fr-ca'),
('3279','2','6','0','1','1280','800','32','1','1','1','1','0','1','fr-ca'),
('3280','1','6','0','0','0','0','0','0','0','0','0','0','0','fr'),
('3281','2','3','0','1','1280','800','32','0','1','0','0','0','0','fr'),
('3282','1','5','0','0','0','0','0','0','0','0','0','0','0',NULL),
('3283','1','0','0','0','0','0','0','0','0','0','0','0','0','en'),
('3284','1','7','0','1','1280','800','32','1','1','0','1','0','1','en-us'),
('3285','1','6','0','1','1024','768','32','0','1','0','0','0','1','en-us'),
('3286','1','0','0','0','0','0','0','0','0','0','0','0','0','en'),
('3287','0','5','0','0','0','0','0','0','0','0','0','0','0',NULL),
('3288','1','0','0','0','0','0','0','0','0','0','0','0','0',NULL),
('3289','1','7','0','0','0','0','0','0','0','0','0','0','0',NULL),
('3290','4','3','0','1','1280','800','24','0','1','0','0','0','0','fr'),
('3291','1','7','0','1','1280','1024','32','1','1','1','1','0','1','fr'),
('3292','1','6','0','1','1280','1024','32','1','1','1','1','0','1','fr'),
('3293','4','3','0','1','1280','1024','24','0','1','0','0','0','0','fr'),
('3294','1','3','0','1','1152','864','24','0','1','0','0','0','0','fr'),
('3295','1','3','0','0','0','0','0','0','0','0','0','0','0','fr'),
('3296','1','3','0','0','0','0','0','0','0','0','0','0','0','fr'),
('3297','1','7','0','0','0','0','0','0','0','0','0','0','0','fr'),
('3298','1','7','0','0','0','0','0','0','0','0','0','0','0','fr'),
('3299','1','6','0','1','1280','1024','32','0','1','0','0','0','1','fr'),
('3300','1','6','0','0','0','0','0','0','0','0','0','0','0','fr'),
('3301','1','5','0','0','0','0','0','0','0','0','0','0','0','fr'),
('3302','1','5','0','0','0','0','0','0','0','0','0','0','0','fr'),
('3303','2','6','0','1','1280','800','32','1','1','0','0','0','1','fr'),
('3304','2','7','0','1','1280','800','32','0','1','0','0','0','1','fr'),
('3305','2','7','0','0','0','0','0','0','0','0','0','0','0','fr'),
('3306','2','7','0','0','0','0','0','0','0','0','0','0','0','fr'),
('3307','1','5','0','0','0','0','0','0','0','0','0','0','0','fr'),
('3308','1','5','0','0','0','0','0','0','0','0','0','0','0','fr'),
('3309','2','3','0','0','0','0','0','0','0','0','0','0','0','fr'),
('3310','2','7','0','1','1280','800','32','1','1','1','1','0','1','fr'),
('3311','1','7','0','0','0','0','0','0','0','0','0','0','0','fr'),
('3312','1','7','0','0','0','0','0','0','0','0','0','0','0','fr'),
('3313','2','3','0','0','0','0','0','0','0','0','0','0','0','fr'),
('3314','2','3','0','0','0','0','0','0','0','0','0','0','0','fr'),
('3315','1','3','0','0','0','0','0','0','0','0','0','0','0','fr'),
('3316','1','3','0','0','0','0','0','0','0','0','0','0','0','fr'),
('3317','1','3','0','1','1024','768','16','1','1','0','1','0','1','fr'),
('3318','1','7','0','1','1280','1024','32','1','1','1','1','0','1','fr'),
('3319','1','0','0','0','0','0','0','0','0','0','0','0','0','en'),
('3320','1','0','0','0','0','0','0','0','0','0','0','0','0','en'),
('3321','1','7','0','0','0','0','0','0','0','0','0','0','0','fr'),
('3322','1','7','0','1','1152','864','32','0','1','0','1','0','1','fr'),
('3323','1','3','0','1','1920','1200','32','1','1','0','1','0','0','fr'),
('3324','3','3','0','0','0','0','0','0','0','0','0','0','0','fr'),
('3325','3','3','0','1','1680','1050','24','1','1','0','0','0','0','fr'),
('3326','1','5','0','0','0','0','0','0','0','0','0','0','0',NULL),
('3327','1','0','0','0','0','0','0','0','0','0','0','0','0','en'),
('3328','1','0','0','0','0','0','0','0','0','0','0','0','0','en'),
('3329','1','7','0','0','0','0','0','0','0','0','0','0','0','fr'),
('3330','1','7','0','0','0','0','0','0','0','0','0','0','0','fr'),
('3331','2','3','0','1','1024','768','24','1','1','0','0','0','0','fr'),
('3332','2','7','0','1','1680','1050','32','1','1','1','1','0','1','fr-be'),
('3333','1','8','0','1','1280','800','32','1','1','1','1','0','0','fr'),
('3334','1','7','0','1','1024','768','32','1','1','1','1','0','1','fr'),
('3335','1','0','0','0','0','0','0','0','0','0','0','0','0','en'),
('3336','1','0','0','0','0','0','0','0','0','0','0','0','0','en'),
('3337','1','0','0','0','0','0','0','0','0','0','0','0','0','en'),
('3338','4','3','0','1','1600','1200','24','0','0','0','0','0','0','fr'),
('3339','2','6','0','1','1280','800','32','1','1','1','0','0','1','fr-ca'),
('3340','2','7','0','1','1067','600','32','1','1','1','0','0','1','fr'),
('3341','1','0','0','0','0','0','0','0','0','0','0','0','0','en'),
('3342','2','7','0','1','1280','800','32','1','1','1','1','0','1','fr'),
('3343','1','8','0','0','0','0','0','0','0','0','0','0','0','fr'),
('3344','1','8','0','0','0','0','0','0','0','0','0','0','0','fr'),
('3345','1','8','0','0','0','0','0','0','0','0','0','0','0','fr'),
('3346','1','8','0','0','0','0','0','0','0','0','0','0','0','fr'),
('3347','2','7','0','0','0','0','0','0','0','0','0','0','0','fr'),
('3348','2','7','0','0','0','0','0','0','0','0','0','0','0','fr'),
('3349','1','7','0','1','1280','800','32','1','1','0','1','0','1','en-gb'),
('3350','1','5','0','0','0','0','0','0','0','0','0','0','0','fr'),
('3351','1','5','0','0','0','0','0','0','0','0','0','0','0','fr'),
('3352','2','8','0','0','0','0','0','0','0','0','0','0','0','fr'),
('3353','1','3','0','1','1280','1024','16','0','1','1','1','0','0','es-es'),
('3354','1','0','0','0','0','0','0','0','0','0','0','0','0','en'),
('3355','3','1','0','0','0','0','0','0','0','0','0','0','0','fr-fr'),
('3356','3','1','0','0','0','0','0','0','0','0','0','0','0','fr-fr'),
('3357','3','1','0','0','0','0','0','0','0','0','0','0','0','fr-fr'),
('3358','1','0','0','0','0','0','0','0','0','0','0','0','0','en'),
('3359','1','0','0','0','0','0','0','0','0','0','0','0','0',NULL),
('3360','2','3','0','0','0','0','0','0','0','0','0','0','0','fr'),
('3361','0','5','0','0','0','0','0','0','0','0','0','0','0',NULL),
('3362','1','7','0','0','0','0','0','0','0','0','0','0','0',NULL),
('3363','1','0','0','0','0','0','0','0','0','0','0','0','0',NULL),
('3364','1','6','0','0','0','0','0','0','0','0','0','0','0','fr-ca'),
('3365','1','7','0','0','0','0','0','0','0','0','0','0','0','fr-ca'),
('3366','1','5','0','0','0','0','0','0','0','0','0','0','0','en-us'),
('3367','1','5','0','0','0','0','0','0','0','0','0','0','0','en-us'),
('3368','1','5','0','0','0','0','0','0','0','0','0','0','0','en-us'),
('3369','1','5','0','0','0','0','0','0','0','0','0','0','0','en-us'),
('3370','1','0','0','0','0','0','0','0','0','0','0','0','0','en'),
('3371','1','0','0','0','0','0','0','0','0','0','0','0','0',NULL),
('3372','1','6','0','1','1280','1024','32','0','1','0','0','0','1','fr'),
('3373','2','3','0','1','1045','627','32','0','1','0','1','0','0','fr'),
('3374','1','3','0','1','1280','1024','32','1','1','0','1','0','0','fr'),
('3375','2','6','0','0','0','0','0','0','0','0','0','0','0','fr'),
('3376','2','6','0','1','1024','768','32','0','1','0','0','0','1','fr'),
('3377','1','5','0','0','0','0','0','0','0','0','0','0','0',NULL),
('3378','1','5','0','1','1024','768','32','0','1','1','0','0','1','fr'),
('3379','1','6','0','0','0','0','0','0','0','0','0','0','0','fr'),
('3380','1','6','0','0','0','0','0','0','0','0','0','0','0','fr'),
('3381','1','3','0','1','1024','768','24','1','1','0','1','0','0','fr'),
('3382','1','3','0','0','0','0','0','0','0','0','0','0','0','fr'),
('3383','1','3','0','0','0','0','0','0','0','0','0','0','0','fr'),
('3384','1','5','0','1','1024','768','24','1','0','1','0','0','1','fr'),
('3385','1','6','0','1','1440','900','32','1','1','0','1','0','1','es'),
('3386','2','7','0','0','0','0','0','0','0','0','0','0','0','fr'),
('3387','1','6','0','0','0','0','0','0','0','0','0','0','0','fr'),
('3388','1','6','0','0','0','0','0','0','0','0','0','0','0','fr'),
('3389','1','3','0','1','1024','768','24','1','1','0','1','0','0','fr'),
('3390','4','3','0','1','1280','800','24','1','1','0','0','0','0','fr'),
('3391','1','6','0','0','0','0','0','0','0','0','0','0','0','fr'),
('3392','2','6','0','0','0','0','0','0','0','0','0','0','0','fr'),
('3393','2','7','0','0','0','0','0','0','0','0','0','0','0','fr'),
('3394','1','6','0','0','0','0','0','0','0','0','0','0','0',NULL),
('3395','1','8','0','0','0','0','0','0','0','0','0','0','0','fr'),
('3396','1','8','0','0','0','0','0','0','0','0','0','0','0','fr'),
('3397','2','3','0','0','0','0','0','0','0','0','0','0','0','fr'),
('3398','1','8','0','0','0','0','0','0','0','0','0','0','0','fr'),
('3399','0','5','0','0','0','0','0','0','0','0','0','0','0',NULL),
('3400','2','8','0','1','1440','900','32','1','1','0','1','0','0','fr'),
('3401','1','0','0','0','0','0','0','0','0','0','0','0','0','en-us'),
('3402','1','6','0','1','1024','768','32','0','1','0','1','0','1','en-us'),
('3403','3','3','0','0','0','0','0','0','0','0','0','0','0','fr'),
('3404','1','3','0','1','1024','600','24','1','0','0','1','0','0','fr'),
('3405','1','0','0','0','0','0','0','0','0','0','0','0','0','en'),
('3406','1','3','0','1','1280','960','32','1','1','0','1','0','0','fr'),
('3407','2','3','0','1','1366','768','32','0','1','0','1','0','0','fr'),
('3408','1','0','0','0','0','0','0','0','0','0','0','0','0','en'),
('3409','2','3','0','0','0','0','0','0','0','0','0','0','0','fr'),
('3410','2','3','0','0','0','0','0','0','0','0','0','0','0','fr'),
('3411','1','0','0','0','0','0','0','0','0','0','0','0','0','en'),
('3412','1','3','0','1','1280','800','16','0','1','0','1','0','0','fr'),
('3413','1','3','0','1','1024','768','32','1','1','0','1','0','1','pt-br');
INSERT INTO `arbor_guest` VALUES
('3414','1','5','0','0','0','0','0','0','0','0','0','0','0','en-us'),
('3415','2','1','0','1','1280','800','32','0','1','1','1','0','1','fr'),
('3416','1','6','0','0','0','0','0','0','0','0','0','0','0','fr-ca'),
('3417','1','7','0','0','0','0','0','0','0','0','0','0','0','fr-ca'),
('3418','1','5','0','0','0','0','0','0','0','0','0','0','0','en-us'),
('3419','1','3','0','1','1024','768','32','1','1','0','0','0','0','fr'),
('3420','1','5','0','0','0','0','0','0','0','0','0','0','0','en-us'),
('3421','1','0','0','0','0','0','0','0','0','0','0','0','0','en'),
('3422','1','8','0','1','1280','1024','32','1','1','0','0','0','0','fr'),
('3423','2','8','0','0','0','0','0','0','0','0','0','0','0','fr'),
('3424','1','5','0','0','0','0','0','0','0','0','0','0','0',NULL),
('3425','1','5','0','0','0','0','0','0','0','0','0','0','0',NULL),
('3426','1','0','0','0','0','0','0','0','0','0','0','0','0','en-us'),
('3427','1','0','0','0','0','0','0','0','0','0','0','0','0','en'),
('3428','1','7','0','0','0','0','0','0','0','0','0','0','0',NULL),
('3429','1','6','0','0','0','0','0','0','0','0','0','0','0','fr'),
('3430','1','6','0','1','1280','1024','32','1','1','0','1','0','1','fr'),
('3431','1','3','0','0','0','0','0','0','0','0','0','0','0','fr'),
('3432','1','0','0','0','0','0','0','0','0','0','0','0','0','en-us'),
('3433','1','7','0','1','1024','768','32','0','1','0','0','0','1','fr'),
('3434','1','0','0','0','0','0','0','0','0','0','0','0','0','en'),
('3435','1','0','0','0','0','0','0','0','0','0','0','0','0','en'),
('3436','1','7','0','1','819','614','32','1','1','0','0','0','1','fr'),
('3437','1','5','0','0','0','0','0','0','0','0','0','0','0','en-us'),
('3438','1','0','0','0','0','0','0','0','0','0','0','0','0','en'),
('3439','2','6','0','0','0','0','0','0','0','0','0','0','0','fr'),
('3440','2','3','0','1','1920','1200','24','1','1','0','0','0','0','fr'),
('3441','1','3','0','0','0','0','0','0','0','0','0','0','0','fr'),
('3442','1','3','0','0','0','0','0','0','0','0','0','0','0','fr'),
('3443','2','7','0','1','1600','900','32','0','1','1','0','0','1','ja'),
('3444','1','6','0','1','1024','576','32','1','1','0','0','0','1','fr'),
('3445','1','3','0','0','0','0','0','0','0','0','0','0','0','fr'),
('3446','1','3','0','1','1680','1050','24','1','1','0','0','0','1','fr'),
('3447','1','3','0','0','0','0','0','0','0','0','0','0','0','fr'),
('3448','1','3','0','0','0','0','0','0','0','0','0','0','0','fr'),
('3449','1','5','0','0','0','0','0','0','0','0','0','0','0','en-us'),
('3450','1','3','0','1','1280','1024','32','1','1','1','0','0','0','fr'),
('3451','1','0','0','0','0','0','0','0','0','0','0','0','0','en'),
('3452','1','0','0','0','0','0','0','0','0','0','0','0','0','en'),
('3453','1','0','0','0','0','0','0','0','0','0','0','0','0','en'),
('3454','1','0','0','0','0','0','0','0','0','0','0','0','0','en'),
('3455','1','5','0','0','0','0','0','0','0','0','0','0','0','fr'),
('3456','1','0','0','0','0','0','0','0','0','0','0','0','0','en-us'),
('3457','1','6','0','0','0','0','0','0','0','0','0','0','0','fr-ca'),
('3458','1','7','0','1','1024','768','32','0','1','1','0','0','1','fr'),
('3459','2','3','0','0','0','0','0','0','0','0','0','0','0','fr'),
('3460','2','3','0','0','0','0','0','0','0','0','0','0','0','fr'),
('3461','1','0','0','0','0','0','0','0','0','0','0','0','0','en'),
('3462','1','5','0','0','0','0','0','0','0','0','0','0','0','en-us'),
('3463','1','0','0','0','0','0','0','0','0','0','0','0','0','en'),
('3464','1','5','0','0','0','0','0','0','0','0','0','0','0','fr'),
('3465','1','5','0','0','0','0','0','0','0','0','0','0','0','fr'),
('3466','1','5','0','0','0','0','0','0','0','0','0','0','0','fr'),
('3467','1','5','0','1','1024','768','16','1','1','1','1','0','1','fr'),
('3468','2','3','0','1','1366','768','32','1','1','0','1','0','1','pl'),
('3469','1','5','0','0','0','0','0','0','0','0','0','0','0','en-us'),
('3470','1','5','0','0','0','0','0','0','0','0','0','0','0','fr'),
('3471','1','5','0','0','0','0','0','0','0','0','0','0','0','fr'),
('3472','1','0','0','0','0','0','0','0','0','0','0','0','0','en'),
('3473','1','7','0','0','0','0','0','0','0','0','0','0','0','en-us'),
('3474','2','6','0','0','0','0','0','0','0','0','0','0','0','fr'),
('3475','2','7','0','0','0','0','0','0','0','0','0','0','0','fr'),
('3476','1','6','0','1','1024','768','32','1','1','0','1','0','1','fr'),
('3477','1','5','0','0','0','0','0','0','0','0','0','0','0','en-us'),
('3478','1','0','0','0','0','0','0','0','0','0','0','0','0','en-us'),
('3479','2','7','0','1','1440','900','32','1','1','0','1','0','1','fr'),
('3480','0','5','0','0','0','0','0','0','0','0','0','0','0','fr'),
('3481','1','3','0','1','1024','768','24','0','1','0','0','0','0','fr'),
('3482','1','6','0','0','0','0','0','0','0','0','0','0','0','fr'),
('3483','1','6','0','0','0','0','0','0','0','0','0','0','0','fr'),
('3484','1','3','0','0','0','0','0','0','0','0','0','0','0','fr'),
('3485','1','3','0','0','0','0','0','0','0','0','0','0','0','fr'),
('3486','2','7','0','1','1280','800','32','0','1','0','0','0','1','pt'),
('3487','1','5','0','1','1024','768','32','1','1','0','0','0','1','fr'),
('3488','4','3','0','1','1680','1050','24','1','1','0','0','0','0','fr'),
('3489','1','0','0','0','0','0','0','0','0','0','0','0','0','en'),
('3490','1','0','0','0','0','0','0','0','0','0','0','0','0','en'),
('3491','2','7','0','1','1920','1080','32','0','1','1','0','0','1','fr'),
('3492','1','0','0','0','0','0','0','0','0','0','0','0','0','en'),
('3493','2','6','0','1','1680','1050','32','1','1','0','0','0','1','fr'),
('3494','1','0','0','0','0','0','0','0','0','0','0','0','0','en'),
('3495','1','0','0','0','0','0','0','0','0','0','0','0','0','en-us'),
('3496','1','5','0','0','0','0','0','0','0','0','0','0','0','en-us'),
('3497','1','5','0','0','0','0','0','0','0','0','0','0','0','en-us'),
('3498','1','5','0','0','0','0','0','0','0','0','0','0','0','en-us'),
('3499','1','5','0','0','0','0','0','0','0','0','0','0','0','en-us'),
('3500','1','5','0','0','0','0','0','0','0','0','0','0','0','en-us'),
('3501','1','0','0','0','0','0','0','0','0','0','0','0','0','en'),
('3502','1','0','0','0','0','0','0','0','0','0','0','0','0','en'),
('3503','1','7','0','0','0','0','0','0','0','0','0','0','0',NULL),
('3504','1','0','0','0','0','0','0','0','0','0','0','0','0','en-us'),
('3505','1','0','0','0','0','0','0','0','0','0','0','0','0','en'),
('3506','2','3','0','1','1680','1050','24','1','1','0','0','0','0','fr'),
('3507','2','7','0','1','1366','768','32','0','0','0','0','0','1','fr'),
('3508','1','0','0','0','0','0','0','0','0','0','0','0','0','en'),
('3509','1','0','0','0','0','0','0','0','0','0','0','0','0','en'),
('3510','1','0','0','0','0','0','0','0','0','0','0','0','0','en'),
('3511','1','5','0','0','0','0','0','0','0','0','0','0','0',NULL),
('3512','1','5','0','0','0','0','0','0','0','0','0','0','0','fr'),
('3513','1','3','0','0','0','0','0','0','0','0','0','0','0','fr'),
('3514','1','3','0','1','1280','1024','32','1','0','0','0','0','0','fr'),
('3515','1','7','0','0','0','0','0','0','0','0','0','0','0','fr'),
('3516','1','0','0','0','0','0','0','0','0','0','0','0','0','en'),
('3517','1','0','0','0','0','0','0','0','0','0','0','0','0','en'),
('3518','1','0','0','0','0','0','0','0','0','0','0','0','0','en'),
('3519','1','0','0','0','0','0','0','0','0','0','0','0','0','en'),
('3520','1','5','0','0','0','0','0','0','0','0','0','0','0','en-us'),
('3521','1','5','0','0','0','0','0','0','0','0','0','0','0','en-us'),
('3522','2','6','0','0','0','0','0','0','0','0','0','0','0','fr-ca'),
('3523','2','6','0','0','0','0','0','0','0','0','0','0','0','fr'),
('3524','2','7','0','0','0','0','0','0','0','0','0','0','0','fr-ca'),
('3525','2','7','0','0','0','0','0','0','0','0','0','0','0','fr'),
('3526','1','5','0','0','0','0','0','0','0','0','0','0','0','fr'),
('3527','1','5','0','0','0','0','0','0','0','0','0','0','0','fr'),
('3528','1','3','0','0','0','0','0','0','0','0','0','0','0','fr'),
('3529','1','7','0','0','0','0','0','0','0','0','0','0','0','fr'),
('3530','1','7','0','1','1152','864','32','1','1','1','0','0','1','fr'),
('3531','1','7','0','1','1152','864','32','1','1','1','0','0','1','fr'),
('3532','1','0','0','0','0','0','0','0','0','0','0','0','0','en'),
('3533','1','8','0','1','1280','1024','32','1','1','0','0','0','0','fr'),
('3534','2','6','0','1','1024','768','32','1','1','0','0','0','1','fr'),
('3535','1','6','0','0','0','0','0','0','0','0','0','0','0','en-us'),
('3536','1','6','0','0','0','0','0','0','0','0','0','0','0','fr'),
('3537','2','6','0','0','0','0','0','0','0','0','0','0','0','fr'),
('3538','2','7','0','0','0','0','0','0','0','0','0','0','0','fr'),
('3539','2','8','0','1','1920','1080','32','0','1','0','0','0','0','fr'),
('3540','1','0','0','0','0','0','0','0','0','0','0','0','0','en-us'),
('3541','1','6','0','1','1680','1050','32','1','1','0','1','0','1','fr'),
('3542','1','5','0','0','0','0','0','0','0','0','0','0','0','en-us'),
('3543','1','3','0','0','0','0','0','0','0','0','0','0','0','en-us'),
('3544','1','3','0','0','0','0','0','0','0','0','0','0','0','en-us'),
('3545','3','1','0','0','0','0','0','0','0','0','0','0','0','fr-fr'),
('3546','2','6','0','0','0','0','0','0','0','0','0','0','0','fr'),
('3547','2','6','0','0','0','0','0','0','0','0','0','0','0','fr'),
('3548','1','3','0','0','0','0','0','0','0','0','0','0','0','fr'),
('3549','1','3','0','0','0','0','0','0','0','0','0','0','0','fr'),
('3550','1','6','0','1','1024','768','32','1','1','0','0','0','1','fr'),
('3551','1','5','0','0','0','0','0','0','0','0','0','0','0','en-us'),
('3552','1','5','0','0','0','0','0','0','0','0','0','0','0',NULL),
('3553','1','7','0','1','855','641','32','1','1','1','1','0','1','fr'),
('3554','1','3','0','1','1280','1024','32','1','1','0','1','0','0','fr'),
('3555','1','3','0','1','1024','768','32','0','1','0','0','0','0','fr'),
('3556','2','6','0','0','0','0','0','0','0','0','0','0','0','fr'),
('3557','2','6','0','1','1440','900','32','1','1','0','1','0','1','fr'),
('3558','1','0','0','0','0','0','0','0','0','0','0','0','0','en-us'),
('3559','1','6','0','0','0','0','0','0','0','0','0','0','0','en-us'),
('3560','1','5','0','0','0','0','0','0','0','0','0','0','0','en-us'),
('3561','1','5','0','0','0','0','0','0','0','0','0','0','0','en-us'),
('3562','1','5','0','0','0','0','0','0','0','0','0','0','0','en-us'),
('3563','1','5','0','0','0','0','0','0','0','0','0','0','0','en-us'),
('3564','1','0','0','0','0','0','0','0','0','0','0','0','0','en-us'),
('3565','1','5','0','0','0','0','0','0','0','0','0','0','0','en-us'),
('3566','2','6','0','0','0','0','0','0','0','0','0','0','0','fr'),
('3567','2','6','0','0','0','0','0','0','0','0','0','0','0','fr'),
('3568','3','1','0','1','320','396','32','0','0','0','0','0','0','fr-fr'),
('3569','1','6','0','1','1024','768','32','1','1','1','1','0','1','fr'),
('3570','2','7','0','1','1536','864','32','1','1','1','1','0','1','de'),
('3571','2','6','0','1','1440','900','32','1','1','1','1','0','1','fr'),
('3572','1','5','0','0','0','0','0','0','0','0','0','0','0','en-us'),
('3573','2','7','0','0','0','0','0','0','0','0','0','0','0','fr-be'),
('3574','2','7','0','0','0','0','0','0','0','0','0','0','0','fr-be'),
('3575','1','8','0','1','1024','768','32','1','1','0','1','0','0','fr'),
('3576','3','1','0','1','1280','800','24','1','1','0','1','0','0','fr-fr'),
('3577','2','7','32','1','1920','1080','32','0','1','0','0','0','1','fr'),
('3578','1','8','0','0','0','0','0','0','0','0','0','0','0','fr'),
('3579','1','8','0','0','0','0','0','0','0','0','0','0','0','fr'),
('3580','1','0','0','0','0','0','0','0','0','0','0','0','0','en'),
('3581','2','6','0','0','0','0','0','0','0','0','0','0','0','fr'),
('3582','2','7','0','0','0','0','0','0','0','0','0','0','0','fr'),
('3583','1','0','0','0','0','0','0','0','0','0','0','0','0','en'),
('3584','1','0','0','0','0','0','0','0','0','0','0','0','0','en'),
('3585','1','0','0','0','0','0','0','0','0','0','0','0','0','en'),
('3586','1','6','0','0','0','0','0','0','0','0','0','0','0','en-us'),
('3587','1','6','0','0','0','0','0','0','0','0','0','0','0','en-us'),
('3588','1','0','0','0','0','0','0','0','0','0','0','0','0','en'),
('3589','1','0','0','0','0','0','0','0','0','0','0','0','0','en'),
('3590','2','6','0','0','0','0','0','0','0','0','0','0','0','fr'),
('3591','2','6','0','0','0','0','0','0','0','0','0','0','0','fr'),
('3592','1','0','0','0','0','0','0','0','0','0','0','0','0','en'),
('3593','2','7','0','1','1024','768','32','1','1','0','0','0','1','fr'),
('3594','2','7','0','0','0','0','0','0','0','0','0','0','0','fr-be'),
('3595','2','7','0','0','0','0','0','0','0','0','0','0','0','fr-be'),
('3596','1','6','0','0','0','0','0','0','0','0','0','0','0','fr'),
('3597','1','0','0','0','0','0','0','0','0','0','0','0','0','en-us'),
('3598','2','3','0','0','0','0','0','0','0','0','0','0','0','fr'),
('3599','2','3','0','0','0','0','0','0','0','0','0','0','0','fr'),
('3600','2','3','0','1','1280','800','32','1','1','1','1','0','0','fr'),
('3601','2','7','0','1','1920','1080','32','1','1','0','0','0','1','fr'),
('3602','1','0','0','0','0','0','0','0','0','0','0','0','0','en'),
('3603','1','3','0','1','1024','768','32','0','1','1','1','0','0','fr'),
('3604','2','7','0','1','800','600','16','1','1','0','1','0','1','fr'),
('3605','3','1','0','1','1280','1024','32','1','1','1','1','0','0','fr'),
('3606','1','0','0','0','0','0','0','0','0','0','0','0','0','en'),
('3607','1','8','0','0','0','0','0','0','0','0','0','0','0','fr'),
('3608','1','0','0','0','0','0','0','0','0','0','0','0','0','en'),
('3609','1','6','0','0','0','0','0','0','0','0','0','0','0','en'),
('3610','1','6','0','0','0','0','0','0','0','0','0','0','0','fr'),
('3611','1','7','0','1','1024','768','32','0','1','0','0','0','1','fr'),
('3612','1','6','0','0','0','0','0','0','0','0','0','0','0','fr'),
('3613','1','6','0','0','0','0','0','0','0','0','0','0','0','fr');
INSERT INTO `arbor_guest` VALUES
('3614','1','6','0','0','0','0','0','0','0','0','0','0','0','en-us'),
('3615','1','6','0','0','0','0','0','0','0','0','0','0','0',NULL),
('3616','1','6','0','0','0','0','0','0','0','0','0','0','0','en-us'),
('3617','1','0','0','0','0','0','0','0','0','0','0','0','0','en'),
('3618','1','3','0','1','1920','1200','24','0','1','0','0','0','0','fr'),
('3619','3','1','0','0','0','0','0','0','0','0','0','0','0','fr-fr'),
('3620','3','1','0','0','0','0','0','0','0','0','0','0','0','fr-fr'),
('3621','2','8','0','1','1920','1200','32','1','1','0','1','0','1','fr'),
('3622','1','6','0','0','0','0','0','0','0','0','0','0','0','fr-ca'),
('3623','1','6','0','0','0','0','0','0','0','0','0','0','0','fr-ca'),
('3624','1','6','0','0','0','0','0','0','0','0','0','0','0','fr'),
('3625','2','6','0','1','1440','900','32','1','1','1','0','0','1','fr'),
('3626','1','0','0','0','0','0','0','0','0','0','0','0','0','en'),
('3627','1','5','0','0','0','0','0','0','0','0','0','0','0','en-us'),
('3628','1','5','0','0','0','0','0','0','0','0','0','0','0','en-us'),
('3629','1','5','0','0','0','0','0','0','0','0','0','0','0','en-us'),
('3630','1','5','0','0','0','0','0','0','0','0','0','0','0',NULL),
('3631','1','0','0','0','0','0','0','0','0','0','0','0','0','en'),
('3632','1','3','0','0','0','0','0','0','0','0','0','0','0','fr'),
('3633','2','6','0','1','1280','1024','32','1','1','1','1','0','1','fr'),
('3634','1','0','0','0','0','0','0','0','0','0','0','0','0','en'),
('3635','1','0','0','0','0','0','0','0','0','0','0','0','0','en'),
('3636','1','0','0','0','0','0','0','0','0','0','0','0','0','en'),
('3637','1','0','0','0','0','0','0','0','0','0','0','0','0','en'),
('3638','1','3','0','1','1024','768','32','1','1','0','1','0','1','fr'),
('3639','1','6','0','0','0','0','0','0','0','0','0','0','0','fr'),
('3640','2','6','0','0','0','0','0','0','0','0','0','0','0','en-us'),
('3641','2','3','0','1','1024','768','24','0','1','0','0','0','1','fr'),
('3642','1','0','0','0','0','0','0','0','0','0','0','0','0','en'),
('3643','1','6','0','1','800','600','16','0','0','0','1','0','1','en-us'),
('3644','1','0','0','0','0','0','0','0','0','0','0','0','0','en'),
('3645','1','0','0','0','0','0','0','0','0','0','0','0','0','en'),
('3646','1','6','0','1','800','600','16','0','0','0','1','0','1','en-us'),
('3647','1','6','0','0','0','0','0','0','0','0','0','0','0','en-us'),
('3648','1','0','0','0','0','0','0','0','0','0','0','0','0','en'),
('3649','2','7','0','1','1440','900','32','0','1','0','0','0','1','fr'),
('3650','1','0','0','0','0','0','0','0','0','0','0','0','0','en'),
('3651','1','0','0','0','0','0','0','0','0','0','0','0','0','en'),
('3652','1','0','0','0','0','0','0','0','0','0','0','0','0','en'),
('3653','1','0','0','0','0','0','0','0','0','0','0','0','0','en'),
('3654','1','6','0','0','0','0','0','0','0','0','0','0','0','fr'),
('3655','1','8','0','1','800','600','32','1','1','1','1','0','0','fr'),
('3656','1','7','0','1','1429','1143','32','0','1','1','1','0','1','fr'),
('3657','2','3','0','0','0','0','0','0','0','0','0','0','0','fr'),
('3658','2','3','0','1','1280','800','24','1','1','0','1','0','0','fr'),
('3659','1','6','0','0','0','0','0','0','0','0','0','0','0','it'),
('3660','1','6','0','0','0','0','0','0','0','0','0','0','0','it'),
('3661','3','1','0','1','1280','1024','24','0','1','0','1','0','0','fr'),
('3662','3','1','0','1','1280','1024','24','0','1','0','1','0','0','fr'),
('3663','2','6','0','1','1440','900','32','0','1','1','0','0','1','fr'),
('3664','2','8','0','0','0','0','0','0','0','0','0','0','0','fr'),
('3665','2','8','0','0','0','0','0','0','0','0','0','0','0','fr'),
('3666','1','5','0','0','0','0','0','0','0','0','0','0','0','fr'),
('3667','2','6','0','0','0','0','0','0','0','0','0','0','0','fr'),
('3668','2','6','0','0','0','0','0','0','0','0','0','0','0','fr'),
('3669','1','7','0','0','0','0','0','0','0','0','0','0','0','fr'),
('3670','1','7','0','0','0','0','0','0','0','0','0','0','0','fr'),
('3671','1','5','0','0','0','0','0','0','0','0','0','0','0',NULL),
('3672','1','3','0','1','1680','1050','32','0','1','0','0','0','1','fr'),
('3673','2','3','0','1','1280','800','24','1','1','1','1','0','0','fr'),
('3674','1','0','0','0','0','0','0','0','0','0','0','0','0','en'),
('3675','2','7','0','1','1680','1050','32','1','0','1','0','0','1','en-ie'),
('3676','1','3','0','0','0','0','0','0','0','0','0','0','0','fr'),
('3677','1','3','0','0','0','0','0','0','0','0','0','0','0','fr'),
('3678','2','3','0','0','0','0','0','0','0','0','0','0','0','fr'),
('3679','2','3','0','0','0','0','0','0','0','0','0','0','0','fr'),
('3680','3','3','0','1','1440','960','24','1','1','1','1','0','0','fr'),
('3681','1','7','0','0','0','0','0','0','0','0','0','0','0','fr'),
('3682','1','7','0','0','0','0','0','0','0','0','0','0','0','fr'),
('3683','1','3','0','1','1280','1024','16','1','1','0','1','0','1','fr'),
('3684','3','1','0','0','0','0','0','0','0','0','0','0','0','en-us'),
('3685','3','1','0','1','1920','1200','24','1','1','0','1','0','0','en-us'),
('3686','1','7','0','0','0','0','0','0','0','0','0','0','0','fr'),
('3687','1','8','0','1','1024','768','32','1','1','1','1','0','0','fr'),
('3688','1','6','0','1','1280','800','32','1','1','0','0','0','1','fr'),
('3689','1','7','28','0','0','0','0','0','0','0','0','0','0','fr'),
('3690','1','5','0','0','0','0','0','0','0','0','0','0','0',NULL),
('3691','1','0','0','0','0','0','0','0','0','0','0','0','0','en'),
('3692','1','5','0','0','0','0','0','0','0','0','0','0','0',NULL),
('3693','1','5','0','0','0','0','0','0','0','0','0','0','0',NULL),
('3694','1','0','0','0','0','0','0','0','0','0','0','0','0','en'),
('3695','1','5','0','0','0','0','0','0','0','0','0','0','0',NULL),
('3696','1','5','0','0','0','0','0','0','0','0','0','0','0',NULL),
('3697','1','5','0','0','0','0','0','0','0','0','0','0','0',NULL),
('3698','1','5','0','0','0','0','0','0','0','0','0','0','0',NULL),
('3699','1','5','0','0','0','0','0','0','0','0','0','0','0',NULL),
('3700','1','5','0','0','0','0','0','0','0','0','0','0','0',NULL),
('3701','1','5','0','0','0','0','0','0','0','0','0','0','0',NULL),
('3702','1','5','0','0','0','0','0','0','0','0','0','0','0',NULL),
('3703','1','5','0','0','0','0','0','0','0','0','0','0','0','en-us'),
('3704','1','5','0','0','0','0','0','0','0','0','0','0','0',NULL),
('3705','1','5','0','0','0','0','0','0','0','0','0','0','0',NULL),
('3706','1','5','0','0','0','0','0','0','0','0','0','0','0',NULL),
('3707','1','5','0','0','0','0','0','0','0','0','0','0','0',NULL),
('3708','1','5','0','0','0','0','0','0','0','0','0','0','0',NULL),
('3709','1','5','0','0','0','0','0','0','0','0','0','0','0',NULL),
('3710','1','5','0','0','0','0','0','0','0','0','0','0','0',NULL),
('3711','1','0','0','0','0','0','0','0','0','0','0','0','0','en'),
('3712','1','0','0','0','0','0','0','0','0','0','0','0','0','en'),
('3713','1','5','0','0','0','0','0','0','0','0','0','0','0',NULL),
('3714','1','0','0','0','0','0','0','0','0','0','0','0','0','en'),
('3715','1','0','0','0','0','0','0','0','0','0','0','0','0','en'),
('3716','1','6','0','0','0','0','0','0','0','0','0','0','0','en-us'),
('3717','2','7','0','1','1152','720','32','1','1','1','0','0','1','fr'),
('3718','1','6','0','0','0','0','0','0','0','0','0','0','0','en-us'),
('3719','1','0','0','0','0','0','0','0','0','0','0','0','0','en'),
('3720','1','5','0','0','0','0','0','0','0','0','0','0','0','fr'),
('3721','1','3','0','1','1680','1050','24','1','1','0','0','0','0','fr'),
('3722','1','5','0','0','0','0','0','0','0','0','0','0','0','fr'),
('3723','1','5','0','0','0','0','0','0','0','0','0','0','0','fr'),
('3724','1','0','0','0','0','0','0','0','0','0','0','0','0','en'),
('3725','4','3','0','1','1440','900','24','0','1','0','0','0','0','fr'),
('3726','1','6','0','0','0','0','0','0','0','0','0','0','0',NULL),
('3727','3','1','0','1','1920','1200','24','1','1','0','1','0','0','fr-fr'),
('3728','2','6','0','0','0','0','0','0','0','0','0','0','0','ja'),
('3729','2','6','0','1','1024','768','32','0','1','0','0','0','1','ja'),
('3730','1','0','0','0','0','0','0','0','0','0','0','0','0','en'),
('3731','1','5','0','0','0','0','0','0','0','0','0','0','0','fr'),
('3732','1','0','0','0','0','0','0','0','0','0','0','0','0','en'),
('3733','3','1','0','0','0','0','0','0','0','0','0','0','0','fr-fr'),
('3734','1','5','0','0','0','0','0','0','0','0','0','0','0',NULL),
('3735','1','0','0','0','0','0','0','0','0','0','0','0','0','en'),
('3736','1','6','0','0','0','0','0','0','0','0','0','0','0',NULL),
('3737','1','6','0','0','0','0','0','0','0','0','0','0','0',NULL),
('3738','1','6','0','0','0','0','0','0','0','0','0','0','0',NULL),
('3739','1','6','0','0','0','0','0','0','0','0','0','0','0',NULL),
('3740','1','6','0','0','0','0','0','0','0','0','0','0','0',NULL),
('3741','1','6','0','0','0','0','0','0','0','0','0','0','0',NULL),
('3742','1','6','0','0','0','0','0','0','0','0','0','0','0',NULL),
('3743','1','6','0','0','0','0','0','0','0','0','0','0','0',NULL),
('3744','1','6','0','0','0','0','0','0','0','0','0','0','0',NULL),
('3745','1','5','0','0','0','0','0','0','0','0','0','0','0',NULL),
('3746','1','5','0','0','0','0','0','0','0','0','0','0','0',NULL),
('3747','1','3','0','0','0','0','0','0','0','0','0','0','0','fr'),
('3748','1','6','0','0','0','0','0','0','0','0','0','0','0','fr-ca'),
('3749','1','6','0','0','0','0','0','0','0','0','0','0','0','fr-ca'),
('3750','2','2','0','0','0','0','0','0','0','0','0','0','0','fr'),
('3751','2','2','0','0','0','0','0','0','0','0','0','0','0','fr'),
('3752','1','6','0','0','0','0','0','0','0','0','0','0','0','en-us'),
('3753','1','7','0','0','0','0','0','0','0','0','0','0','0','fr'),
('3754','1','7','0','0','0','0','0','0','0','0','0','0','0','fr'),
('3755','1','5','0','0','0','0','0','0','0','0','0','0','0','fr'),
('3756','1','5','0','0','0','0','0','0','0','0','0','0','0','fr'),
('3757','1','0','0','0','0','0','0','0','0','0','0','0','0','en'),
('3758','1','6','0','1','1280','720','32','1','1','0','1','0','1','fr'),
('3759','1','0','0','0','0','0','0','0','0','0','0','0','0','en'),
('3760','1','0','0','0','0','0','0','0','0','0','0','0','0','en'),
('3761','3','1','0','0','0','0','0','0','0','0','0','0','0','fr-fr'),
('3762','3','1','0','1','1440','900','24','1','1','0','1','0','0','fr-fr'),
('3763','1','6','0','0','0','0','0','0','0','0','0','0','0','fr'),
('3764','2','7','0','1','1024','768','32','1','1','1','1','0','1','fr'),
('3765','1','0','0','0','0','0','0','0','0','0','0','0','0','en'),
('3766','2','3','0','1','1440','900','32','1','1','0','1','0','0','fr'),
('3767','1','3','0','0','0','0','0','0','0','0','0','0','0','fr'),
('3768','1','3','0','0','0','0','0','0','0','0','0','0','0','fr'),
('3769','1','3','0','0','0','0','0','0','0','0','0','0','0','fr'),
('3770','1','3','0','1','1024','768','32','1','1','1','1','0','0','fr'),
('3771','0','5','0','0','0','0','0','0','0','0','0','0','0',NULL),
('3772','2','6','0','0','0','0','0','0','0','0','0','0','0','fr'),
('3773','2','3','0','1','1440','900','32','0','1','0','1','0','0','fr'),
('3774','3','1','0','0','0','0','0','0','0','0','0','0','0','fr-fr'),
('3775','3','1','0','0','0','0','0','0','0','0','0','0','0','fr-fr'),
('3776','1','7','0','1','800','600','32','1','1','0','0','0','1','fr'),
('3777','2','3','0','1','1440','900','32','1','1','1','1','0','1','fr'),
('3778','1','6','0','0','0','0','0','0','0','0','0','0','0','fr'),
('3779','1','7','0','0','0','0','0','0','0','0','0','0','0','fr'),
('3780','2','6','0','0','0','0','0','0','0','0','0','0','0','fr'),
('3781','2','7','0','0','0','0','0','0','0','0','0','0','0','fr'),
('3782','1','5','0','0','0','0','0','0','0','0','0','0','0','en-us'),
('3783','2','3','0','1','1280','768','24','1','1','0','0','0','1','fr'),
('3784','2','6','0','0','0','0','0','0','0','0','0','0','0',NULL),
('3785','1','0','0','0','0','0','0','0','0','0','0','0','0','en-us'),
('3786','1','0','0','0','0','0','0','0','0','0','0','0','0','en-us'),
('3787','1','5','0','0','0','0','0','0','0','0','0','0','0','en-us'),
('3788','1','6','0','1','1280','800','32','0','1','0','0','0','1','en-za'),
('3789','2','3','0','1','1280','800','32','1','1','0','0','0','0','en-us'),
('3790','2','3','0','1','1280','800','32','1','1','0','0','0','0','fr'),
('3791','1','6','0','0','0','0','0','0','0','0','0','0','0','fr'),
('3792','1','7','0','0','0','0','0','0','0','0','0','0','0','fr'),
('3793','1','5','0','1','1680','1050','32','1','1','0','0','0','1','fr'),
('3794','3','3','0','1','1920','1080','24','1','1','0','1','0','0','fr'),
('3795','1','5','0','1','1360','768','32','1','1','1','1','0','1','fr'),
('3796','1','6','0','0','0','0','0','0','0','0','0','0','0','en-us'),
('3797','2','6','0','1','1280','800','32','1','1','0','1','0','1','fr'),
('3798','1','8','0','1','1024','768','32','1','1','0','0','0','0','fr'),
('3799','2','7','0','1','1440','900','32','1','1','1','1','0','1','fr'),
('3800','1','6','0','0','0','0','0','0','0','0','0','0','0','en-us'),
('3801','3','1','0','1','1440','900','24','1','1','0','1','0','0','en-us'),
('3802','2','8','0','1','1440','900','32','1','1','1','1','0','0','fr'),
('3803','1','6','0','1','1280','800','32','1','1','1','1','0','1','fr'),
('3804','2','6','0','0','0','0','0','0','0','0','0','0','0','fr'),
('3805','2','6','0','0','0','0','0','0','0','0','0','0','0','fr'),
('3806','1','6','0','1','800','600','16','0','0','0','1','0','1','en-us'),
('3807','1','3','0','1','1024','768','32','0','1','0','0','0','0','fr'),
('3808','2','3','0','1','1366','768','24','0','1','0','0','0','0','fr'),
('3809','1','5','0','0','0','0','0','0','0','0','0','0','0','fr'),
('3810','1','5','0','0','0','0','0','0','0','0','0','0','0','fr'),
('3811','1','6','0','0','0','0','0','0','0','0','0','0','0','fr'),
('3812','3','3','0','0','0','0','0','0','0','0','0','0','0','fr'),
('3813','1','6','0','0','0','0','0','0','0','0','0','0','0','fr');
