INSERT INTO `arbor_guest` VALUES
('67631','1','0','0','0','0','0','0','0','0','0','0','0','0','fr'),
('67632','1','0','0','0','0','0','0','0','0','0','0','0','0','fr'),
('67633','1','0','0','0','0','0','0','0','0','0','0','0','0','fr'),
('67634','1','0','0','0','0','0','0','0','0','0','0','0','0','fr'),
('67635','1','0','0','0','0','0','0','0','0','0','0','0','0','fr'),
('67636','1','0','0','0','0','0','0','0','0','0','0','0','0','fr'),
('67637','2','8','0','1','1024','600','32','0','1','0','0','0','0','fr'),
('67638','1','0','0','0','0','0','0','0','0','0','0','0','0','fr'),
('67639','1','0','0','0','0','0','0','0','0','0','0','0','0','fr'),
('67640','1','0','0','0','0','0','0','0','0','0','0','0','0','fr'),
('67641','3','1','0','1','1440','900','24','1','1','1','1','0','0','en-us'),
('67642','1','0','0','0','0','0','0','0','0','0','0','0','0','fr'),
('67643','1','0','0','0','0','0','0','0','0','0','0','0','0','fr'),
('67644','1','0','0','0','0','0','0','0','0','0','0','0','0','fr'),
('67645','1','0','0','0','0','0','0','0','0','0','0','0','0','fr'),
('67646','1','0','0','0','0','0','0','0','0','0','0','0','0','fr'),
('67647','1','0','0','0','0','0','0','0','0','0','0','0','0','fr'),
('67648','1','0','0','0','0','0','0','0','0','0','0','0','0','fr'),
('67649','1','0','0','0','0','0','0','0','0','0','0','0','0','fr'),
('67650','1','3','0','1','1024','768','32','1','1','1','1','0','1','fr'),
('67651','1','8','0','0','0','0','0','0','0','0','0','0','0','fr'),
('67652','1','3','0','0','0','0','0','0','0','0','0','0','0',NULL),
('67653','1','3','0','0','0','0','0','0','0','0','0','0','0',NULL),
('67654','1','3','0','0','0','0','0','0','0','0','0','0','0',NULL),
('67655','1','3','0','0','0','0','0','0','0','0','0','0','0',NULL),
('67656','1','8','0','0','0','0','0','0','0','0','0','0','0','fr'),
('67657','1','0','0','0','0','0','0','0','0','0','0','0','0','fr'),
('67658','1','0','0','0','0','0','0','0','0','0','0','0','0','fr'),
('67659','1','0','0','0','0','0','0','0','0','0','0','0','0','fr'),
('67660','1','3','0','1','1280','768','24','1','1','0','1','0','0','fr-fr'),
('67661','1','0','0','0','0','0','0','0','0','0','0','0','0','fr'),
('67662','1','6','0','0','0','0','0','0','0','0','0','0','0','en-us'),
('67663','1','0','0','0','0','0','0','0','0','0','0','0','0','fr'),
('67664','1','0','0','0','0','0','0','0','0','0','0','0','0','fr'),
('67665','1','0','0','0','0','0','0','0','0','0','0','0','0','fr'),
('67666','1','0','0','0','0','0','0','0','0','0','0','0','0','fr'),
('67667','1','0','0','0','0','0','0','0','0','0','0','0','0','fr'),
('67668','1','0','0','0','0','0','0','0','0','0','0','0','0','fr'),
('67669','1','0','0','0','0','0','0','0','0','0','0','0','0','fr'),
('67670','1','0','0','0','0','0','0','0','0','0','0','0','0','fr'),
('67671','1','0','0','0','0','0','0','0','0','0','0','0','0','fr'),
('67672','2','7','0','1','1311','737','32','0','1','0','0','0','1','fr'),
('67673','1','6','0','0','0','0','0','0','0','0','0','0','0','en-us'),
('67674','2','8','0','1','1366','768','32','1','1','0','0','0','0',NULL),
('67675','2','8','0','1','1366','768','32','1','1','0','0','0','0',NULL),
('67676','1','5','0','0','0','0','0','0','0','0','0','0','0',NULL),
('67677','2','4','0','1','1440','900','32','1','1','0','0','0','0','fr'),
('67678','1','0','0','0','0','0','0','0','0','0','0','0','0','fr'),
('67679','1','0','0','0','0','0','0','0','0','0','0','0','0','fr'),
('67680','1','0','0','0','0','0','0','0','0','0','0','0','0','fr'),
('67681','1','0','0','0','0','0','0','0','0','0','0','0','0','fr'),
('67682','1','0','0','0','0','0','0','0','0','0','0','0','0','fr'),
('67683','1','0','0','0','0','0','0','0','0','0','0','0','0','fr'),
('67684','1','0','0','0','0','0','0','0','0','0','0','0','0','fr'),
('67685','1','0','0','0','0','0','0','0','0','0','0','0','0','fr'),
('67686','1','0','0','0','0','0','0','0','0','0','0','0','0','fr'),
('67687','1','6','0','0','0','0','0','0','0','0','0','0','0','en-us'),
('67688','1','0','0','0','0','0','0','0','0','0','0','0','0','fr'),
('67689','1','0','0','0','0','0','0','0','0','0','0','0','0','fr'),
('67690','1','0','0','0','0','0','0','0','0','0','0','0','0','fr'),
('67691','1','0','0','0','0','0','0','0','0','0','0','0','0','fr'),
('67692','1','0','0','0','0','0','0','0','0','0','0','0','0','fr'),
('67693','1','0','0','0','0','0','0','0','0','0','0','0','0','fr'),
('67694','1','0','0','0','0','0','0','0','0','0','0','0','0','fr'),
('67695','1','0','0','0','0','0','0','0','0','0','0','0','0','fr'),
('67696','1','0','0','0','0','0','0','0','0','0','0','0','0','fr'),
('67697','1','0','0','0','0','0','0','0','0','0','0','0','0','fr'),
('67698','1','0','0','0','0','0','0','0','0','0','0','0','0','fr'),
('67699','1','0','0','0','0','0','0','0','0','0','0','0','0','fr'),
('67700','1','0','0','0','0','0','0','0','0','0','0','0','0','fr'),
('67701','1','0','0','0','0','0','0','0','0','0','0','0','0','fr'),
('67702','1','0','0','0','0','0','0','0','0','0','0','0','0','fr'),
('67703','1','0','0','0','0','0','0','0','0','0','0','0','0','fr'),
('67704','1','0','0','0','0','0','0','0','0','0','0','0','0','fr'),
('67705','1','0','0','0','0','0','0','0','0','0','0','0','0','fr'),
('67706','1','0','0','0','0','0','0','0','0','0','0','0','0','fr'),
('67707','1','0','0','0','0','0','0','0','0','0','0','0','0','fr'),
('67708','1','0','0','0','0','0','0','0','0','0','0','0','0','fr'),
('67709','1','0','0','0','0','0','0','0','0','0','0','0','0','fr'),
('67710','1','0','0','0','0','0','0','0','0','0','0','0','0','fr'),
('67711','1','0','0','0','0','0','0','0','0','0','0','0','0','fr'),
('67712','1','0','0','0','0','0','0','0','0','0','0','0','0','fr'),
('67713','1','6','0','0','0','0','0','0','0','0','0','0','0','en-us'),
('67714','1','0','0','0','0','0','0','0','0','0','0','0','0','fr'),
('67715','1','0','0','0','0','0','0','0','0','0','0','0','0','fr'),
('67716','1','0','0','0','0','0','0','0','0','0','0','0','0','fr'),
('67717','1','0','0','0','0','0','0','0','0','0','0','0','0','fr'),
('67718','1','0','0','0','0','0','0','0','0','0','0','0','0','fr'),
('67719','0','5','0','0','0','0','0','0','0','0','0','0','0',NULL),
('67720','1','0','0','0','0','0','0','0','0','0','0','0','0','fr'),
('67721','1','0','0','0','0','0','0','0','0','0','0','0','0','fr'),
('67722','1','0','0','0','0','0','0','0','0','0','0','0','0','fr'),
('67723','1','0','0','0','0','0','0','0','0','0','0','0','0','fr'),
('67724','1','0','0','0','0','0','0','0','0','0','0','0','0','fr'),
('67725','1','0','0','0','0','0','0','0','0','0','0','0','0','fr'),
('67726','1','0','0','0','0','0','0','0','0','0','0','0','0','fr'),
('67727','1','5','0','0','0','0','0','0','0','0','0','0','0',NULL),
('67728','1','5','0','0','0','0','0','0','0','0','0','0','0',NULL),
('67729','1','5','0','0','0','0','0','0','0','0','0','0','0',NULL),
('67730','1','5','0','0','0','0','0','0','0','0','0','0','0',NULL),
('67731','1','5','0','0','0','0','0','0','0','0','0','0','0',NULL),
('67732','1','0','0','0','0','0','0','0','0','0','0','0','0','fr'),
('67733','1','0','0','0','0','0','0','0','0','0','0','0','0','fr'),
('67734','1','5','0','0','0','0','0','0','0','0','0','0','0','fr'),
('67735','1','0','0','0','0','0','0','0','0','0','0','0','0','fr'),
('67736','1','0','0','0','0','0','0','0','0','0','0','0','0','fr'),
('67737','1','7','0','0','0','0','0','0','0','0','0','0','0','fr'),
('67738','1','0','0','0','0','0','0','0','0','0','0','0','0','fr'),
('67739','1','0','0','0','0','0','0','0','0','0','0','0','0','fr'),
('67740','1','0','0','0','0','0','0','0','0','0','0','0','0','fr'),
('67741','1','0','0','0','0','0','0','0','0','0','0','0','0','fr'),
('67742','1','4','0','0','0','0','0','0','0','0','0','0','0',NULL),
('67743','1','0','0','0','0','0','0','0','0','0','0','0','0','fr'),
('67744','1','5','0','0','0','0','0','0','0','0','0','0','0',NULL),
('67745','4','8','0','0','0','0','0','0','0','0','0','0','0',NULL),
('67746','2','6','0','0','0','0','0','0','0','0','0','0','0',NULL),
('67747','1','5','0','0','0','0','0','0','0','0','0','0','0','fr'),
('67748','1','5','0','1','1440','900','32','1','1','0','1','0','1','fr'),
('67749','2','8','0','1','1366','768','32','1','1','0','1','0','0','fr'),
('67750','2','8','0','1','1366','768','32','0','1','0','0','0','0','fr'),
('67751','1','0','0','0','0','0','0','0','0','0','0','0','0','fr'),
('67752','1','0','0','0','0','0','0','0','0','0','0','0','0','fr'),
('67753','1','0','0','0','0','0','0','0','0','0','0','0','0','fr'),
('67754','2','0','0','0','0','0','0','0','0','0','0','0','0','it'),
('67755','1','0','0','0','0','0','0','0','0','0','0','0','0','fr'),
('67756','1','4','0','0','0','0','0','0','0','0','0','0','0',NULL),
('67757','2','8','0','0','0','0','0','0','0','0','0','0','0','fr'),
('67758','2','3','0','0','0','0','0','0','0','0','0','0','0','fr'),
('67759','2','8','0','1','1280','1024','32','1','1','1','0','0','0','fr'),
('67760','1','0','0','0','0','0','0','0','0','0','0','0','0','fr'),
('67761','2','6','0','1','1024','819','24','1','1','1','1','0','1','fr'),
('67762','0','1','0','0','0','0','0','0','0','0','0','0','0','fr'),
('67763','0','1','0','0','0','0','0','0','0','0','0','0','0','fr'),
('67764','1','0','0','0','0','0','0','0','0','0','0','0','0','fr'),
('67765','2','3','0','0','0','0','0','0','0','0','0','0','0','fr'),
('67766','2','3','0','0','0','0','0','0','0','0','0','0','0','fr'),
('67767','1','6','0','0','0','0','0','0','0','0','0','0','0','en-us'),
('67768','1','5','0','0','0','0','0','0','0','0','0','0','0',NULL),
('67769','1','0','0','0','0','0','0','0','0','0','0','0','0','fr'),
('67770','2','0','0','0','0','0','0','0','0','0','0','0','0','en'),
('67771','1','5','0','0','0','0','0','0','0','0','0','0','0',NULL),
('67772','1','0','0','0','0','0','0','0','0','0','0','0','0','fr'),
('67773','1','0','0','0','0','0','0','0','0','0','0','0','0','fr'),
('67774','1','0','0','0','0','0','0','0','0','0','0','0','0','fr'),
('67775','0','5','0','0','0','0','0','0','0','0','0','0','0',NULL),
('67776','1','0','0','0','0','0','0','0','0','0','0','0','0','fr'),
('67777','1','0','0','0','0','0','0','0','0','0','0','0','0','fr'),
('67778','1','0','0','0','0','0','0','0','0','0','0','0','0','fr'),
('67779','1','0','0','0','0','0','0','0','0','0','0','0','0','fr'),
('67780','1','5','0','0','0','0','0','0','0','0','0','0','0',NULL),
('67781','1','0','0','0','0','0','0','0','0','0','0','0','0','fr'),
('67782','1','0','0','0','0','0','0','0','0','0','0','0','0','fr'),
('67783','1','0','0','0','0','0','0','0','0','0','0','0','0','fr'),
('67784','1','0','0','0','0','0','0','0','0','0','0','0','0','fr'),
('67785','1','0','0','0','0','0','0','0','0','0','0','0','0','fr'),
('67786','1','0','0','0','0','0','0','0','0','0','0','0','0','fr'),
('67787','1','0','0','0','0','0','0','0','0','0','0','0','0','fr'),
('67788','1','0','0','0','0','0','0','0','0','0','0','0','0','fr'),
('67789','1','0','0','0','0','0','0','0','0','0','0','0','0','fr'),
('67790','1','0','0','0','0','0','0','0','0','0','0','0','0','fr'),
('67791','1','0','0','0','0','0','0','0','0','0','0','0','0','fr'),
('67792','1','0','0','0','0','0','0','0','0','0','0','0','0','fr'),
('67793','1','0','0','0','0','0','0','0','0','0','0','0','0','fr'),
('67794','1','0','0','0','0','0','0','0','0','0','0','0','0','fr'),
('67795','1','0','0','0','0','0','0','0','0','0','0','0','0','fr'),
('67796','1','0','0','0','0','0','0','0','0','0','0','0','0','fr'),
('67797','1','0','0','0','0','0','0','0','0','0','0','0','0','fr'),
('67798','1','0','0','0','0','0','0','0','0','0','0','0','0','fr'),
('67799','1','0','0','0','0','0','0','0','0','0','0','0','0','fr'),
('67800','1','0','0','0','0','0','0','0','0','0','0','0','0','fr'),
('67801','1','0','0','0','0','0','0','0','0','0','0','0','0','fr'),
('67802','1','0','0','0','0','0','0','0','0','0','0','0','0','fr'),
('67803','1','0','0','0','0','0','0','0','0','0','0','0','0','fr'),
('67804','1','0','0','0','0','0','0','0','0','0','0','0','0','fr'),
('67805','1','0','0','0','0','0','0','0','0','0','0','0','0','fr'),
('67806','1','0','0','0','0','0','0','0','0','0','0','0','0','fr'),
('67807','1','0','0','0','0','0','0','0','0','0','0','0','0','fr'),
('67808','1','0','0','0','0','0','0','0','0','0','0','0','0','fr'),
('67809','1','0','0','0','0','0','0','0','0','0','0','0','0','fr'),
('67810','1','0','0','0','0','0','0','0','0','0','0','0','0','fr'),
('67811','1','0','0','0','0','0','0','0','0','0','0','0','0','fr'),
('67812','1','0','0','0','0','0','0','0','0','0','0','0','0','fr'),
('67813','1','0','0','0','0','0','0','0','0','0','0','0','0','fr'),
('67814','3','1','0','1','320','480','24','0','1','0','0','0','0',NULL),
('67815','1','0','0','0','0','0','0','0','0','0','0','0','0','fr'),
('67816','1','0','0','0','0','0','0','0','0','0','0','0','0','fr'),
('67817','1','0','0','0','0','0','0','0','0','0','0','0','0','fr'),
('67818','1','0','0','0','0','0','0','0','0','0','0','0','0','fr'),
('67819','1','0','0','0','0','0','0','0','0','0','0','0','0','fr'),
('67820','1','0','0','0','0','0','0','0','0','0','0','0','0','fr'),
('67821','1','0','0','0','0','0','0','0','0','0','0','0','0','fr'),
('67822','1','0','0','0','0','0','0','0','0','0','0','0','0','fr'),
('67823','1','0','0','0','0','0','0','0','0','0','0','0','0','fr'),
('67824','3','1','0','0','0','0','0','0','0','0','0','0','0','fr-fr'),
('67825','3','1','0','1','1440','900','24','1','1','0','1','0','0','fr-fr'),
('67826','1','0','0','0','0','0','0','0','0','0','0','0','0','fr'),
('67827','1','0','0','0','0','0','0','0','0','0','0','0','0','fr'),
('67828','1','0','0','0','0','0','0','0','0','0','0','0','0','fr'),
('67829','1','0','0','0','0','0','0','0','0','0','0','0','0','fr'),
('67830','1','0','0','0','0','0','0','0','0','0','0','0','0','fr');
INSERT INTO `arbor_guest` VALUES
('67831','1','0','0','0','0','0','0','0','0','0','0','0','0','fr'),
('67832','1','0','0','0','0','0','0','0','0','0','0','0','0','fr'),
('67833','1','0','0','0','0','0','0','0','0','0','0','0','0','fr'),
('67834','1','0','0','1','1024','768','24','1','1','0','0','0','0','fr'),
('67835','1','0','0','0','0','0','0','0','0','0','0','0','0','fr'),
('67836','1','0','0','0','0','0','0','0','0','0','0','0','0','fr'),
('67837','1','0','0','0','0','0','0','0','0','0','0','0','0','fr'),
('67838','1','0','0','0','0','0','0','0','0','0','0','0','0','fr'),
('67839','1','0','0','0','0','0','0','0','0','0','0','0','0','fr'),
('67840','1','0','0','0','0','0','0','0','0','0','0','0','0','fr'),
('67841','1','0','0','0','0','0','0','0','0','0','0','0','0','fr'),
('67842','1','0','0','0','0','0','0','0','0','0','0','0','0','fr'),
('67843','1','0','0','0','0','0','0','0','0','0','0','0','0','fr'),
('67844','1','0','0','0','0','0','0','0','0','0','0','0','0','fr'),
('67845','1','0','0','0','0','0','0','0','0','0','0','0','0','fr'),
('67846','1','5','0','0','0','0','0','0','0','0','0','0','0',NULL),
('67847','2','0','0','1','1440','900','24','1','1','0','0','0','1','fr'),
('67848','1','0','0','0','0','0','0','0','0','0','0','0','0','fr'),
('67849','1','0','0','0','0','0','0','0','0','0','0','0','0','fr'),
('67850','2','7','0','0','0','0','0','0','0','0','0','0','0','fr'),
('67851','1','0','0','0','0','0','0','0','0','0','0','0','0','fr'),
('67852','1','0','0','0','0','0','0','0','0','0','0','0','0','fr'),
('67853','1','4','0','0','0','0','0','0','0','0','0','0','0',NULL),
('67854','1','0','0','0','0','0','0','0','0','0','0','0','0','fr'),
('67855','1','0','0','0','0','0','0','0','0','0','0','0','0','fr'),
('67856','0','5','0','0','0','0','0','0','0','0','0','0','0',NULL),
('67857','1','0','0','0','0','0','0','0','0','0','0','0','0','fr'),
('67858','3','1','0','1','1600','1200','24','0','1','0','1','0','0','fr'),
('67859','1','0','0','0','0','0','0','0','0','0','0','0','0','fr'),
('67860','1','0','0','0','0','0','0','0','0','0','0','0','0','fr'),
('67861','1','0','0','0','0','0','0','0','0','0','0','0','0','fr'),
('67862','0','5','0','0','0','0','0','0','0','0','0','0','0',NULL),
('67863','1','0','0','0','0','0','0','0','0','0','0','0','0','fr'),
('67864','3','1','0','1','1920','1080','24','1','1','0','1','0','0','fr-fr'),
('67865','3','1','0','1','1920','1080','24','1','1','0','1','0','0','fr-fr'),
('67866','1','5','0','0','0','0','0','0','0','0','0','0','0',NULL),
('67867','1','0','0','0','0','0','0','0','0','0','0','0','0','fr'),
('67868','2','0','0','1','1920','1080','24','1','1','0','0','0','0','fr'),
('67869','1','0','0','0','0','0','0','0','0','0','0','0','0','fr'),
('67870','1','0','0','0','0','0','0','0','0','0','0','0','0','fr'),
('67871','1','8','0','1','1920','1080','32','0','1','0','0','0','0','fr'),
('67872','2','0','0','1','1366','768','24','1','1','1','1','0','0','fr'),
('67873','1','0','0','0','0','0','0','0','0','0','0','0','0','en-us'),
('67874','1','0','0','0','0','0','0','0','0','0','0','0','0','en-us'),
('67875','1','0','0','0','0','0','0','0','0','0','0','0','0','en-us'),
('67876','1','0','0','1','1024','768','24','1','1','0','1','0','0','en-us'),
('67877','2','7','0','1','1440','900','32','1','1','0','0','0','1','fr'),
('67878','2','7','0','1','1440','900','32','1','1','0','0','0','1','fr'),
('67879','1','6','0','0','0','0','0','0','0','0','0','0','0','en-us'),
('67880','3','1','0','1','1920','1080','24','1','1','0','1','0','0','fr-fr'),
('67881','1','8','0','0','0','0','0','0','0','0','0','0','0','fr'),
('67882','4','8','0','1','1024','1024','24','0','0','0','0','0','0',NULL),
('67883','4','8','0','1','1024','1024','24','0','0','0','0','0','0',NULL),
('67884','1','8','0','0','0','0','0','0','0','0','0','0','0','en'),
('67885','3','1','0','1','1440','900','24','0','1','0','1','0','0','fr'),
('67886','1','0','0','0','0','0','0','0','0','0','0','0','0','en-us'),
('67887','2','0','0','1','1280','1024','24','1','1','0','1','0','0','fr'),
('67888','0','5','0','0','0','0','0','0','0','0','0','0','0',NULL),
('67889','2','0','0','1','1366','768','24','1','1','0','0','0','1','fr'),
('67890','1','0','0','0','0','0','0','0','0','0','0','0','0','fr'),
('67891','1','0','0','0','0','0','0','0','0','0','0','0','0','fr'),
('67892','1','0','0','0','0','0','0','0','0','0','0','0','0','fr'),
('67893','1','0','0','0','0','0','0','0','0','0','0','0','0','fr'),
('67894','1','0','0','0','0','0','0','0','0','0','0','0','0','fr'),
('67895','1','0','0','0','0','0','0','0','0','0','0','0','0','fr'),
('67896','1','0','0','0','0','0','0','0','0','0','0','0','0','fr'),
('67897','1','0','0','0','0','0','0','0','0','0','0','0','0','fr'),
('67898','1','0','0','0','0','0','0','0','0','0','0','0','0','fr'),
('67899','1','0','0','0','0','0','0','0','0','0','0','0','0','fr'),
('67900','1','0','0','0','0','0','0','0','0','0','0','0','0','fr'),
('67901','1','0','0','0','0','0','0','0','0','0','0','0','0','fr'),
('67902','1','0','0','0','0','0','0','0','0','0','0','0','0','fr'),
('67903','1','0','0','0','0','0','0','0','0','0','0','0','0','fr'),
('67904','1','0','0','0','0','0','0','0','0','0','0','0','0','fr'),
('67905','1','0','0','0','0','0','0','0','0','0','0','0','0','fr'),
('67906','1','0','0','0','0','0','0','0','0','0','0','0','0','fr'),
('67907','1','0','0','0','0','0','0','0','0','0','0','0','0','fr'),
('67908','1','0','0','0','0','0','0','0','0','0','0','0','0','fr'),
('67909','1','0','0','0','0','0','0','0','0','0','0','0','0','fr'),
('67910','1','0','0','0','0','0','0','0','0','0','0','0','0','fr'),
('67911','1','0','0','0','0','0','0','0','0','0','0','0','0','fr'),
('67912','1','0','0','0','0','0','0','0','0','0','0','0','0','fr'),
('67913','1','0','0','0','0','0','0','0','0','0','0','0','0','fr'),
('67914','1','0','0','0','0','0','0','0','0','0','0','0','0','fr'),
('67915','1','0','0','0','0','0','0','0','0','0','0','0','0','fr'),
('67916','1','0','0','0','0','0','0','0','0','0','0','0','0','fr'),
('67917','1','0','0','0','0','0','0','0','0','0','0','0','0','fr'),
('67918','1','0','0','0','0','0','0','0','0','0','0','0','0','fr'),
('67919','1','0','0','0','0','0','0','0','0','0','0','0','0','fr'),
('67920','1','0','0','0','0','0','0','0','0','0','0','0','0','fr'),
('67921','1','0','0','0','0','0','0','0','0','0','0','0','0','fr'),
('67922','1','0','0','0','0','0','0','0','0','0','0','0','0','fr'),
('67923','1','0','0','0','0','0','0','0','0','0','0','0','0','fr'),
('67924','1','0','0','0','0','0','0','0','0','0','0','0','0','fr'),
('67925','1','0','0','0','0','0','0','0','0','0','0','0','0','fr'),
('67926','1','0','0','0','0','0','0','0','0','0','0','0','0','fr'),
('67927','1','0','0','0','0','0','0','0','0','0','0','0','0','fr'),
('67928','1','0','0','0','0','0','0','0','0','0','0','0','0','fr'),
('67929','1','0','0','0','0','0','0','0','0','0','0','0','0','fr'),
('67930','1','0','0','0','0','0','0','0','0','0','0','0','0','fr'),
('67931','1','0','0','0','0','0','0','0','0','0','0','0','0','fr'),
('67932','1','0','0','0','0','0','0','0','0','0','0','0','0','fr'),
('67933','1','0','0','0','0','0','0','0','0','0','0','0','0','fr'),
('67934','1','0','0','0','0','0','0','0','0','0','0','0','0','fr'),
('67935','1','0','0','0','0','0','0','0','0','0','0','0','0','fr'),
('67936','1','0','0','0','0','0','0','0','0','0','0','0','0','fr'),
('67937','1','0','0','0','0','0','0','0','0','0','0','0','0','fr'),
('67938','1','0','0','0','0','0','0','0','0','0','0','0','0','fr'),
('67939','1','0','0','0','0','0','0','0','0','0','0','0','0','fr'),
('67940','1','8','0','1','1024','768','32','1','1','0','0','0','0','fr'),
('67941','1','0','0','0','0','0','0','0','0','0','0','0','0','fr'),
('67942','1','0','0','0','0','0','0','0','0','0','0','0','0','fr'),
('67943','1','0','0','0','0','0','0','0','0','0','0','0','0','fr'),
('67944','1','0','0','0','0','0','0','0','0','0','0','0','0','fr'),
('67945','1','0','0','0','0','0','0','0','0','0','0','0','0','fr'),
('67946','1','0','0','0','0','0','0','0','0','0','0','0','0','fr'),
('67947','1','0','0','0','0','0','0','0','0','0','0','0','0','fr'),
('67948','1','0','0','0','0','0','0','0','0','0','0','0','0','fr'),
('67949','1','0','0','0','0','0','0','0','0','0','0','0','0','fr'),
('67950','1','0','0','0','0','0','0','0','0','0','0','0','0','fr'),
('67951','1','0','0','0','0','0','0','0','0','0','0','0','0','fr'),
('67952','2','7','0','1','1366','768','32','1','1','0','0','0','1','fr'),
('67953','1','0','0','0','0','0','0','0','0','0','0','0','0','fr'),
('67954','1','0','0','0','0','0','0','0','0','0','0','0','0','fr'),
('67955','1','0','0','0','0','0','0','0','0','0','0','0','0','fr'),
('67956','1','0','0','0','0','0','0','0','0','0','0','0','0','fr'),
('67957','1','0','0','0','0','0','0','0','0','0','0','0','0','fr'),
('67958','1','0','0','0','0','0','0','0','0','0','0','0','0','fr'),
('67959','3','1','0','1','1280','800','24','0','1','0','1','0','0','fr'),
('67960','1','0','0','0','0','0','0','0','0','0','0','0','0','fr'),
('67961','1','0','0','0','0','0','0','0','0','0','0','0','0','fr'),
('67962','1','0','0','0','0','0','0','0','0','0','0','0','0','fr'),
('67963','1','0','0','0','0','0','0','0','0','0','0','0','0','fr'),
('67964','1','0','0','0','0','0','0','0','0','0','0','0','0','fr'),
('67965','1','7','0','0','0','0','0','0','0','0','0','0','0','fr'),
('67966','2','7','0','1','1366','768','32','0','1','0','0','0','1','fr'),
('67967','1','5','0','0','0','0','0','0','0','0','0','0','0',NULL),
('67968','1','0','0','0','0','0','0','0','0','0','0','0','0','fr'),
('67969','1','0','0','0','0','0','0','0','0','0','0','0','0','fr'),
('67970','1','5','0','0','0','0','0','0','0','0','0','0','0',NULL),
('67971','1','0','0','0','0','0','0','0','0','0','0','0','0','fr'),
('67972','1','0','0','0','0','0','0','0','0','0','0','0','0','fr'),
('67973','2','6','0','1','1024','768','32','0','1','0','0','0','1','fr'),
('67974','1','6','0','0','0','0','0','0','0','0','0','0','0','fr'),
('67975','2','0','0','1','501','282','24','1','1','1','0','0','0','fr'),
('67976','1','0','0','0','0','0','0','0','0','0','0','0','0','fr'),
('67977','1','0','0','0','0','0','0','0','0','0','0','0','0','fr'),
('67978','1','0','0','0','0','0','0','0','0','0','0','0','0','fr'),
('67979','1','6','0','0','0','0','0','0','0','0','0','0','0','fr'),
('67980','1','6','0','0','0','0','0','0','0','0','0','0','0','fr'),
('67981','1','0','0','1','1280','1024','24','0','0','1','0','0','0','fr'),
('67982','2','8','0','0','0','0','0','0','0','0','0','0','0','fr'),
('67983','2','8','0','1','1600','900','32','1','1','0','0','0','0','fr'),
('67984','1','3','0','1','1280','800','24','0','1','0','1','0','1','fr'),
('67985','2','6','0','1','1440','900','32','0','1','1','1','0','1','fr'),
('67986','2','0','0','1','1920','1080','32','0','1','1','1','0','1','fr'),
('67987','2','0','0','0','0','0','0','0','0','0','0','0','0','fr'),
('67988','1','5','0','0','0','0','0','0','0','0','0','0','0','en-us'),
('67989','1','7','0','0','0','0','0','0','0','0','0','0','0','fr'),
('67990','1','7','0','0','0','0','0','0','0','0','0','0','0','fr'),
('67991','1','7','0','1','983','576','32','0','1','0','0','0','1','fr'),
('67992','2','7','0','1','1366','768','32','0','1','0','0','0','1','fr'),
('67993','1','5','0','0','0','0','0','0','0','0','0','0','0',NULL),
('67994','2','0','0','0','0','0','0','0','0','0','0','0','0','fr'),
('67995','1','0','0','0','0','0','0','0','0','0','0','0','0','fr'),
('67996','1','0','0','0','0','0','0','0','0','0','0','0','0','fr'),
('67997','0','5','0','0','0','0','0','0','0','0','0','0','0',NULL),
('67998','1','0','0','0','0','0','0','0','0','0','0','0','0','fr'),
('67999','1','0','0','0','0','0','0','0','0','0','0','0','0','fr'),
('68000','1','0','0','0','0','0','0','0','0','0','0','0','0','fr'),
('68001','1','0','0','0','0','0','0','0','0','0','0','0','0','fr'),
('68002','1','0','0','0','0','0','0','0','0','0','0','0','0','fr'),
('68003','1','0','0','0','0','0','0','0','0','0','0','0','0','fr'),
('68004','1','0','0','0','0','0','0','0','0','0','0','0','0','fr'),
('68005','1','0','0','0','0','0','0','0','0','0','0','0','0','fr'),
('68006','1','0','0','0','0','0','0','0','0','0','0','0','0','fr'),
('68007','1','0','0','0','0','0','0','0','0','0','0','0','0','fr'),
('68008','1','0','0','0','0','0','0','0','0','0','0','0','0','fr'),
('68009','1','0','0','0','0','0','0','0','0','0','0','0','0','fr'),
('68010','1','0','0','0','0','0','0','0','0','0','0','0','0','fr'),
('68011','1','0','0','0','0','0','0','0','0','0','0','0','0','fr'),
('68012','1','0','0','0','0','0','0','0','0','0','0','0','0','fr'),
('68013','1','0','0','0','0','0','0','0','0','0','0','0','0','fr'),
('68014','1','0','0','0','0','0','0','0','0','0','0','0','0','fr'),
('68015','1','0','0','0','0','0','0','0','0','0','0','0','0','fr'),
('68016','1','0','0','0','0','0','0','0','0','0','0','0','0','fr'),
('68017','1','0','0','0','0','0','0','0','0','0','0','0','0','fr'),
('68018','1','0','0','0','0','0','0','0','0','0','0','0','0','fr'),
('68019','1','0','0','0','0','0','0','0','0','0','0','0','0','fr'),
('68020','1','0','0','0','0','0','0','0','0','0','0','0','0','fr'),
('68021','1','0','0','0','0','0','0','0','0','0','0','0','0','fr'),
('68022','1','6','0','0','0','0','0','0','0','0','0','0','0',NULL),
('68023','1','0','0','0','0','0','0','0','0','0','0','0','0','fr'),
('68024','1','0','0','0','0','0','0','0','0','0','0','0','0','fr'),
('68025','1','0','0','0','0','0','0','0','0','0','0','0','0','fr'),
('68026','1','0','0','0','0','0','0','0','0','0','0','0','0','fr'),
('68027','1','0','0','0','0','0','0','0','0','0','0','0','0','fr'),
('68028','1','0','0','0','0','0','0','0','0','0','0','0','0','fr'),
('68029','1','6','0','0','0','0','0','0','0','0','0','0','0','fr'),
('68030','1','6','0','1','1152','864','32','1','0','1','1','0','1','fr');
INSERT INTO `arbor_guest` VALUES
('68031','1','6','0','1','1152','864','32','1','0','1','1','0','1','fr'),
('68032','1','0','0','0','0','0','0','0','0','0','0','0','0','fr'),
('68033','1','6','0','0','0','0','0','0','0','0','0','0','0','fr'),
('68034','1','0','0','0','0','0','0','0','0','0','0','0','0','fr'),
('68035','1','0','0','0','0','0','0','0','0','0','0','0','0','fr'),
('68036','1','0','0','0','0','0','0','0','0','0','0','0','0','fr'),
('68037','1','0','0','0','0','0','0','0','0','0','0','0','0','fr'),
('68038','1','0','0','0','0','0','0','0','0','0','0','0','0','fr'),
('68039','1','0','0','0','0','0','0','0','0','0','0','0','0','fr'),
('68040','1','0','0','0','0','0','0','0','0','0','0','0','0','fr'),
('68041','1','0','0','0','0','0','0','0','0','0','0','0','0','fr'),
('68042','1','0','0','0','0','0','0','0','0','0','0','0','0','fr'),
('68043','1','0','0','0','0','0','0','0','0','0','0','0','0','fr'),
('68044','1','0','0','0','0','0','0','0','0','0','0','0','0','fr'),
('68045','1','0','0','0','0','0','0','0','0','0','0','0','0','fr'),
('68046','1','0','0','0','0','0','0','0','0','0','0','0','0','fr'),
('68047','1','0','0','0','0','0','0','0','0','0','0','0','0','fr'),
('68048','1','0','0','0','0','0','0','0','0','0','0','0','0','fr'),
('68049','1','0','0','0','0','0','0','0','0','0','0','0','0','fr'),
('68050','1','0','0','0','0','0','0','0','0','0','0','0','0','fr'),
('68051','1','0','0','0','0','0','0','0','0','0','0','0','0','fr'),
('68052','1','0','0','0','0','0','0','0','0','0','0','0','0','fr'),
('68053','1','0','0','0','0','0','0','0','0','0','0','0','0','fr'),
('68054','1','0','0','0','0','0','0','0','0','0','0','0','0','fr'),
('68055','1','0','0','0','0','0','0','0','0','0','0','0','0','fr'),
('68056','1','0','0','0','0','0','0','0','0','0','0','0','0','fr'),
('68057','1','0','0','0','0','0','0','0','0','0','0','0','0','fr'),
('68058','1','0','0','0','0','0','0','0','0','0','0','0','0','fr'),
('68059','1','0','0','0','0','0','0','0','0','0','0','0','0','fr'),
('68060','1','0','0','0','0','0','0','0','0','0','0','0','0','fr'),
('68061','2','0','0','1','1680','1050','24','1','1','0','1','0','0','fr'),
('68062','3','1','0','1','1920','1080','24','1','1','0','1','0','0','fr-fr'),
('68063','2','0','0','0','0','0','0','0','0','0','0','0','0','fr'),
('68064','2','0','0','0','0','0','0','0','0','0','0','0','0','it'),
('68065','2','0','0','0','0','0','0','0','0','0','0','0','0','it'),
('68066','2','0','0','1','1366','768','24','1','1','0','0','0','1','it'),
('68067','2','0','0','0','0','0','0','0','0','0','0','0','0','it'),
('68068','1','5','0','0','0','0','0','0','0','0','0','0','0','en-us'),
('68069','2','0','0','1','1024','768','32','1','1','1','0','0','0','en'),
('68070','3','8','0','1','1280','800','24','1','1','0','1','0','0','fr'),
('68071','2','0','0','0','0','0','0','0','0','0','0','0','0','ja'),
('68072','1','7','0','1','1280','768','32','1','1','0','0','0','1','fr'),
('68073','0','6','0','0','0','0','0','0','0','0','0','0','0',NULL),
('68074','0','6','0','0','0','0','0','0','0','0','0','0','0',NULL),
('68075','0','6','0','0','0','0','0','0','0','0','0','0','0',NULL),
('68076','0','6','0','0','0','0','0','0','0','0','0','0','0',NULL),
('68077','0','6','0','0','0','0','0','0','0','0','0','0','0',NULL),
('68078','2','3','0','1','1364','768','24','1','1','0','1','0','0','fr'),
('68079','0','6','0','0','0','0','0','0','0','0','0','0','0',NULL),
('68080','1','0','0','0','0','0','0','0','0','0','0','0','0','fr'),
('68081','2','6','0','1','1680','1050','32','1','1','0','0','0','1','fr'),
('68082','0','6','0','0','0','0','0','0','0','0','0','0','0',NULL),
('68083','0','6','0','0','0','0','0','0','0','0','0','0','0',NULL),
('68084','1','5','0','0','0','0','0','0','0','0','0','0','0',NULL),
('68085','2','7','0','1','1152','864','32','1','1','0','0','0','1','fr'),
('68086','1','6','0','1','1280','800','32','1','1','1','1','0','1','fr'),
('68087','0','6','0','0','0','0','0','0','0','0','0','0','0',NULL),
('68088','0','6','0','0','0','0','0','0','0','0','0','0','0',NULL),
('68089','1','0','0','0','0','0','0','0','0','0','0','0','0','fr'),
('68090','2','7','0','1','1280','800','32','1','1','0','1','0','1','fr'),
('68091','3','8','0','0','0','0','0','0','0','0','0','0','0',NULL),
('68092','1','5','0','0','0','0','0','0','0','0','0','0','0','fr'),
('68093','2','0','0','0','0','0','0','0','0','0','0','0','0','fr'),
('68094','3','1','0','1','320','480','32','0','0','0','0','0','0','fr-fr'),
('68095','1','0','0','0','0','0','0','0','0','0','0','0','0','fr'),
('68096','3','0','0','1','1920','1080','24','1','1','0','1','0','0','fr'),
('68097','3','1','0','1','320','480','32','0','0','0','0','0','0','fr-fr'),
('68098','3','1','0','0','0','0','0','0','0','0','0','0','0','fr-fr'),
('68099','3','1','0','1','320','480','32','0','0','0','0','0','0','fr-fr'),
('68100','3','1','0','1','320','480','32','0','0','0','0','0','0','fr-fr'),
('68101','3','1','0','1','320','480','32','0','0','0','0','0','0','fr-fr'),
('68102','1','3','0','1','1280','1024','32','1','1','0','1','0','0','fr'),
('68103','1','3','0','0','0','0','0','0','0','0','0','0','0','fr'),
('68104','2','8','0','1','1920','1200','32','1','1','0','1','0','0','fr'),
('68105','0','6','0','0','0','0','0','0','0','0','0','0','0',NULL),
('68106','0','6','0','0','0','0','0','0','0','0','0','0','0',NULL),
('68107','0','6','0','0','0','0','0','0','0','0','0','0','0',NULL),
('68108','0','6','0','0','0','0','0','0','0','0','0','0','0',NULL),
('68109','0','6','0','0','0','0','0','0','0','0','0','0','0',NULL),
('68110','2','0','0','0','0','0','0','0','0','0','0','0','0','fr'),
('68111','2','8','0','1','1280','800','32','1','1','0','1','0','0','fr'),
('68112','0','6','0','0','0','0','0','0','0','0','0','0','0',NULL),
('68113','2','8','0','1','1024','768','32','0','1','0','0','0','0','fr'),
('68114','1','7','0','1','1024','768','32','1','1','0','0','0','1','fr'),
('68115','0','6','0','0','0','0','0','0','0','0','0','0','0',NULL),
('68116','2','6','0','0','0','0','0','0','0','0','0','0','0','fr'),
('68117','0','6','0','0','0','0','0','0','0','0','0','0','0',NULL),
('68118','2','8','0','0','0','0','0','0','0','0','0','0','0',NULL),
('68119','2','8','0','1','1366','768','32','1','1','0','1','0','0','fr'),
('68120','2','0','0','0','0','0','0','0','0','0','0','0','0','de'),
('68121','2','0','0','0','0','0','0','0','0','0','0','0','0','de'),
('68122','2','0','0','0','0','0','0','0','0','0','0','0','0','de'),
('68123','2','0','0','0','0','0','0','0','0','0','0','0','0','fr'),
('68124','2','0','0','0','0','0','0','0','0','0','0','0','0','fr'),
('68125','2','8','0','0','0','0','0','0','0','0','0','0','0','fr'),
('68126','2','8','0','0','0','0','0','0','0','0','0','0','0','fr'),
('68127','1','6','0','1','1280','1024','32','1','1','1','0','0','1','fr'),
('68128','2','0','0','0','0','0','0','0','0','0','0','0','0','fr'),
('68129','2','8','0','0','0','0','0','0','0','0','0','0','0','fr'),
('68130','0','1','0','0','0','0','0','0','0','0','0','0','0','en'),
('68131','1','6','0','0','0','0','0','0','0','0','0','0','0','en-us'),
('68132','1','0','0','0','0','0','0','0','0','0','0','0','0','en-us'),
('68133','1','6','0','0','0','0','0','0','0','0','0','0','0','en-us'),
('68134','1','0','0','0','0','0','0','0','0','0','0','0','0','fr'),
('68135','4','3','0','1','1280','800','24','0','1','0','0','0','0','es'),
('68136','1','6','0','0','0','0','0','0','0','0','0','0','0','en-us'),
('68137','2','3','0','1','1280','800','24','0','1','1','1','0','1','bg'),
('68138','1','5','0','0','0','0','0','0','0','0','0','0','0','en-us'),
('68139','1','0','0','0','0','0','0','0','0','0','0','0','0','fr'),
('68140','1','0','0','0','0','0','0','0','0','0','0','0','0','fr'),
('68141','1','0','0','0','0','0','0','0','0','0','0','0','0','en-us'),
('68142','1','0','0','0','0','0','0','0','0','0','0','0','0','fr'),
('68143','1','0','0','0','0','0','0','0','0','0','0','0','0','fr'),
('68144','1','0','0','0','0','0','0','0','0','0','0','0','0','fr'),
('68145','1','0','0','0','0','0','0','0','0','0','0','0','0','fr'),
('68146','1','0','0','0','0','0','0','0','0','0','0','0','0','fr'),
('68147','2','7','0','1','1024','768','32','1','1','0','1','0','1','fr-be'),
('68148','1','0','0','0','0','0','0','0','0','0','0','0','0','fr'),
('68149','1','0','0','0','0','0','0','0','0','0','0','0','0','fr'),
('68150','1','0','0','0','0','0','0','0','0','0','0','0','0','fr'),
('68151','1','0','0','0','0','0','0','0','0','0','0','0','0','fr'),
('68152','1','0','0','0','0','0','0','0','0','0','0','0','0','fr'),
('68153','1','0','0','0','0','0','0','0','0','0','0','0','0','fr'),
('68154','1','0','0','0','0','0','0','0','0','0','0','0','0','fr'),
('68155','1','0','0','0','0','0','0','0','0','0','0','0','0','fr'),
('68156','1','0','0','0','0','0','0','0','0','0','0','0','0','fr'),
('68157','1','0','0','0','0','0','0','0','0','0','0','0','0','fr'),
('68158','1','0','0','0','0','0','0','0','0','0','0','0','0','en-us'),
('68159','1','0','0','0','0','0','0','0','0','0','0','0','0','en-us'),
('68160','1','0','0','0','0','0','0','0','0','0','0','0','0','fr'),
('68161','1','0','0','0','0','0','0','0','0','0','0','0','0','fr'),
('68162','2','8','0','1','1600','900','32','1','1','1','0','0','0','fr'),
('68163','1','5','0','1','1280','1024','32','1','1','0','0','0','1','fr'),
('68164','1','5','0','0','0','0','0','0','0','0','0','0','0','en-us'),
('68165','1','7','0','0','0','0','0','0','0','0','0','0','0','fr'),
('68166','0','6','0','0','0','0','0','0','0','0','0','0','0',NULL),
('68167','2','7','0','1','1280','720','32','1','1','0','0','0','1','fr'),
('68168','2','0','0','0','0','0','0','0','0','0','0','0','0','fr'),
('68169','2','0','0','0','0','0','0','0','0','0','0','0','0','fr'),
('68170','2','3','0','1','1366','768','24','1','1','0','0','0','0','fr'),
('68171','1','0','0','1','1440','900','24','0','1','0','0','0','0','fr'),
('68172','2','7','0','0','0','0','0','0','0','0','0','0','0','fr'),
('68173','2','8','0','0','0','0','0','0','0','0','0','0','0','fr'),
('68174','2','0','0','1','1440','900','32','0','1','0','0','0','1','fr'),
('68175','2','7','0','1','1600','900','32','1','1','0','0','0','1','fr'),
('68176','1','7','0','1','1920','1080','32','0','1','0','0','0','1','fr'),
('68177','1','5','0','0','0','0','0','0','0','0','0','0','0',NULL),
('68178','2','0','0','0','0','0','0','0','0','0','0','0','0','fr'),
('68179','2','0','0','1','1366','768','24','1','1','1','0','0','1','fr'),
('68180','4','0','0','1','1920','1080','24','1','1','0','0','0','0','fr'),
('68181','1','0','0','0','0','0','0','0','0','0','0','0','0','en-us'),
('68182','1','7','0','0','0','0','0','0','0','0','0','0','0','it'),
('68183','2','0','0','1','1024','819','24','0','1','0','0','0','1','fr'),
('68184','1','6','0','0','0','0','0','0','0','0','0','0','0','en-us'),
('68185','1','8','0','0','0','0','0','0','0','0','0','0','0','fr'),
('68186','1','8','0','0','0','0','0','0','0','0','0','0','0','fr'),
('68187','1','8','0','1','1680','1050','32','1','1','1','0','0','0','fr'),
('68188','1','0','0','0','0','0','0','0','0','0','0','0','0','en-us'),
('68189','1','6','0','0','0','0','0','0','0','0','0','0','0','en-us'),
('68190','1','0','0','0','0','0','0','0','0','0','0','0','0','en-us'),
('68191','1','0','0','0','0','0','0','0','0','0','0','0','0','en-us'),
('68192','0','5','0','0','0','0','0','0','0','0','0','0','0',NULL),
('68193','1','6','0','1','1280','1024','32','1','1','0','1','0','1','fr-be'),
('68194','1','0','0','0','0','0','0','0','0','0','0','0','0','fr'),
('68195','2','0','0','1','1440','900','24','1','1','1','0','0','0','fr'),
('68196','1','0','0','0','0','0','0','0','0','0','0','0','0','fr'),
('68197','1','0','0','0','0','0','0','0','0','0','0','0','0','fr'),
('68198','1','0','0','0','0','0','0','0','0','0','0','0','0','fr'),
('68199','1','0','0','0','0','0','0','0','0','0','0','0','0','fr'),
('68200','1','0','0','0','0','0','0','0','0','0','0','0','0','fr'),
('68201','1','0','0','0','0','0','0','0','0','0','0','0','0','fr'),
('68202','1','0','0','0','0','0','0','0','0','0','0','0','0','fr'),
('68203','1','0','0','0','0','0','0','0','0','0','0','0','0','fr'),
('68204','1','0','0','0','0','0','0','0','0','0','0','0','0','fr'),
('68205','1','0','0','0','0','0','0','0','0','0','0','0','0','fr'),
('68206','1','0','0','0','0','0','0','0','0','0','0','0','0','fr'),
('68207','1','0','0','0','0','0','0','0','0','0','0','0','0','fr'),
('68208','1','0','0','0','0','0','0','0','0','0','0','0','0','fr'),
('68209','1','0','0','0','0','0','0','0','0','0','0','0','0','fr'),
('68210','1','0','0','0','0','0','0','0','0','0','0','0','0','fr'),
('68211','1','0','0','0','0','0','0','0','0','0','0','0','0','fr'),
('68212','1','0','0','0','0','0','0','0','0','0','0','0','0','fr'),
('68213','1','0','0','0','0','0','0','0','0','0','0','0','0','fr'),
('68214','1','0','0','0','0','0','0','0','0','0','0','0','0','fr'),
('68215','1','0','0','0','0','0','0','0','0','0','0','0','0','fr'),
('68216','1','0','0','0','0','0','0','0','0','0','0','0','0','fr'),
('68217','1','0','0','0','0','0','0','0','0','0','0','0','0','fr'),
('68218','1','0','0','0','0','0','0','0','0','0','0','0','0','fr'),
('68219','1','0','0','0','0','0','0','0','0','0','0','0','0','fr'),
('68220','1','0','0','0','0','0','0','0','0','0','0','0','0','fr'),
('68221','1','0','0','0','0','0','0','0','0','0','0','0','0','fr'),
('68222','1','0','0','0','0','0','0','0','0','0','0','0','0','fr'),
('68223','1','0','0','0','0','0','0','0','0','0','0','0','0','fr'),
('68224','1','0','0','0','0','0','0','0','0','0','0','0','0','fr'),
('68225','4','8','0','1','1024','1024','24','0','0','0','0','0','0',NULL),
('68226','1','0','0','0','0','0','0','0','0','0','0','0','0','fr'),
('68227','1','0','0','0','0','0','0','0','0','0','0','0','0','fr'),
('68228','1','0','0','0','0','0','0','0','0','0','0','0','0','fr'),
('68229','1','0','0','0','0','0','0','0','0','0','0','0','0','fr'),
('68230','1','0','0','0','0','0','0','0','0','0','0','0','0','fr');
INSERT INTO `arbor_guest` VALUES
('68231','1','0','0','0','0','0','0','0','0','0','0','0','0','fr'),
('68232','1','0','0','0','0','0','0','0','0','0','0','0','0','fr'),
('68233','1','5','0','0','0','0','0','0','0','0','0','0','0',NULL),
('68234','1','0','0','0','0','0','0','0','0','0','0','0','0','fr'),
('68235','1','0','0','0','0','0','0','0','0','0','0','0','0','fr'),
('68236','1','0','0','0','0','0','0','0','0','0','0','0','0','fr'),
('68237','1','0','0','0','0','0','0','0','0','0','0','0','0','fr'),
('68238','2','6','0','0','0','0','0','0','0','0','0','0','0','fr'),
('68239','1','0','0','0','0','0','0','0','0','0','0','0','0','fr'),
('68240','1','0','0','0','0','0','0','0','0','0','0','0','0','fr'),
('68241','1','0','0','0','0','0','0','0','0','0','0','0','0','fr'),
('68242','4','3','0','0','0','0','0','0','0','0','0','0','0',NULL),
('68243','4','3','0','0','0','0','0','0','0','0','0','0','0',NULL),
('68244','4','3','0','0','0','0','0','0','0','0','0','0','0',NULL),
('68245','4','3','0','0','0','0','0','0','0','0','0','0','0',NULL),
('68246','4','3','0','0','0','0','0','0','0','0','0','0','0',NULL),
('68247','4','3','0','0','0','0','0','0','0','0','0','0','0',NULL),
('68248','1','0','0','0','0','0','0','0','0','0','0','0','0','fr'),
('68249','1','0','0','0','0','0','0','0','0','0','0','0','0','fr'),
('68250','1','0','0','0','0','0','0','0','0','0','0','0','0','fr'),
('68251','1','0','0','0','0','0','0','0','0','0','0','0','0','fr'),
('68252','1','0','0','0','0','0','0','0','0','0','0','0','0','fr'),
('68253','1','0','0','0','0','0','0','0','0','0','0','0','0','fr'),
('68254','1','0','0','0','0','0','0','0','0','0','0','0','0','fr'),
('68255','1','0','0','0','0','0','0','0','0','0','0','0','0','fr'),
('68256','1','0','0','0','0','0','0','0','0','0','0','0','0','fr'),
('68257','1','0','0','0','0','0','0','0','0','0','0','0','0','fr'),
('68258','1','0','0','0','0','0','0','0','0','0','0','0','0','fr'),
('68259','1','5','0','0','0','0','0','0','0','0','0','0','0',NULL),
('68260','1','0','0','0','0','0','0','0','0','0','0','0','0','fr'),
('68261','1','0','0','0','0','0','0','0','0','0','0','0','0','fr'),
('68262','2','0','0','1','1366','768','24','1','1','1','1','0','0','fr'),
('68263','1','0','0','0','0','0','0','0','0','0','0','0','0','fr'),
('68264','1','6','0','0','0','0','0','0','0','0','0','0','0','en-us'),
('68265','1','0','0','0','0','0','0','0','0','0','0','0','0','fr'),
('68266','1','0','0','0','0','0','0','0','0','0','0','0','0','fr'),
('68267','2','7','0','1','1093','614','32','1','1','0','0','0','1','fr'),
('68268','2','8','0','0','0','0','0','0','0','0','0','0','0','fr'),
('68269','2','3','0','1','1366','768','24','0','1','0','0','0','0','fr'),
('68270','2','8','0','1','1280','1024','32','0','1','0','0','0','0','fr'),
('68271','1','8','0','1','1024','768','32','0','1','1','1','0','0','fr'),
('68272','3','1','0','0','0','0','0','0','0','0','0','0','0','fr-fr'),
('68273','3','1','0','0','0','0','0','0','0','0','0','0','0','fr-fr'),
('68274','1','0','0','0','0','0','0','0','0','0','0','0','0','en-us'),
('68275','1','0','0','0','0','0','0','0','0','0','0','0','0','en-us'),
('68276','0','5','0','0','0','0','0','0','0','0','0','0','0',NULL),
('68277','1','0','0','0','0','0','0','0','0','0','0','0','0','fr'),
('68278','1','0','0','0','0','0','0','0','0','0','0','0','0','en-us'),
('68279','3','1','0','1','1440','900','24','1','1','0','1','0','0','fr-fr'),
('68280','1','0','0','0','0','0','0','0','0','0','0','0','0','fr'),
('68281','1','7','0','1','1536','864','32','1','1','0','0','0','1','fr'),
('68282','1','0','0','0','0','0','0','0','0','0','0','0','0','en-us'),
('68283','1','0','0','0','0','0','0','0','0','0','0','0','0','fr'),
('68284','1','8','0','0','0','0','0','0','0','0','0','0','0','fr'),
('68285','1','0','0','0','0','0','0','0','0','0','0','0','0','fr'),
('68286','2','6','0','0','0','0','0','0','0','0','0','0','0',NULL),
('68287','3','1','0','0','0','0','0','0','0','0','0','0','0','fr-fr'),
('68288','1','3','0','0','0','0','0','0','0','0','0','0','0','fr'),
('68289','1','0','0','0','0','0','0','0','0','0','0','0','0','fr'),
('68290','1','0','0','0','0','0','0','0','0','0','0','0','0','fr'),
('68291','3','3','0','0','0','0','0','0','0','0','0','0','0','fr'),
('68292','3','0','0','0','0','0','0','0','0','0','0','0','0','fr'),
('68293','1','0','0','0','0','0','0','0','0','0','0','0','0','en-us'),
('68294','1','0','0','0','0','0','0','0','0','0','0','0','0','fr'),
('68295','1','0','0','0','0','0','0','0','0','0','0','0','0','fr'),
('68296','1','0','0','0','0','0','0','0','0','0','0','0','0','fr'),
('68297','1','0','0','0','0','0','0','0','0','0','0','0','0','fr'),
('68298','3','0','0','1','1440','900','24','1','1','0','1','0','0','fr'),
('68299','1','0','0','0','0','0','0','0','0','0','0','0','0','fr'),
('68300','1','0','0','0','0','0','0','0','0','0','0','0','0','fr'),
('68301','1','0','0','0','0','0','0','0','0','0','0','0','0','fr'),
('68302','1','0','0','0','0','0','0','0','0','0','0','0','0','fr'),
('68303','1','0','0','0','0','0','0','0','0','0','0','0','0','fr'),
('68304','1','0','0','0','0','0','0','0','0','0','0','0','0','fr'),
('68305','1','0','0','0','0','0','0','0','0','0','0','0','0','fr'),
('68306','1','0','0','0','0','0','0','0','0','0','0','0','0','fr'),
('68307','1','0','0','0','0','0','0','0','0','0','0','0','0','fr'),
('68308','1','0','0','0','0','0','0','0','0','0','0','0','0','fr'),
('68309','1','0','0','0','0','0','0','0','0','0','0','0','0','fr'),
('68310','1','7','0','1','1024','768','16','1','1','1','0','0','1','fr'),
('68311','1','0','0','0','0','0','0','0','0','0','0','0','0','fr'),
('68312','1','0','0','0','0','0','0','0','0','0','0','0','0','fr'),
('68313','3','1','0','1','1280','800','24','1','1','0','1','0','0','fr-fr'),
('68314','1','0','0','1','1024','768','24','0','1','0','1','0','0','fr'),
('68315','1','0','0','0','0','0','0','0','0','0','0','0','0','fr'),
('68316','1','0','0','0','0','0','0','0','0','0','0','0','0','fr'),
('68317','1','7','0','1','1280','854','32','1','1','1','0','0','1','fr'),
('68318','1','7','0','1','1024','768','32','0','1','0','1','0','1','fr'),
('68319','1','0','0','0','0','0','0','0','0','0','0','0','0','fr'),
('68320','1','0','0','0','0','0','0','0','0','0','0','0','0','fr'),
('68321','1','0','0','0','0','0','0','0','0','0','0','0','0','fr'),
('68322','1','0','0','0','0','0','0','0','0','0','0','0','0','fr'),
('68323','2','3','0','0','0','0','0','0','0','0','0','0','0','fr'),
('68324','1','0','0','0','0','0','0','0','0','0','0','0','0','fr'),
('68325','1','0','0','0','0','0','0','0','0','0','0','0','0','fr'),
('68326','2','0','45','1','1680','1050','24','1','1','1','1','0','1','fr'),
('68327','1','0','0','0','0','0','0','0','0','0','0','0','0','fr'),
('68328','1','0','0','0','0','0','0','0','0','0','0','0','0','fr'),
('68329','1','0','0','0','0','0','0','0','0','0','0','0','0','fr'),
('68330','1','0','0','0','0','0','0','0','0','0','0','0','0','fr'),
('68331','1','0','0','0','0','0','0','0','0','0','0','0','0','fr'),
('68332','1','0','0','0','0','0','0','0','0','0','0','0','0','fr'),
('68333','2','0','0','1','1600','900','24','1','1','0','1','0','0','fr'),
('68334','1','0','0','0','0','0','0','0','0','0','0','0','0','fr'),
('68335','1','0','0','0','0','0','0','0','0','0','0','0','0','en-us'),
('68336','1','0','0','0','0','0','0','0','0','0','0','0','0','fr'),
('68337','1','6','0','0','0','0','0','0','0','0','0','0','0','fr'),
('68338','1','0','0','0','0','0','0','0','0','0','0','0','0','fr'),
('68339','1','0','0','0','0','0','0','0','0','0','0','0','0','fr'),
('68340','1','0','0','0','0','0','0','0','0','0','0','0','0','fr'),
('68341','1','0','0','0','0','0','0','0','0','0','0','0','0','fr'),
('68342','1','0','0','0','0','0','0','0','0','0','0','0','0','fr'),
('68343','1','0','0','0','0','0','0','0','0','0','0','0','0','fr'),
('68344','1','0','0','0','0','0','0','0','0','0','0','0','0','fr'),
('68345','1','0','0','0','0','0','0','0','0','0','0','0','0','fr'),
('68346','1','0','0','0','0','0','0','0','0','0','0','0','0','fr'),
('68347','1','0','0','0','0','0','0','0','0','0','0','0','0','fr'),
('68348','1','0','0','0','0','0','0','0','0','0','0','0','0','fr'),
('68349','1','0','0','0','0','0','0','0','0','0','0','0','0','fr'),
('68350','1','0','0','0','0','0','0','0','0','0','0','0','0','fr'),
('68351','1','0','0','0','0','0','0','0','0','0','0','0','0','fr'),
('68352','1','0','0','0','0','0','0','0','0','0','0','0','0','fr'),
('68353','1','0','0','0','0','0','0','0','0','0','0','0','0','en-us'),
('68354','1','0','0','0','0','0','0','0','0','0','0','0','0','fr'),
('68355','1','0','0','0','0','0','0','0','0','0','0','0','0','fr'),
('68356','1','0','0','0','0','0','0','0','0','0','0','0','0','fr'),
('68357','1','0','0','0','0','0','0','0','0','0','0','0','0','fr'),
('68358','1','0','0','0','0','0','0','0','0','0','0','0','0','fr'),
('68359','1','7','0','0','0','0','0','0','0','0','0','0','0','en-us'),
('68360','1','0','0','0','0','0','0','0','0','0','0','0','0','fr'),
('68361','1','0','0','0','0','0','0','0','0','0','0','0','0','fr'),
('68362','2','0','0','1','1280','1024','24','1','1','1','1','0','0','fr'),
('68363','3','1','0','1','1280','800','24','1','1','0','1','0','0','fr-fr'),
('68364','2','8','0','0','0','0','0','0','0','0','0','0','0','fr'),
('68365','2','8','0','0','0','0','0','0','0','0','0','0','0','fr'),
('68366','2','0','0','0','0','0','0','0','0','0','0','0','0','fr'),
('68367','1','6','0','0','0','0','0','0','0','0','0','0','0','en-us'),
('68368','1','0','0','0','0','0','0','0','0','0','0','0','0','en-us'),
('68369','1','0','0','0','0','0','0','0','0','0','0','0','0','en-us'),
('68370','1','0','0','0','0','0','0','0','0','0','0','0','0','en-us'),
('68371','1','0','0','0','0','0','0','0','0','0','0','0','0','en-us'),
('68372','2','0','0','1','1280','1024','24','1','1','0','0','0','0','fr'),
('68373','2','0','0','0','0','0','0','0','0','0','0','0','0','fr'),
('68374','2','0','0','1','1280','800','24','0','1','0','1','0','0','fr'),
('68375','3','1','0','0','0','0','0','0','0','0','0','0','0','fr-fr'),
('68376','1','0','0','0','0','0','0','0','0','0','0','0','0','fr'),
('68377','1','0','0','0','0','0','0','0','0','0','0','0','0','en-us'),
('68378','1','0','0','0','0','0','0','0','0','0','0','0','0','en-us'),
('68379','1','0','0','0','0','0','0','0','0','0','0','0','0','en-us'),
('68380','1','0','0','0','0','0','0','0','0','0','0','0','0','fr'),
('68381','1','0','0','0','0','0','0','0','0','0','0','0','0','fr'),
('68382','1','0','0','0','0','0','0','0','0','0','0','0','0','fr'),
('68383','1','0','0','0','0','0','0','0','0','0','0','0','0','fr'),
('68384','1','0','0','0','0','0','0','0','0','0','0','0','0','fr'),
('68385','1','0','0','0','0','0','0','0','0','0','0','0','0','fr'),
('68386','1','0','0','0','0','0','0','0','0','0','0','0','0','fr'),
('68387','1','0','0','1','1280','1024','24','0','1','1','1','0','0','en-us'),
('68388','1','0','0','0','0','0','0','0','0','0','0','0','0','fr'),
('68389','1','0','0','0','0','0','0','0','0','0','0','0','0','fr'),
('68390','1','0','0','0','0','0','0','0','0','0','0','0','0','fr'),
('68391','1','0','0','0','0','0','0','0','0','0','0','0','0','fr'),
('68392','1','0','0','0','0','0','0','0','0','0','0','0','0','fr'),
('68393','1','0','0','0','0','0','0','0','0','0','0','0','0','fr'),
('68394','1','6','0','0','0','0','0','0','0','0','0','0','0',NULL),
('68395','1','0','0','0','0','0','0','0','0','0','0','0','0','fr'),
('68396','1','0','0','0','0','0','0','0','0','0','0','0','0','fr'),
('68397','1','0','0','0','0','0','0','0','0','0','0','0','0','fr'),
('68398','1','0','0','0','0','0','0','0','0','0','0','0','0','fr'),
('68399','1','0','0','0','0','0','0','0','0','0','0','0','0','fr'),
('68400','1','0','0','0','0','0','0','0','0','0','0','0','0','fr'),
('68401','1','0','0','0','0','0','0','0','0','0','0','0','0','fr'),
('68402','1','0','0','0','0','0','0','0','0','0','0','0','0','en-us'),
('68403','1','0','0','0','0','0','0','0','0','0','0','0','0','fr'),
('68404','1','0','0','0','0','0','0','0','0','0','0','0','0','fr'),
('68405','1','0','0','0','0','0','0','0','0','0','0','0','0','fr'),
('68406','1','0','0','0','0','0','0','0','0','0','0','0','0','fr'),
('68407','1','0','0','0','0','0','0','0','0','0','0','0','0','fr'),
('68408','1','0','0','0','0','0','0','0','0','0','0','0','0','fr'),
('68409','1','0','0','0','0','0','0','0','0','0','0','0','0','fr'),
('68410','1','0','0','0','0','0','0','0','0','0','0','0','0','fr'),
('68411','1','0','0','0','0','0','0','0','0','0','0','0','0','fr'),
('68412','1','0','0','0','0','0','0','0','0','0','0','0','0','fr'),
('68413','1','0','0','0','0','0','0','0','0','0','0','0','0','fr'),
('68414','1','0','0','0','0','0','0','0','0','0','0','0','0','fr'),
('68415','1','0','0','0','0','0','0','0','0','0','0','0','0','fr'),
('68416','1','0','0','0','0','0','0','0','0','0','0','0','0','fr'),
('68417','1','0','0','0','0','0','0','0','0','0','0','0','0','fr'),
('68418','1','0','0','0','0','0','0','0','0','0','0','0','0','fr'),
('68419','1','7','0','0','0','0','0','0','0','0','0','0','0','fr'),
('68420','1','0','0','0','0','0','0','0','0','0','0','0','0','fr'),
('68421','1','7','0','0','0','0','0','0','0','0','0','0','0','fr'),
('68422','2','7','0','0','0','0','0','0','0','0','0','0','0','fr'),
('68423','1','0','0','0','0','0','0','0','0','0','0','0','0','fr'),
('68424','1','0','0','0','0','0','0','0','0','0','0','0','0','fr'),
('68425','1','0','0','0','0','0','0','0','0','0','0','0','0','fr'),
('68426','1','0','0','0','0','0','0','0','0','0','0','0','0','fr'),
('68427','1','0','0','0','0','0','0','0','0','0','0','0','0','fr'),
('68428','1','0','0','0','0','0','0','0','0','0','0','0','0','fr'),
('68429','1','0','0','0','0','0','0','0','0','0','0','0','0','fr'),
('68430','1','5','0','0','0','0','0','0','0','0','0','0','0',NULL);
INSERT INTO `arbor_guest` VALUES
('68431','1','0','0','0','0','0','0','0','0','0','0','0','0','fr'),
('68432','2','7','0','1','1131','636','32','1','1','0','0','0','1','fr'),
('68433','1','6','0','0','0','0','0','0','0','0','0','0','0','en-us'),
('68434','1','0','0','0','0','0','0','0','0','0','0','0','0','fr'),
('68435','1','0','0','0','0','0','0','0','0','0','0','0','0','fr'),
('68436','1','0','0','0','0','0','0','0','0','0','0','0','0','fr'),
('68437','1','0','0','0','0','0','0','0','0','0','0','0','0','en-us'),
('68438','1','0','0','0','0','0','0','0','0','0','0','0','0','en-us'),
('68439','1','0','0','0','0','0','0','0','0','0','0','0','0','fr'),
('68440','1','0','0','0','0','0','0','0','0','0','0','0','0','fr'),
('68441','1','0','0','0','0','0','0','0','0','0','0','0','0','fr'),
('68442','1','0','0','0','0','0','0','0','0','0','0','0','0','fr'),
('68443','1','0','0','0','0','0','0','0','0','0','0','0','0','fr'),
('68444','1','0','0','0','0','0','0','0','0','0','0','0','0','fr'),
('68445','3','0','0','0','0','0','0','0','0','0','0','0','0','fr'),
('68446','3','0','0','0','0','0','0','0','0','0','0','0','0','fr'),
('68447','3','0','0','1','1280','800','24','1','0','0','1','0','0','fr'),
('68448','1','0','0','0','0','0','0','0','0','0','0','0','0','fr'),
('68449','1','0','0','0','0','0','0','0','0','0','0','0','0','fr'),
('68450','1','0','0','0','0','0','0','0','0','0','0','0','0','fr'),
('68451','1','0','0','0','0','0','0','0','0','0','0','0','0','fr'),
('68452','1','0','0','0','0','0','0','0','0','0','0','0','0','fr'),
('68453','1','0','0','0','0','0','0','0','0','0','0','0','0','fr'),
('68454','1','0','0','0','0','0','0','0','0','0','0','0','0','fr'),
('68455','1','0','0','0','0','0','0','0','0','0','0','0','0','fr'),
('68456','1','0','0','0','0','0','0','0','0','0','0','0','0','fr'),
('68457','1','6','0','0','0','0','0','0','0','0','0','0','0','fr'),
('68458','1','0','0','0','0','0','0','0','0','0','0','0','0','fr'),
('68459','1','0','0','0','0','0','0','0','0','0','0','0','0','fr'),
('68460','1','0','0','0','0','0','0','0','0','0','0','0','0','fr'),
('68461','1','0','0','0','0','0','0','0','0','0','0','0','0','fr'),
('68462','1','0','0','0','0','0','0','0','0','0','0','0','0','en-us'),
('68463','1','5','0','0','0','0','0','0','0','0','0','0','0',NULL),
('68464','1','6','0','0','0','0','0','0','0','0','0','0','0','en-us'),
('68465','1','5','0','0','0','0','0','0','0','0','0','0','0',NULL),
('68466','1','0','0','0','0','0','0','0','0','0','0','0','0','fr'),
('68467','1','0','0','0','0','0','0','0','0','0','0','0','0','fr'),
('68468','1','0','0','0','0','0','0','0','0','0','0','0','0','fr'),
('68469','1','8','0','0','0','0','0','0','0','0','0','0','0','fr'),
('68470','1','0','0','0','0','0','0','0','0','0','0','0','0','fr'),
('68471','1','0','0','0','0','0','0','0','0','0','0','0','0','en-us'),
('68472','1','0','0','0','0','0','0','0','0','0','0','0','0','en-us'),
('68473','1','0','0','0','0','0','0','0','0','0','0','0','0','fr'),
('68474','2','0','0','0','0','0','0','0','0','0','0','0','0','fr'),
('68475','2','0','0','0','0','0','0','0','0','0','0','0','0','fr'),
('68476','1','0','0','0','0','0','0','0','0','0','0','0','0','en-us'),
('68477','1','0','0','0','0','0','0','0','0','0','0','0','0','fr'),
('68478','2','8','0','1','1366','768','32','0','1','0','1','0','0','fr'),
('68479','1','0','0','0','0','0','0','0','0','0','0','0','0','fr'),
('68480','1','0','0','0','0','0','0','0','0','0','0','0','0','fr'),
('68481','1','0','0','0','0','0','0','0','0','0','0','0','0','fr'),
('68482','1','0','0','0','0','0','0','0','0','0','0','0','0','fr'),
('68483','1','0','0','0','0','0','0','0','0','0','0','0','0','fr'),
('68484','1','7','0','1','1600','1200','32','1','1','1','1','0','1','fr'),
('68485','1','7','0','1','1280','800','32','0','1','0','0','0','1','fr'),
('68486','1','0','0','0','0','0','0','0','0','0','0','0','0','fr'),
('68487','1','0','0','0','0','0','0','0','0','0','0','0','0','fr'),
('68488','1','0','0','0','0','0','0','0','0','0','0','0','0','en-us'),
('68489','1','4','0','0','0','0','0','0','0','0','0','0','0',NULL),
('68490','1','5','0','0','0','0','0','0','0','0','0','0','0',NULL),
('68491','4','8','0','1','1024','1024','24','0','0','0','0','0','0',NULL),
('68492','1','0','0','0','0','0','0','0','0','0','0','0','0','fr'),
('68493','2','8','0','1','1680','945','32','1','1','1','0','0','0','fr'),
('68494','2','6','0','0','0','0','0','0','0','0','0','0','0','uk'),
('68495','2','8','0','1','1280','800','32','0','1','0','0','0','0','fr'),
('68496','1','6','0','0','0','0','0','0','0','0','0','0','0','en-us'),
('68497','1','5','0','0','0','0','0','0','0','0','0','0','0',NULL),
('68498','1','0','0','0','0','0','0','0','0','0','0','0','0',NULL),
('68499','1','0','0','0','0','0','0','0','0','0','0','0','0','en-us'),
('68500','1','0','0','0','0','0','0','0','0','0','0','0','0','en-us'),
('68501','1','0','0','0','0','0','0','0','0','0','0','0','0','en-us'),
('68502','1','0','0','0','0','0','0','0','0','0','0','0','0','en-us'),
('68503','1','0','0','0','0','0','0','0','0','0','0','0','0','fr'),
('68504','1','5','0','0','0','0','0','0','0','0','0','0','0',NULL),
('68505','2','0','0','1','1365','800','24','0','1','0','0','0','1','fr'),
('68506','1','0','0','0','0','0','0','0','0','0','0','0','0','fr'),
('68507','1','5','0','0','0','0','0','0','0','0','0','0','0','fr'),
('68508','1','0','0','0','0','0','0','0','0','0','0','0','0','en-us'),
('68509','1','0','0','0','0','0','0','0','0','0','0','0','0','fr'),
('68510','1','0','0','0','0','0','0','0','0','0','0','0','0','fr'),
('68511','1','0','0','0','0','0','0','0','0','0','0','0','0','fr'),
('68512','1','0','0','0','0','0','0','0','0','0','0','0','0','en-us'),
('68513','1','0','0','0','0','0','0','0','0','0','0','0','0','en-us'),
('68514','1','0','0','0','0','0','0','0','0','0','0','0','0','fr'),
('68515','1','0','0','0','0','0','0','0','0','0','0','0','0','fr'),
('68516','1','0','0','0','0','0','0','0','0','0','0','0','0','fr'),
('68517','1','0','0','0','0','0','0','0','0','0','0','0','0','en-us'),
('68518','1','0','0','0','0','0','0','0','0','0','0','0','0','fr'),
('68519','1','0','0','0','0','0','0','0','0','0','0','0','0','fr'),
('68520','1','0','0','0','0','0','0','0','0','0','0','0','0','fr'),
('68521','1','0','0','0','0','0','0','0','0','0','0','0','0','fr'),
('68522','1','0','0','0','0','0','0','0','0','0','0','0','0','fr'),
('68523','1','0','0','0','0','0','0','0','0','0','0','0','0','fr'),
('68524','1','0','0','0','0','0','0','0','0','0','0','0','0','fr'),
('68525','1','0','0','0','0','0','0','0','0','0','0','0','0','fr'),
('68526','1','0','0','0','0','0','0','0','0','0','0','0','0','fr'),
('68527','1','0','0','0','0','0','0','0','0','0','0','0','0','fr'),
('68528','3','1','0','1','320','480','24','0','1','0','0','0','0',NULL),
('68529','1','5','0','0','0','0','0','0','0','0','0','0','0','fr-ch'),
('68530','1','6','0','0','0','0','0','0','0','0','0','0','0','en'),
('68531','1','5','0','0','0','0','0','0','0','0','0','0','0','fr-ch'),
('68532','3','1','0','1','320','480','24','0','1','0','0','0','0',NULL),
('68533','2','8','0','1','1280','800','32','0','1','0','0','0','1','fr'),
('68534','1','0','0','0','0','0','0','0','0','0','0','0','0','en-us'),
('68535','1','0','0','0','0','0','0','0','0','0','0','0','0','en-us'),
('68537','1','0','0','0','0','0','0','0','0','0','0','0','0','en-us'),
('68538','3','0','0','1','3200','1800','24','1','1','0','1','0','0','fr'),
('68539','1','7','0','1','1280','1024','32','1','1','0','0','0','1','fr'),
('68540','1','0','0','1','1280','1024','24','1','1','0','0','0','0','fr'),
('68541','2','8','0','1','1600','900','32','1','1','0','0','0','0','fr'),
('68542','1','0','0','0','0','0','0','0','0','0','0','0','0','fr'),
('68543','1','0','0','0','0','0','0','0','0','0','0','0','0','fr'),
('68544','1','0','0','0','0','0','0','0','0','0','0','0','0','fr'),
('68545','1','0','0','0','0','0','0','0','0','0','0','0','0','fr'),
('68546','1','0','0','0','0','0','0','0','0','0','0','0','0','fr'),
('68547','1','0','0','0','0','0','0','0','0','0','0','0','0','fr'),
('68548','1','0','0','0','0','0','0','0','0','0','0','0','0','fr'),
('68549','1','0','0','0','0','0','0','0','0','0','0','0','0','fr'),
('68550','1','0','0','1','1440','900','24','0','0','0','0','0','0','fr'),
('68551','1','0','0','0','0','0','0','0','0','0','0','0','0','fr'),
('68552','2','7','0','0','0','0','0','0','0','0','0','0','0','fr'),
('68553','4','8','0','1','1024','1024','24','0','0','0','0','0','0',NULL),
('68554','1','0','0','0','0','0','0','0','0','0','0','0','0','fr'),
('68555','1','5','0','0','0','0','0','0','0','0','0','0','0',NULL),
('68556','1','0','0','0','0','0','0','0','0','0','0','0','0','fr'),
('68557','1','0','0','0','0','0','0','0','0','0','0','0','0','en-us'),
('68558','1','0','0','0','0','0','0','0','0','0','0','0','0','en-us'),
('68559','2','8','0','1','1920','1080','32','1','1','0','1','0','0',NULL),
('68560','1','0','0','0','0','0','0','0','0','0','0','0','0','fr'),
('68561','1','0','0','0','0','0','0','0','0','0','0','0','0','fr'),
('68562','1','0','0','0','0','0','0','0','0','0','0','0','0','fr'),
('68563','1','0','0','0','0','0','0','0','0','0','0','0','0','fr'),
('68564','1','0','0','0','0','0','0','0','0','0','0','0','0','fr'),
('68565','2','0','0','0','0','0','0','0','0','0','0','0','0','fr'),
('68566','1','0','0','0','0','0','0','0','0','0','0','0','0','fr'),
('68567','1','0','0','0','0','0','0','0','0','0','0','0','0','fr'),
('68568','1','0','0','0','0','0','0','0','0','0','0','0','0','fr'),
('68569','1','0','0','0','0','0','0','0','0','0','0','0','0','fr'),
('68570','1','0','0','0','0','0','0','0','0','0','0','0','0','fr'),
('68571','1','0','0','0','0','0','0','0','0','0','0','0','0','fr'),
('68572','1','0','0','0','0','0','0','0','0','0','0','0','0','fr'),
('68573','1','0','0','0','0','0','0','0','0','0','0','0','0','fr'),
('68574','1','0','0','0','0','0','0','0','0','0','0','0','0','fr'),
('68575','1','0','0','0','0','0','0','0','0','0','0','0','0','fr'),
('68576','0','5','0','0','0','0','0','0','0','0','0','0','0',NULL),
('68577','1','0','0','0','0','0','0','0','0','0','0','0','0','fr'),
('68578','1','0','0','0','0','0','0','0','0','0','0','0','0','fr'),
('68579','1','6','0','0','0','0','0','0','0','0','0','0','0','en-us'),
('68580','1','0','0','0','0','0','0','0','0','0','0','0','0','fr'),
('68581','1','0','0','0','0','0','0','0','0','0','0','0','0','fr'),
('68582','1','0','0','0','0','0','0','0','0','0','0','0','0','fr'),
('68583','1','0','0','0','0','0','0','0','0','0','0','0','0','fr'),
('68584','1','6','0','0','0','0','0','0','0','0','0','0','0','en'),
('68585','1','7','0','1','1024','768','32','1','1','0','0','0','1','fr'),
('68586','1','0','0','0','0','0','0','0','0','0','0','0','0','fr'),
('68587','1','0','0','0','0','0','0','0','0','0','0','0','0','fr'),
('68588','1','0','0','0','0','0','0','0','0','0','0','0','0','fr'),
('68589','1','0','0','0','0','0','0','0','0','0','0','0','0','fr'),
('68590','1','0','0','0','0','0','0','0','0','0','0','0','0','fr'),
('68591','1','0','0','0','0','0','0','0','0','0','0','0','0','fr'),
('68592','1','0','0','0','0','0','0','0','0','0','0','0','0','fr'),
('68593','1','0','0','0','0','0','0','0','0','0','0','0','0','fr'),
('68594','1','0','0','0','0','0','0','0','0','0','0','0','0','fr'),
('68595','1','6','0','0','0','0','0','0','0','0','0','0','0','en-us'),
('68596','2','6','0','0','0','0','0','0','0','0','0','0','0','fr'),
('68597','2','6','0','0','0','0','0','0','0','0','0','0','0','fr'),
('68598','1','0','0','0','0','0','0','0','0','0','0','0','0','fr'),
('68599','1','0','0','0','0','0','0','0','0','0','0','0','0','fr'),
('68600','1','5','0','0','0','0','0','0','0','0','0','0','0',NULL),
('68601','1','0','0','0','0','0','0','0','0','0','0','0','0','fr'),
('68602','1','5','0','1','1280','1024','32','1','1','0','0','0','1','fr'),
('68603','1','0','0','0','0','0','0','0','0','0','0','0','0','fr'),
('68604','1','0','0','0','0','0','0','0','0','0','0','0','0','fr'),
('68605','1','0','0','0','0','0','0','0','0','0','0','0','0','fr'),
('68606','1','0','0','0','0','0','0','0','0','0','0','0','0','fr'),
('68607','1','7','0','1','1024','768','32','1','1','1','1','0','1','fr'),
('68608','2','3','0','1','1440','900','24','1','1','1','1','0','0','fr'),
('68609','1','0','0','0','0','0','0','0','0','0','0','0','0','fr'),
('68610','2','7','0','0','0','0','0','0','0','0','0','0','0','fr'),
('68611','1','0','0','0','0','0','0','0','0','0','0','0','0','fr'),
('68612','1','5','0','0','0','0','0','0','0','0','0','0','0','en-us'),
('68613','1','5','0','0','0','0','0','0','0','0','0','0','0','en-us'),
('68614','1','0','0','0','0','0','0','0','0','0','0','0','0','fr'),
('68615','1','0','0','0','0','0','0','0','0','0','0','0','0','fr'),
('68616','1','0','0','0','0','0','0','0','0','0','0','0','0','fr'),
('68617','2','0','0','1','1280','1024','24','1','1','1','1','0','0','fr'),
('68618','1','0','0','0','0','0','0','0','0','0','0','0','0','fr'),
('68619','1','0','0','0','0','0','0','0','0','0','0','0','0','fr'),
('68620','1','0','0','0','0','0','0','0','0','0','0','0','0','fr'),
('68621','1','0','0','0','0','0','0','0','0','0','0','0','0','fr'),
('68622','1','6','0','1','1280','800','32','0','1','0','1','0','1','fr'),
('68623','1','6','0','1','1280','800','32','0','1','0','1','0','1','fr'),
('68624','1','6','0','1','1280','800','32','0','1','0','1','0','1','fr'),
('69061','2','0','0','1','1280','800','24','1','1','1','1','0','0','fr'),
('68626','2','0','0','1','1920','1080','24','1','1','0','1','0','1','fr'),
('68627','1','0','0','1','1280','800','24','1','1','1','1','0','0','fr'),
('68628','1','0','0','0','0','0','0','0','0','0','0','0','0','fr'),
('68629','1','8','0','1','1024','768','32','0','1','0','0','0','0','fr'),
('68630','1','0','0','0','0','0','0','0','0','0','0','0','0','fr'),
('68631','1','0','0','0','0','0','0','0','0','0','0','0','0','fr');
INSERT INTO `arbor_guest` VALUES
('68632','3','1','0','1','320','480','32','0','0','0','0','0','0','fr-fr'),
('68633','1','0','0','0','0','0','0','0','0','0','0','0','0','fr'),
('68634','1','0','0','0','0','0','0','0','0','0','0','0','0','en-us'),
('68635','1','0','0','0','0','0','0','0','0','0','0','0','0','en-us'),
('68636','1','0','0','0','0','0','0','0','0','0','0','0','0','fr'),
('68637','1','0','0','0','0','0','0','0','0','0','0','0','0','fr'),
('68638','1','0','0','0','0','0','0','0','0','0','0','0','0','fr'),
('68639','1','0','0','0','0','0','0','0','0','0','0','0','0','fr'),
('68640','1','0','0','0','0','0','0','0','0','0','0','0','0','fr'),
('68641','1','0','0','0','0','0','0','0','0','0','0','0','0','fr'),
('68642','1','0','0','0','0','0','0','0','0','0','0','0','0','fr'),
('68643','1','0','0','0','0','0','0','0','0','0','0','0','0','fr'),
('68644','1','0','0','0','0','0','0','0','0','0','0','0','0','fr'),
('68645','1','0','0','0','0','0','0','0','0','0','0','0','0','fr'),
('68646','1','0','0','0','0','0','0','0','0','0','0','0','0','fr'),
('68647','1','0','0','0','0','0','0','0','0','0','0','0','0','fr'),
('68648','1','5','0','0','0','0','0','0','0','0','0','0','0',NULL),
('68649','1','0','0','0','0','0','0','0','0','0','0','0','0','fr'),
('68650','1','0','0','0','0','0','0','0','0','0','0','0','0',NULL),
('68651','1','0','0','0','0','0','0','0','0','0','0','0','0','fr'),
('68652','1','0','0','0','0','0','0','0','0','0','0','0','0','fr'),
('68653','1','0','0','0','0','0','0','0','0','0','0','0','0','fr'),
('68654','2','3','0','0','0','0','0','0','0','0','0','0','0',NULL),
('68655','1','0','0','0','0','0','0','0','0','0','0','0','0','fr'),
('68656','1','0','0','0','0','0','0','0','0','0','0','0','0','fr'),
('68657','1','0','0','0','0','0','0','0','0','0','0','0','0','fr'),
('68658','1','0','0','0','0','0','0','0','0','0','0','0','0','fr'),
('68659','1','0','0','0','0','0','0','0','0','0','0','0','0','fr'),
('68660','1','0','0','0','0','0','0','0','0','0','0','0','0','fr'),
('68661','1','0','0','0','0','0','0','0','0','0','0','0','0','fr'),
('68662','1','0','0','0','0','0','0','0','0','0','0','0','0','fr'),
('68663','1','0','0','0','0','0','0','0','0','0','0','0','0','fr'),
('68664','1','0','0','0','0','0','0','0','0','0','0','0','0','fr'),
('68665','1','0','0','0','0','0','0','0','0','0','0','0','0','fr'),
('68666','1','0','0','0','0','0','0','0','0','0','0','0','0','fr'),
('68667','1','0','0','0','0','0','0','0','0','0','0','0','0','fr'),
('68668','4','0','0','1','1280','1024','24','1','1','0','0','0','0','fr'),
('68669','1','0','0','0','0','0','0','0','0','0','0','0','0','fr'),
('68670','1','0','0','0','0','0','0','0','0','0','0','0','0','fr'),
('68671','1','0','0','0','0','0','0','0','0','0','0','0','0','fr'),
('68672','1','5','0','0','0','0','0','0','0','0','0','0','0',NULL),
('68673','1','0','0','0','0','0','0','0','0','0','0','0','0','en-us'),
('68674','1','0','0','0','0','0','0','0','0','0','0','0','0','en-us'),
('68675','1','0','0','0','0','0','0','0','0','0','0','0','0','fr'),
('68676','1','0','0','0','0','0','0','0','0','0','0','0','0','fr'),
('68677','1','0','0','0','0','0','0','0','0','0','0','0','0','fr'),
('68678','1','0','0','0','0','0','0','0','0','0','0','0','0','fr'),
('68679','1','0','0','0','0','0','0','0','0','0','0','0','0','en-us'),
('68680','1','0','0','0','0','0','0','0','0','0','0','0','0','en-us'),
('68681','1','0','0','0','0','0','0','0','0','0','0','0','0','fr'),
('68682','1','0','0','0','0','0','0','0','0','0','0','0','0','fr'),
('68683','1','0','0','0','0','0','0','0','0','0','0','0','0','fr'),
('68684','1','0','0','0','0','0','0','0','0','0','0','0','0','fr'),
('68685','1','0','0','0','0','0','0','0','0','0','0','0','0','fr'),
('68686','1','0','0','0','0','0','0','0','0','0','0','0','0','fr'),
('68687','1','0','0','0','0','0','0','0','0','0','0','0','0','fr'),
('68688','1','0','0','0','0','0','0','0','0','0','0','0','0','fr'),
('68689','1','0','0','0','0','0','0','0','0','0','0','0','0','fr'),
('68690','1','0','0','0','0','0','0','0','0','0','0','0','0','fr'),
('68691','3','8','0','0','0','0','0','0','0','0','0','0','0','fr'),
('68692','1','0','0','0','0','0','0','0','0','0','0','0','0','fr'),
('68693','1','3','0','1','1440','900','32','1','1','0','0','0','0','fr'),
('68694','1','0','0','0','0','0','0','0','0','0','0','0','0','fr'),
('68695','1','0','0','0','0','0','0','0','0','0','0','0','0','fr'),
('68696','1','0','0','0','0','0','0','0','0','0','0','0','0','fr'),
('68697','3','1','0','0','0','0','0','0','0','0','0','0','0','fr-fr'),
('68698','1','0','0','0','0','0','0','0','0','0','0','0','0','fr'),
('68699','1','0','0','0','0','0','0','0','0','0','0','0','0','fr'),
('68700','1','0','0','0','0','0','0','0','0','0','0','0','0','fr'),
('68701','1','5','0','0','0','0','0','0','0','0','0','0','0',NULL),
('68702','1','3','0','1','1024','768','24','1','1','1','0','0','0','fr'),
('68703','1','0','0','0','0','0','0','0','0','0','0','0','0','fr'),
('68704','1','0','0','0','0','0','0','0','0','0','0','0','0','fr'),
('68705','1','0','0','0','0','0','0','0','0','0','0','0','0','fr'),
('68706','1','0','0','0','0','0','0','0','0','0','0','0','0','fr'),
('68707','1','0','0','0','0','0','0','0','0','0','0','0','0','fr'),
('68708','1','0','0','0','0','0','0','0','0','0','0','0','0','fr'),
('68709','1','0','0','0','0','0','0','0','0','0','0','0','0','fr'),
('68710','0','5','0','0','0','0','0','0','0','0','0','0','0',NULL),
('68711','1','5','0','0','0','0','0','0','0','0','0','0','0','fr'),
('68712','1','5','0','0','0','0','0','0','0','0','0','0','0',NULL),
('68713','1','0','0','0','0','0','0','0','0','0','0','0','0','fr'),
('68714','1','0','0','0','0','0','0','0','0','0','0','0','0','fr'),
('68715','2','8','0','1','1440','900','32','1','1','0','0','0','0','fr'),
('68716','1','0','0','0','0','0','0','0','0','0','0','0','0','fr'),
('68717','1','0','0','0','0','0','0','0','0','0','0','0','0','fr'),
('68718','1','0','0','0','0','0','0','0','0','0','0','0','0','en-us'),
('68719','1','0','0','0','0','0','0','0','0','0','0','0','0','fr'),
('68720','1','7','0','1','1024','768','32','1','1','1','1','0','1','fr'),
('68721','3','0','0','1','1280','800','24','1','1','0','1','0','0','en-us'),
('68722','2','0','0','0','0','0','0','0','0','0','0','0','0','fr'),
('68723','2','0','0','1','1600','900','24','1','1','0','0','0','0','fr'),
('68724','2','7','0','0','0','0','0','0','0','0','0','0','0','es'),
('68725','2','7','0','0','0','0','0','0','0','0','0','0','0','es'),
('68726','1','0','0','1','1024','768','24','1','1','0','1','0','0','fr'),
('68727','1','7','0','1','1024','768','32','1','1','1','0','0','1','fr'),
('68728','1','7','0','1','1024','768','32','1','1','0','1','0','1','fr'),
('68729','1','0','0','0','0','0','0','0','0','0','0','0','0','en-us'),
('68730','3','1','0','0','0','0','0','0','0','0','0','0','0','fr-fr'),
('68731','2','8','0','0','0','0','0','0','0','0','0','0','0','fr'),
('68732','2','7','0','1','1920','1200','32','0','1','0','0','0','1','fr'),
('68733','2','0','0','1','1366','768','24','1','1','0','1','0','1','fr'),
('68734','1','0','0','0','0','0','0','0','0','0','0','0','0','en-us'),
('68735','1','0','0','0','0','0','0','0','0','0','0','0','0','en-us'),
('68736','1','0','0','0','0','0','0','0','0','0','0','0','0','en-us'),
('68737','1','5','0','0','0','0','0','0','0','0','0','0','0',NULL),
('68738','1','0','0','0','0','0','0','0','0','0','0','0','0','fr'),
('68739','1','5','0','0','0','0','0','0','0','0','0','0','0',NULL),
('68740','1','0','0','0','0','0','0','0','0','0','0','0','0','fr'),
('68741','1','0','0','0','0','0','0','0','0','0','0','0','0','fr'),
('68742','1','6','0','0','0','0','0','0','0','0','0','0','0','en-us'),
('68743','1','0','0','0','0','0','0','0','0','0','0','0','0','fr'),
('68744','1','0','0','0','0','0','0','0','0','0','0','0','0','fr'),
('68745','1','0','0','0','0','0','0','0','0','0','0','0','0','fr'),
('68746','1','0','0','0','0','0','0','0','0','0','0','0','0','fr'),
('68747','1','0','0','0','0','0','0','0','0','0','0','0','0','fr'),
('68748','1','0','0','0','0','0','0','0','0','0','0','0','0','fr'),
('68749','1','0','0','0','0','0','0','0','0','0','0','0','0','fr'),
('68750','1','0','0','0','0','0','0','0','0','0','0','0','0','fr'),
('68751','1','0','0','0','0','0','0','0','0','0','0','0','0','fr'),
('68752','1','0','0','0','0','0','0','0','0','0','0','0','0','fr'),
('68753','1','0','0','0','0','0','0','0','0','0','0','0','0','fr'),
('68754','1','0','0','0','0','0','0','0','0','0','0','0','0','fr'),
('68755','1','0','0','0','0','0','0','0','0','0','0','0','0','fr'),
('68756','1','0','0','0','0','0','0','0','0','0','0','0','0','fr'),
('68757','1','0','0','0','0','0','0','0','0','0','0','0','0','fr'),
('68758','1','0','0','0','0','0','0','0','0','0','0','0','0','fr'),
('68759','1','0','0','0','0','0','0','0','0','0','0','0','0','fr'),
('68760','1','0','0','0','0','0','0','0','0','0','0','0','0','fr'),
('68761','1','0','0','0','0','0','0','0','0','0','0','0','0','fr'),
('68762','1','0','0','0','0','0','0','0','0','0','0','0','0','fr'),
('68763','1','0','0','0','0','0','0','0','0','0','0','0','0','fr'),
('68764','1','0','0','0','0','0','0','0','0','0','0','0','0','fr'),
('68765','1','4','0','0','0','0','0','0','0','0','0','0','0',NULL),
('68766','1','0','0','0','0','0','0','0','0','0','0','0','0','fr'),
('68767','1','0','0','0','0','0','0','0','0','0','0','0','0','fr'),
('68768','1','0','0','0','0','0','0','0','0','0','0','0','0','fr'),
('68769','1','0','0','0','0','0','0','0','0','0','0','0','0','fr'),
('68770','1','0','0','0','0','0','0','0','0','0','0','0','0','fr'),
('68771','1','0','0','0','0','0','0','0','0','0','0','0','0','fr'),
('68772','1','0','0','0','0','0','0','0','0','0','0','0','0','fr'),
('68773','1','0','0','0','0','0','0','0','0','0','0','0','0','fr'),
('68774','1','0','0','0','0','0','0','0','0','0','0','0','0','fr'),
('68775','1','0','0','0','0','0','0','0','0','0','0','0','0','fr'),
('68776','1','0','0','0','0','0','0','0','0','0','0','0','0','fr'),
('68777','1','0','0','0','0','0','0','0','0','0','0','0','0','fr'),
('68778','1','0','0','0','0','0','0','0','0','0','0','0','0','fr'),
('68779','1','5','0','0','0','0','0','0','0','0','0','0','0',NULL),
('68780','2','6','0','0','0','0','0','0','0','0','0','0','0','fr-ca'),
('68781','1','0','0','0','0','0','0','0','0','0','0','0','0','fr'),
('68782','1','0','0','0','0','0','0','0','0','0','0','0','0','fr'),
('68783','1','0','0','0','0','0','0','0','0','0','0','0','0','fr'),
('68784','1','0','0','0','0','0','0','0','0','0','0','0','0','fr'),
('68785','1','0','0','0','0','0','0','0','0','0','0','0','0','fr'),
('68786','1','0','0','0','0','0','0','0','0','0','0','0','0','en-us'),
('68787','1','0','0','0','0','0','0','0','0','0','0','0','0','fr'),
('68788','1','0','0','0','0','0','0','0','0','0','0','0','0','fr'),
('68789','1','0','0','0','0','0','0','0','0','0','0','0','0','fr'),
('68790','1','0','0','0','0','0','0','0','0','0','0','0','0','fr'),
('68791','1','0','0','0','0','0','0','0','0','0','0','0','0','fr'),
('68792','1','0','0','0','0','0','0','0','0','0','0','0','0','fr'),
('68793','1','0','0','0','0','0','0','0','0','0','0','0','0','fr'),
('68794','1','0','0','0','0','0','0','0','0','0','0','0','0','fr'),
('68795','1','0','0','0','0','0','0','0','0','0','0','0','0','fr'),
('68796','1','0','0','0','0','0','0','0','0','0','0','0','0','fr'),
('68797','0','5','0','0','0','0','0','0','0','0','0','0','0',NULL),
('68798','1','0','0','0','0','0','0','0','0','0','0','0','0','fr'),
('68799','1','0','0','0','0','0','0','0','0','0','0','0','0','fr'),
('68800','1','0','0','0','0','0','0','0','0','0','0','0','0','fr'),
('68801','1','0','0','0','0','0','0','0','0','0','0','0','0','fr'),
('68802','1','5','0','0','0','0','0','0','0','0','0','0','0',NULL),
('68803','1','0','0','0','0','0','0','0','0','0','0','0','0','fr'),
('68804','1','0','0','0','0','0','0','0','0','0','0','0','0','fr'),
('68805','1','0','0','0','0','0','0','0','0','0','0','0','0','fr'),
('68806','1','0','0','0','0','0','0','0','0','0','0','0','0','fr'),
('68807','1','0','0','0','0','0','0','0','0','0','0','0','0','fr'),
('68808','1','0','0','0','0','0','0','0','0','0','0','0','0','fr'),
('68809','1','0','0','0','0','0','0','0','0','0','0','0','0','fr'),
('68810','1','0','0','0','0','0','0','0','0','0','0','0','0','fr'),
('68811','1','0','0','0','0','0','0','0','0','0','0','0','0','fr'),
('68812','1','0','0','0','0','0','0','0','0','0','0','0','0','fr'),
('68813','1','0','0','0','0','0','0','0','0','0','0','0','0','fr'),
('68814','2','8','0','1','1920','1080','32','1','1','0','0','0','0','fr'),
('68815','1','0','0','0','0','0','0','0','0','0','0','0','0','fr'),
('68816','1','0','0','0','0','0','0','0','0','0','0','0','0','fr'),
('68817','1','0','0','0','0','0','0','0','0','0','0','0','0','fr'),
('68818','1','0','0','0','0','0','0','0','0','0','0','0','0','fr'),
('68819','1','0','0','0','0','0','0','0','0','0','0','0','0','fr'),
('68820','1','0','0','0','0','0','0','0','0','0','0','0','0','fr'),
('68821','1','0','0','0','0','0','0','0','0','0','0','0','0','fr'),
('68822','1','0','0','0','0','0','0','0','0','0','0','0','0','fr'),
('68823','1','5','0','0','0','0','0','0','0','0','0','0','0',NULL),
('68824','1','6','0','1','1280','1024','32','1','1','0','1','0','1','fr'),
('68825','1','0','0','0','0','0','0','0','0','0','0','0','0','fr'),
('68826','2','7','0','0','0','0','0','0','0','0','0','0','0','sv'),
('68827','1','0','0','0','0','0','0','0','0','0','0','0','0','fr'),
('68828','2','7','0','0','0','0','0','0','0','0','0','0','0','sv'),
('68829','2','0','0','1','1600','900','24','1','1','0','1','0','0','fr'),
('68830','1','0','0','0','0','0','0','0','0','0','0','0','0','en-us'),
('68831','1','0','0','0','0','0','0','0','0','0','0','0','0','fr');
INSERT INTO `arbor_guest` VALUES
('68832','2','8','0','1','1920','1080','32','0','1','0','0','0','0','fr'),
('68833','1','0','0','0','0','0','0','0','0','0','0','0','0','fr'),
('68834','1','0','0','0','0','0','0','0','0','0','0','0','0','fr'),
('68835','1','0','0','0','0','0','0','0','0','0','0','0','0','fr'),
('68836','1','0','0','0','0','0','0','0','0','0','0','0','0','en-us'),
('68837','1','7','0','0','0','0','0','0','0','0','0','0','0','en-us'),
('68838','1','7','0','0','0','0','0','0','0','0','0','0','0','en-us'),
('68839','2','0','0','0','0','0','0','0','0','0','0','0','0','fr'),
('68840','1','0','0','0','0','0','0','0','0','0','0','0','0','en-us'),
('68841','1','5','0','0','0','0','0','0','0','0','0','0','0',NULL),
('68842','1','7','0','0','0','0','0','0','0','0','0','0','0','fr'),
('68843','1','7','0','0','0','0','0','0','0','0','0','0','0','fr'),
('68844','2','0','0','1','1920','1200','24','1','1','0','1','0','1','fr'),
('68845','2','0','0','0','0','0','0','0','0','0','0','0','0','fr'),
('68846','2','0','0','1','1600','900','24','1','1','1','1','0','0','fr'),
('68847','2','7','0','0','0','0','0','0','0','0','0','0','0','fr'),
('68848','2','7','0','1','1376','774','32','1','1','0','1','0','1','fr'),
('68849','1','6','0','0','0','0','0','0','0','0','0','0','0','nl'),
('68850','3','8','0','0','0','0','0','0','0','0','0','0','0','fr'),
('68851','3','8','0','1','1680','1050','24','1','1','0','1','0','0','fr'),
('68852','0','5','0','0','0','0','0','0','0','0','0','0','0',NULL),
('68853','1','0','0','0','0','0','0','0','0','0','0','0','0','en-us'),
('68854','1','0','0','0','0','0','0','0','0','0','0','0','0','en-us'),
('68855','2','8','0','0','0','0','0','0','0','0','0','0','0','fr'),
('68856','1','7','0','0','0','0','0','0','0','0','0','0','0','fr'),
('68857','1','7','0','0','0','0','0','0','0','0','0','0','0','fr'),
('68858','1','3','0','0','0','0','0','0','0','0','0','0','0','fr'),
('68859','2','6','0','0','0','0','0','0','0','0','0','0','0','fr'),
('68860','1','0','0','0','0','0','0','0','0','0','0','0','0','en-us'),
('68861','1','5','0','0','0','0','0','0','0','0','0','0','0',NULL),
('68862','3','1','0','1','1680','1050','24','1','1','0','1','0','0','fr-fr'),
('68863','1','0','0','1','1024','768','16','0','1','0','1','0','0','fr'),
('68864','1','4','0','0','0','0','0','0','0','0','0','0','0',NULL),
('68865','2','0','0','0','0','0','0','0','0','0','0','0','0','fr'),
('68866','2','3','0','0','0','0','0','0','0','0','0','0','0','fr'),
('68867','3','0','0','1','2400','1500','24','1','1','1','1','0','0','en-us'),
('68868','1','7','0','1','1280','800','32','1','1','1','1','0','1','fr'),
('68869','2','7','0','0','0','0','0','0','0','0','0','0','0','fr'),
('68870','2','7','0','1','1311','737','32','1','1','0','0','0','1','fr'),
('68871','2','7','0','1','1311','737','32','1','1','0','0','0','1','fr'),
('68872','1','5','0','0','0','0','0','0','0','0','0','0','0',NULL),
('68873','2','0','0','1','1680','1050','24','1','1','0','1','0','0','fr'),
('68874','1','4','0','0','0','0','0','0','0','0','0','0','0',NULL),
('68875','1','6','0','0','0','0','0','0','0','0','0','0','0','en-us'),
('68876','1','0','0','0','0','0','0','0','0','0','0','0','0','fr'),
('68877','1','5','0','0','0','0','0','0','0','0','0','0','0',NULL),
('68878','1','0','0','0','0','0','0','0','0','0','0','0','0','fr'),
('68879','1','0','0','0','0','0','0','0','0','0','0','0','0','fr'),
('68880','1','0','0','0','0','0','0','0','0','0','0','0','0','fr'),
('68881','1','0','0','0','0','0','0','0','0','0','0','0','0','fr'),
('68882','1','0','0','0','0','0','0','0','0','0','0','0','0','fr'),
('68883','2','0','0','0','0','0','0','0','0','0','0','0','0','fr'),
('68884','1','0','0','0','0','0','0','0','0','0','0','0','0','fr'),
('68885','1','0','0','0','0','0','0','0','0','0','0','0','0','fr'),
('68886','1','0','0','0','0','0','0','0','0','0','0','0','0','fr'),
('68887','1','0','0','0','0','0','0','0','0','0','0','0','0','fr'),
('68888','1','0','0','0','0','0','0','0','0','0','0','0','0','fr'),
('68889','1','0','0','0','0','0','0','0','0','0','0','0','0','fr'),
('68890','1','0','0','0','0','0','0','0','0','0','0','0','0','fr'),
('68891','1','0','0','0','0','0','0','0','0','0','0','0','0','en-us'),
('68892','1','0','0','0','0','0','0','0','0','0','0','0','0','fr'),
('68893','1','0','0','0','0','0','0','0','0','0','0','0','0','fr'),
('68894','1','0','0','0','0','0','0','0','0','0','0','0','0','fr'),
('68895','1','0','0','0','0','0','0','0','0','0','0','0','0','fr'),
('68896','1','0','0','0','0','0','0','0','0','0','0','0','0','fr'),
('68897','1','0','0','0','0','0','0','0','0','0','0','0','0','fr'),
('68898','1','0','0','0','0','0','0','0','0','0','0','0','0','fr'),
('68899','1','0','0','0','0','0','0','0','0','0','0','0','0','fr'),
('68900','1','0','0','0','0','0','0','0','0','0','0','0','0','fr'),
('68901','1','0','0','0','0','0','0','0','0','0','0','0','0','fr'),
('68902','1','0','0','0','0','0','0','0','0','0','0','0','0','fr'),
('68903','1','0','0','0','0','0','0','0','0','0','0','0','0','fr'),
('68904','1','0','0','0','0','0','0','0','0','0','0','0','0','fr'),
('68905','1','0','0','0','0','0','0','0','0','0','0','0','0','fr'),
('68906','1','0','0','0','0','0','0','0','0','0','0','0','0','fr'),
('68907','1','0','0','0','0','0','0','0','0','0','0','0','0','fr'),
('68908','1','0','0','0','0','0','0','0','0','0','0','0','0','fr'),
('68909','1','0','0','0','0','0','0','0','0','0','0','0','0','fr'),
('68910','1','0','0','0','0','0','0','0','0','0','0','0','0','fr'),
('68911','1','0','0','0','0','0','0','0','0','0','0','0','0','fr'),
('68912','1','0','0','0','0','0','0','0','0','0','0','0','0','fr'),
('68913','1','0','0','0','0','0','0','0','0','0','0','0','0','fr'),
('68914','1','0','0','0','0','0','0','0','0','0','0','0','0','fr'),
('68915','1','0','0','0','0','0','0','0','0','0','0','0','0','fr'),
('68916','1','0','0','0','0','0','0','0','0','0','0','0','0','fr'),
('68917','1','0','0','0','0','0','0','0','0','0','0','0','0','fr'),
('68918','1','0','0','0','0','0','0','0','0','0','0','0','0','fr'),
('68919','1','0','0','0','0','0','0','0','0','0','0','0','0','fr'),
('68920','1','0','0','0','0','0','0','0','0','0','0','0','0','fr'),
('68921','4','8','0','1','1024','1024','24','0','0','0','0','0','0',NULL),
('68922','4','8','0','1','1024','1024','24','0','0','0','0','0','0',NULL),
('68923','1','0','0','0','0','0','0','0','0','0','0','0','0','fr'),
('68924','1','0','0','0','0','0','0','0','0','0','0','0','0','fr'),
('68925','3','1','0','1','320','480','24','0','1','0','0','0','0',NULL),
('68926','1','0','0','0','0','0','0','0','0','0','0','0','0','fr'),
('68927','1','0','0','0','0','0','0','0','0','0','0','0','0','fr'),
('68928','1','0','0','0','0','0','0','0','0','0','0','0','0','fr'),
('68929','1','0','0','0','0','0','0','0','0','0','0','0','0','fr'),
('68930','1','0','0','0','0','0','0','0','0','0','0','0','0','fr'),
('68931','1','0','0','0','0','0','0','0','0','0','0','0','0','fr'),
('68932','1','0','0','0','0','0','0','0','0','0','0','0','0','fr'),
('68933','1','0','0','0','0','0','0','0','0','0','0','0','0','fr'),
('68934','1','0','0','0','0','0','0','0','0','0','0','0','0','fr'),
('68935','1','0','0','0','0','0','0','0','0','0','0','0','0','fr'),
('68936','1','0','0','0','0','0','0','0','0','0','0','0','0','fr'),
('68937','1','0','0','0','0','0','0','0','0','0','0','0','0','fr'),
('68938','1','0','0','0','0','0','0','0','0','0','0','0','0','fr'),
('68939','1','0','0','0','0','0','0','0','0','0','0','0','0','fr'),
('68940','1','0','0','0','0','0','0','0','0','0','0','0','0','fr'),
('68941','1','5','0','0','0','0','0','0','0','0','0','0','0',NULL),
('68942','1','0','0','0','0','0','0','0','0','0','0','0','0','fr'),
('68943','1','0','0','0','0','0','0','0','0','0','0','0','0','en-us'),
('68944','1','0','0','0','0','0','0','0','0','0','0','0','0','en-us'),
('68945','1','0','0','0','0','0','0','0','0','0','0','0','0','fr'),
('68946','1','5','0','0','0','0','0','0','0','0','0','0','0',NULL),
('68947','1','4','0','0','0','0','0','0','0','0','0','0','0',NULL),
('68948','1','0','0','0','0','0','0','0','0','0','0','0','0','fr'),
('68949','1','8','0','1','1024','768','32','1','1','0','0','0','0','fr'),
('68950','1','0','0','0','0','0','0','0','0','0','0','0','0','fr'),
('68951','1','7','0','0','0','0','0','0','0','0','0','0','0','fr'),
('68952','1','6','0','1','1440','900','32','1','1','0','0','0','1','fr'),
('68953','1','0','0','0','0','0','0','0','0','0','0','0','0','fr'),
('68954','1','0','0','0','0','0','0','0','0','0','0','0','0','fr'),
('68955','1','0','0','0','0','0','0','0','0','0','0','0','0','en-us'),
('68956','1','0','0','0','0','0','0','0','0','0','0','0','0','fr'),
('68957','1','0','0','0','0','0','0','0','0','0','0','0','0','fr'),
('68958','1','0','0','0','0','0','0','0','0','0','0','0','0','fr'),
('68959','1','0','0','0','0','0','0','0','0','0','0','0','0','fr'),
('68960','0','6','0','0','0','0','0','0','0','0','0','0','0',NULL),
('68961','0','6','0','0','0','0','0','0','0','0','0','0','0',NULL),
('68962','1','0','0','0','0','0','0','0','0','0','0','0','0','fr'),
('68963','1','0','0','0','0','0','0','0','0','0','0','0','0','fr'),
('68964','0','6','0','0','0','0','0','0','0','0','0','0','0',NULL),
('68965','1','0','0','0','0','0','0','0','0','0','0','0','0','fr'),
('68966','2','0','0','0','0','0','0','0','0','0','0','0','0','fr'),
('68967','2','0','0','1','1600','900','24','1','1','1','1','0','1','fr'),
('68968','1','0','0','0','0','0','0','0','0','0','0','0','0','fr'),
('68969','0','6','0','0','0','0','0','0','0','0','0','0','0',NULL),
('68970','1','5','0','0','0','0','0','0','0','0','0','0','0',NULL),
('68971','0','6','0','0','0','0','0','0','0','0','0','0','0',NULL),
('68972','0','6','0','0','0','0','0','0','0','0','0','0','0',NULL),
('68973','0','6','0','0','0','0','0','0','0','0','0','0','0',NULL),
('68974','0','6','0','0','0','0','0','0','0','0','0','0','0',NULL),
('68975','1','0','0','0','0','0','0','0','0','0','0','0','0','fr'),
('68976','0','6','0','0','0','0','0','0','0','0','0','0','0',NULL),
('68977','0','6','0','0','0','0','0','0','0','0','0','0','0',NULL),
('68978','1','5','0','1','1280','1024','32','1','1','0','0','0','1','fr'),
('68979','1','6','0','0','0','0','0','0','0','0','0','0','0','en'),
('68980','1','3','0','1','1680','1050','24','1','1','1','0','0','0','fr-ch'),
('68981','1','0','0','0','0','0','0','0','0','0','0','0','0','fr'),
('68982','2','6','0','1','1280','800','32','1','1','0','1','0','1','fr'),
('68983','2','8','0','0','0','0','0','0','0','0','0','0','0','fr'),
('68984','0','6','0','0','0','0','0','0','0','0','0','0','0',NULL),
('68985','1','0','0','0','0','0','0','0','0','0','0','0','0','fr'),
('68986','2','8','0','1','1280','800','32','0','1','1','0','0','0','fr'),
('68987','0','6','0','0','0','0','0','0','0','0','0','0','0',NULL),
('68988','2','0','0','1','1024','819','24','0','1','1','1','0','1','fr'),
('68989','0','6','0','0','0','0','0','0','0','0','0','0','0',NULL),
('68990','0','6','0','0','0','0','0','0','0','0','0','0','0',NULL),
('68991','0','6','0','0','0','0','0','0','0','0','0','0','0',NULL),
('68992','0','6','0','0','0','0','0','0','0','0','0','0','0',NULL),
('68993','0','6','0','0','0','0','0','0','0','0','0','0','0',NULL),
('68994','2','7','0','1','1280','800','32','0','1','0','1','0','1','fr'),
('68995','1','6','0','0','0','0','0','0','0','0','0','0','0','fr'),
('68996','1','0','0','1','1280','768','24','1','1','1','1','0','0','fr'),
('68997','2','7','0','1','1366','768','32','0','1','0','0','0','1','fr'),
('68998','1','6','0','0','0','0','0','0','0','0','0','0','0','fr'),
('68999','1','0','0','0','0','0','0','0','0','0','0','0','0','fr'),
('69000','2','8','0','1','1680','1050','32','1','1','0','1','0','0','fr'),
('69001','2','7','0','1','1366','768','32','1','1','1','0','0','1','fr'),
('69002','1','0','0','0','0','0','0','0','0','0','0','0','0','en-us'),
('69003','2','1','0','1','1280','800','24','1','1','1','0','0','0','fr'),
('69004','1','5','0','0','0','0','0','0','0','0','0','0','0',NULL),
('69005','2','3','0','1','1512','945','24','1','1','0','0','0','1','fr'),
('69006','2','8','0','1','1440','900','32','1','1','0','0','0','0','fr'),
('69007','2','6','0','0','0','0','0','0','0','0','0','0','0',NULL),
('69008','1','5','0','0','0','0','0','0','0','0','0','0','0',NULL),
('69009','1','5','0','0','0','0','0','0','0','0','0','0','0',NULL),
('69010','2','7','0','0','0','0','0','0','0','0','0','0','0','fr'),
('69011','1','0','0','0','0','0','0','0','0','0','0','0','0','fr'),
('69012','1','0','0','0','0','0','0','0','0','0','0','0','0','fr'),
('69013','1','0','0','0','0','0','0','0','0','0','0','0','0','fr'),
('69014','1','0','0','0','0','0','0','0','0','0','0','0','0','fr'),
('69015','1','0','0','0','0','0','0','0','0','0','0','0','0','fr'),
('69016','1','0','0','1','1024','768','24','1','1','0','1','0','0','en-us'),
('69017','1','0','0','0','0','0','0','0','0','0','0','0','0','fr'),
('69018','1','0','0','0','0','0','0','0','0','0','0','0','0','fr'),
('69019','1','0','0','0','0','0','0','0','0','0','0','0','0','fr'),
('69020','1','0','0','0','0','0','0','0','0','0','0','0','0','fr'),
('69021','1','0','0','0','0','0','0','0','0','0','0','0','0','fr'),
('69022','1','0','0','0','0','0','0','0','0','0','0','0','0','fr'),
('69023','1','0','0','0','0','0','0','0','0','0','0','0','0','fr'),
('69024','1','0','0','0','0','0','0','0','0','0','0','0','0','fr'),
('69025','1','0','0','0','0','0','0','0','0','0','0','0','0','fr'),
('69026','1','0','0','0','0','0','0','0','0','0','0','0','0','fr'),
('69027','1','0','0','0','0','0','0','0','0','0','0','0','0','fr'),
('69028','1','0','0','0','0','0','0','0','0','0','0','0','0','fr'),
('69029','1','0','0','0','0','0','0','0','0','0','0','0','0','fr'),
('69030','1','0','0','0','0','0','0','0','0','0','0','0','0','fr'),
('69031','1','0','0','0','0','0','0','0','0','0','0','0','0','fr');
INSERT INTO `arbor_guest` VALUES
('69032','1','0','0','0','0','0','0','0','0','0','0','0','0','fr'),
('69033','1','0','0','0','0','0','0','0','0','0','0','0','0','fr'),
('69034','1','0','0','0','0','0','0','0','0','0','0','0','0','fr'),
('69035','1','0','0','0','0','0','0','0','0','0','0','0','0','fr'),
('69036','1','0','0','0','0','0','0','0','0','0','0','0','0','fr'),
('69037','1','0','0','0','0','0','0','0','0','0','0','0','0','fr'),
('69038','1','0','0','0','0','0','0','0','0','0','0','0','0','fr'),
('69039','1','0','0','0','0','0','0','0','0','0','0','0','0','fr'),
('69040','2','0','0','1','1525','858','24','0','1','0','0','0','0','fr'),
('69041','1','0','0','0','0','0','0','0','0','0','0','0','0','fr'),
('69042','1','0','0','0','0','0','0','0','0','0','0','0','0','fr'),
('69043','1','5','0','0','0','0','0','0','0','0','0','0','0',NULL),
('69044','2','0','0','0','0','0','0','0','0','0','0','0','0','fr'),
('69045','2','0','0','0','0','0','0','0','0','0','0','0','0','fr'),
('69046','1','5','0','0','0','0','0','0','0','0','0','0','0','en-us'),
('69047','3','1','0','1','1920','1200','24','1','1','0','1','0','0','fr-fr'),
('69048','3','1','0','1','1920','1200','24','1','1','0','1','0','0','fr-fr'),
('69049','2','3','0','1','1600','900','24','0','1','0','0','0','0','fr'),
('69050','1','6','0','0','0','0','0','0','0','0','0','0','0','fr'),
('69051','1','6','0','0','0','0','0','0','0','0','0','0','0','fr'),
('69052','1','6','0','0','0','0','0','0','0','0','0','0','0',NULL),
('69053','1','0','0','0','0','0','0','0','0','0','0','0','0','en-us'),
('69054','1','0','0','1','1680','1050','24','0','1','0','1','0','0','fr'),
('69055','2','8','0','1','1680','1050','32','1','1','0','0','0','0','fr'),
('69056','1','5','0','0','0','0','0','0','0','0','0','0','0','en-us'),
('69057','1','8','0','1','1680','1050','32','1','1','0','1','0','0','fr'),
('69058','1','5','0','0','0','0','0','0','0','0','0','0','0',NULL),
('69059','0','6','0','0','0','0','0','0','0','0','0','0','0',NULL),
('69060','1','5','0','0','0','0','0','0','0','0','0','0','0','fr'),
('69062','1','6','0','0','0','0','0','0','0','0','0','0','0','en'),
('69063','2','7','0','1','1366','768','32','1','1','1','1','0','1','fr'),
('69064','1','0','0','0','0','0','0','0','0','0','0','0','0','fr'),
('69065','1','0','0','1','1366','768','24','1','1','0','1','0','1','fr'),
('69066','1','5','0','0','0','0','0','0','0','0','0','0','0',NULL),
('69067','1','0','0','1','1024','768','24','1','1','0','0','0','0','fr-ca'),
('69068','3','8','0','1','2560','1440','24','1','1','0','1','0','0','fr'),
('69069','2','0','0','1','1920','1080','24','1','1','1','1','0','1','en-ca'),
('69070','0','6','0','0','0','0','0','0','0','0','0','0','0',NULL),
('69071','0','6','0','0','0','0','0','0','0','0','0','0','0',NULL),
('69072','0','6','0','0','0','0','0','0','0','0','0','0','0',NULL),
('69073','0','6','0','0','0','0','0','0','0','0','0','0','0',NULL),
('69074','0','6','0','0','0','0','0','0','0','0','0','0','0',NULL),
('69075','0','6','0','0','0','0','0','0','0','0','0','0','0',NULL),
('69076','0','6','0','0','0','0','0','0','0','0','0','0','0',NULL),
('69077','0','6','0','0','0','0','0','0','0','0','0','0','0',NULL),
('69078','1','5','0','0','0','0','0','0','0','0','0','0','0','fr'),
('69079','1','5','0','0','0','0','0','0','0','0','0','0','0','fr'),
('69080','2','0','0','0','0','0','0','0','0','0','0','0','0','fr'),
('69081','3','1','0','0','0','0','0','0','0','0','0','0','0','fr-fr'),
('69082','3','1','0','0','0','0','0','0','0','0','0','0','0','fr-fr'),
('69083','1','7','0','0','0','0','0','0','0','0','0','0','0','en-us'),
('69084','1','8','0','1','1440','900','32','1','1','0','1','0','0',NULL),
('69085','1','0','0','0','0','0','0','0','0','0','0','0','0','fr'),
('69086','1','0','0','0','0','0','0','0','0','0','0','0','0','fr'),
('69087','1','0','0','0','0','0','0','0','0','0','0','0','0','fr'),
('69088','1','0','0','0','0','0','0','0','0','0','0','0','0','fr'),
('69089','1','0','0','0','0','0','0','0','0','0','0','0','0','fr'),
('69090','1','0','0','0','0','0','0','0','0','0','0','0','0','fr'),
('69091','1','0','0','0','0','0','0','0','0','0','0','0','0','fr'),
('69092','3','1','0','1','2560','1440','24','1','1','0','1','0','0','fr-fr'),
('69093','3','1','0','0','0','0','0','0','0','0','0','0','0','fr-fr'),
('69094','1','0','0','0','0','0','0','0','0','0','0','0','0','fr'),
('69095','1','0','0','0','0','0','0','0','0','0','0','0','0','fr'),
('69096','1','0','0','0','0','0','0','0','0','0','0','0','0','fr'),
('69097','1','0','0','0','0','0','0','0','0','0','0','0','0','fr'),
('69098','1','0','0','0','0','0','0','0','0','0','0','0','0','fr'),
('69099','1','0','0','0','0','0','0','0','0','0','0','0','0','fr'),
('69100','1','0','0','0','0','0','0','0','0','0','0','0','0','fr'),
('69101','1','0','0','0','0','0','0','0','0','0','0','0','0','fr'),
('69102','2','0','0','0','0','0','0','0','0','0','0','0','0','fr'),
('69103','1','0','0','0','0','0','0','0','0','0','0','0','0','fr'),
('69104','1','0','0','0','0','0','0','0','0','0','0','0','0','fr'),
('69105','1','0','0','0','0','0','0','0','0','0','0','0','0','fr'),
('69106','1','0','0','0','0','0','0','0','0','0','0','0','0','fr'),
('69107','1','0','0','0','0','0','0','0','0','0','0','0','0','fr'),
('69108','1','3','0','0','0','0','0','0','0','0','0','0','0','fr'),
('69109','3','8','0','1','1280','800','24','1','1','0','1','0','0',NULL),
('69110','3','8','0','0','0','0','0','0','0','0','0','0','0',NULL),
('69111','1','0','0','0','0','0','0','0','0','0','0','0','0','fr'),
('69112','1','0','0','0','0','0','0','0','0','0','0','0','0','fr'),
('69113','2','8','0','0','0','0','0','0','0','0','0','0','0','fr'),
('69114','2','8','0','0','0','0','0','0','0','0','0','0','0','fr'),
('69115','2','8','0','0','0','0','0','0','0','0','0','0','0','fr'),
('69116','2','8','0','0','0','0','0','0','0','0','0','0','0','fr'),
('69117','2','8','0','0','0','0','0','0','0','0','0','0','0','fr'),
('69118','1','0','0','0','0','0','0','0','0','0','0','0','0','fr'),
('69119','1','0','0','0','0','0','0','0','0','0','0','0','0','fr'),
('69120','2','0','0','1','1280','1024','24','1','1','1','1','0','1','fr'),
('69121','1','0','0','0','0','0','0','0','0','0','0','0','0','fr'),
('69122','1','0','0','0','0','0','0','0','0','0','0','0','0','fr'),
('69123','1','3','0','1','1024','768','24','0','1','0','1','0','0','fr'),
('69124','1','0','0','0','0','0','0','0','0','0','0','0','0','fr'),
('69125','1','0','0','0','0','0','0','0','0','0','0','0','0','fr'),
('69126','1','0','0','0','0','0','0','0','0','0','0','0','0','fr'),
('69127','1','0','0','0','0','0','0','0','0','0','0','0','0','fr'),
('69128','2','8','0','1','1600','900','32','1','1','0','1','0','0','fr'),
('69129','1','0','0','0','0','0','0','0','0','0','0','0','0','fr'),
('69130','1','0','0','0','0','0','0','0','0','0','0','0','0','fr'),
('69131','1','0','0','0','0','0','0','0','0','0','0','0','0','fr'),
('69132','1','6','0','0','0','0','0','0','0','0','0','0','0','en-us'),
('69133','2','0','0','1','1360','768','24','1','1','0','1','0','1','fr'),
('69134','1','0','0','0','0','0','0','0','0','0','0','0','0','fr'),
('69135','1','5','0','0','0','0','0','0','0','0','0','0','0',NULL),
('69136','1','0','0','1','1024','768','24','1','1','1','1','0','0','fr'),
('69137','1','0','0','0','0','0','0','0','0','0','0','0','0','fr'),
('69138','1','0','0','0','0','0','0','0','0','0','0','0','0','fr'),
('69139','1','0','0','0','0','0','0','0','0','0','0','0','0','fr'),
('69140','1','3','0','1','1680','1050','24','1','1','0','0','0','0','fr'),
('69141','1','0','0','0','0','0','0','0','0','0','0','0','0','fr'),
('69142','1','0','0','0','0','0','0','0','0','0','0','0','0','fr'),
('69143','1','0','0','0','0','0','0','0','0','0','0','0','0','fr'),
('69144','1','0','0','0','0','0','0','0','0','0','0','0','0','fr'),
('69145','1','0','0','0','0','0','0','0','0','0','0','0','0','fr'),
('69146','1','0','0','0','0','0','0','0','0','0','0','0','0','fr'),
('69147','1','0','0','0','0','0','0','0','0','0','0','0','0','fr'),
('69148','1','0','0','0','0','0','0','0','0','0','0','0','0','fr'),
('69149','1','0','0','0','0','0','0','0','0','0','0','0','0','fr'),
('69150','1','0','0','0','0','0','0','0','0','0','0','0','0','fr'),
('69151','1','0','0','0','0','0','0','0','0','0','0','0','0','fr'),
('69152','1','0','0','0','0','0','0','0','0','0','0','0','0','fr'),
('69153','1','0','0','0','0','0','0','0','0','0','0','0','0','fr'),
('69154','1','0','0','0','0','0','0','0','0','0','0','0','0','fr'),
('69155','1','0','0','0','0','0','0','0','0','0','0','0','0','fr'),
('69156','1','0','0','0','0','0','0','0','0','0','0','0','0','fr'),
('69157','1','0','0','0','0','0','0','0','0','0','0','0','0','fr'),
('69158','1','0','0','0','0','0','0','0','0','0','0','0','0','fr'),
('69159','1','0','0','0','0','0','0','0','0','0','0','0','0','fr'),
('69160','1','5','0','0','0','0','0','0','0','0','0','0','0','fr'),
('69161','1','0','0','0','0','0','0','0','0','0','0','0','0','fr'),
('69162','1','0','0','0','0','0','0','0','0','0','0','0','0','fr'),
('69163','1','0','0','0','0','0','0','0','0','0','0','0','0','fr'),
('69164','1','0','0','0','0','0','0','0','0','0','0','0','0','fr'),
('69165','1','0','0','0','0','0','0','0','0','0','0','0','0','fr'),
('69166','1','0','0','0','0','0','0','0','0','0','0','0','0','fr'),
('69167','1','0','0','0','0','0','0','0','0','0','0','0','0','fr'),
('69168','1','5','0','0','0','0','0','0','0','0','0','0','0',NULL),
('69169','1','0','0','0','0','0','0','0','0','0','0','0','0','fr'),
('69170','1','0','0','0','0','0','0','0','0','0','0','0','0','fr'),
('69171','1','0','0','0','0','0','0','0','0','0','0','0','0','fr'),
('69172','1','0','0','0','0','0','0','0','0','0','0','0','0','fr'),
('69173','1','0','0','0','0','0','0','0','0','0','0','0','0','fr'),
('69174','1','0','0','0','0','0','0','0','0','0','0','0','0','fr'),
('69175','1','0','0','0','0','0','0','0','0','0','0','0','0','fr'),
('69176','1','0','0','0','0','0','0','0','0','0','0','0','0','fr'),
('69177','1','0','0','0','0','0','0','0','0','0','0','0','0','fr'),
('69178','1','0','0','0','0','0','0','0','0','0','0','0','0','fr'),
('69179','1','0','0','0','0','0','0','0','0','0','0','0','0','fr'),
('69180','1','0','0','0','0','0','0','0','0','0','0','0','0','fr'),
('69181','1','0','0','0','0','0','0','0','0','0','0','0','0','fr'),
('69182','1','0','0','0','0','0','0','0','0','0','0','0','0','fr'),
('69183','1','0','0','0','0','0','0','0','0','0','0','0','0','fr'),
('69184','1','0','0','0','0','0','0','0','0','0','0','0','0','fr'),
('69185','1','0','0','0','0','0','0','0','0','0','0','0','0','fr'),
('69186','1','0','0','0','0','0','0','0','0','0','0','0','0','fr'),
('69187','1','0','0','0','0','0','0','0','0','0','0','0','0','fr'),
('69188','1','0','0','0','0','0','0','0','0','0','0','0','0','fr'),
('69189','1','0','0','0','0','0','0','0','0','0','0','0','0','fr'),
('69190','1','0','0','0','0','0','0','0','0','0','0','0','0','fr'),
('69191','1','0','0','0','0','0','0','0','0','0','0','0','0','fr'),
('69192','1','0','0','0','0','0','0','0','0','0','0','0','0','fr'),
('69193','1','0','0','0','0','0','0','0','0','0','0','0','0','fr'),
('69194','1','0','0','0','0','0','0','0','0','0','0','0','0','fr'),
('69195','1','0','0','0','0','0','0','0','0','0','0','0','0','fr'),
('69196','1','8','0','1','1024','768','32','1','1','1','0','0','0','fr'),
('69197','1','0','0','0','0','0','0','0','0','0','0','0','0','fr'),
('69198','1','0','0','0','0','0','0','0','0','0','0','0','0','fr'),
('69199','1','0','0','0','0','0','0','0','0','0','0','0','0','fr'),
('69200','1','5','0','0','0','0','0','0','0','0','0','0','0',NULL),
('69201','1','0','0','0','0','0','0','0','0','0','0','0','0','en-us'),
('69202','1','0','0','0','0','0','0','0','0','0','0','0','0','en-us'),
('69203','1','0','0','0','0','0','0','0','0','0','0','0','0','en-us'),
('69204','1','0','0','0','0','0','0','0','0','0','0','0','0','fr'),
('69205','1','0','0','0','0','0','0','0','0','0','0','0','0','fr'),
('69206','1','0','0','1','1280','800','24','1','1','0','1','0','0','fr'),
('69207','1','0','0','0','0','0','0','0','0','0','0','0','0','fr'),
('69208','2','8','0','1','1366','768','32','1','1','0','0','0','0','fr'),
('69209','1','0','0','0','0','0','0','0','0','0','0','0','0','fr'),
('69210','1','0','0','0','0','0','0','0','0','0','0','0','0','fr'),
('69211','1','0','0','0','0','0','0','0','0','0','0','0','0','fr'),
('69212','1','0','0','0','0','0','0','0','0','0','0','0','0','fr'),
('69213','1','0','0','0','0','0','0','0','0','0','0','0','0','fr'),
('69214','1','0','0','0','0','0','0','0','0','0','0','0','0','fr'),
('69215','1','0','0','0','0','0','0','0','0','0','0','0','0','fr'),
('69216','1','0','0','0','0','0','0','0','0','0','0','0','0','fr'),
('69217','1','0','0','0','0','0','0','0','0','0','0','0','0','fr'),
('69218','2','7','0','0','0','0','0','0','0','0','0','0','0','fr'),
('69219','1','0','0','0','0','0','0','0','0','0','0','0','0','fr'),
('69220','1','0','0','0','0','0','0','0','0','0','0','0','0','fr'),
('69221','1','0','0','0','0','0','0','0','0','0','0','0','0','fr'),
('69222','1','0','0','0','0','0','0','0','0','0','0','0','0','fr'),
('69223','1','5','0','0','0','0','0','0','0','0','0','0','0',NULL),
('69224','1','0','0','0','0','0','0','0','0','0','0','0','0','fr'),
('69225','1','0','0','0','0','0','0','0','0','0','0','0','0','fr'),
('69226','1','0','0','0','0','0','0','0','0','0','0','0','0','fr'),
('69227','1','0','0','0','0','0','0','0','0','0','0','0','0','fr'),
('69228','2','0','0','0','0','0','0','0','0','0','0','0','0','fr'),
('69229','1','0','0','1','1920','1080','24','0','1','1','1','0','0','fr'),
('69230','1','0','0','0','0','0','0','0','0','0','0','0','0','fr'),
('69231','1','0','0','0','0','0','0','0','0','0','0','0','0','fr'),
('69232','1','8','0','1','1280','1024','32','1','1','0','1','0','0','fr');
INSERT INTO `arbor_guest` VALUES
('69233','1','0','0','0','0','0','0','0','0','0','0','0','0','fr'),
('69234','2','7','0','0','0','0','0','0','0','0','0','0','0',NULL),
('69235','2','0','0','0','0','0','0','0','0','0','0','0','0','fr'),
('69236','2','0','0','1','1366','768','24','0','1','0','0','0','1','fr'),
('69237','2','0','0','0','0','0','0','0','0','0','0','0','0','fr'),
('69238','1','0','0','0','0','0','0','0','0','0','0','0','0','fr'),
('69239','4','8','0','1','1024','1024','24','0','0','0','0','0','0',NULL),
('69240','2','0','0','1','1680','1050','24','0','1','0','0','0','1','fr'),
('69241','1','0','0','0','0','0','0','0','0','0','0','0','0','fr'),
('69242','1','0','0','0','0','0','0','0','0','0','0','0','0','en-us'),
('69243','1','6','0','0','0','0','0','0','0','0','0','0','0','fr'),
('69244','1','6','0','0','0','0','0','0','0','0','0','0','0','fr'),
('69245','2','7','0','1','1366','768','32','1','1','1','0','0','1','fr'),
('69246','2','8','0','1','1280','1024','32','1','1','1','0','0','0','fr'),
('69247','2','8','0','0','0','0','0','0','0','0','0','0','0','fr'),
('69248','1','0','0','0','0','0','0','0','0','0','0','0','0','fr'),
('69249','1','0','0','0','0','0','0','0','0','0','0','0','0','fr'),
('69250','2','0','0','1','1366','768','24','1','1','0','0','0','1','fr'),
('69251','2','0','0','1','1366','768','24','1','1','0','0','0','1','fr'),
('69252','1','6','0','1','1360','768','16','1','1','0','0','0','1','fr'),
('69253','1','0','0','0','0','0','0','0','0','0','0','0','0','en-us'),
('69254','1','0','0','0','0','0','0','0','0','0','0','0','0','en-us'),
('69255','1','6','0','1','1024','768','32','1','1','0','1','0','1','fr-fr'),
('69256','1','0','0','0','0','0','0','0','0','0','0','0','0','en-us'),
('69257','2','8','0','1','1366','768','32','1','1','1','1','0','0','fr'),
('69258','1','0','0','0','0','0','0','0','0','0','0','0','0','en-us'),
('69259','1','0','0','0','0','0','0','0','0','0','0','0','0','en-us'),
('69260','4','3','0','1','1280','800','24','0','1','0','0','0','0','fr'),
('69261','2','7','0','1','1024','768','32','1','1','1','0','0','1','fr'),
('69262','2','0','0','1','1920','1080','24','0','1','0','0','0','1','fr'),
('69263','1','6','0','1','1024','768','16','0','1','0','1','0','1','fr'),
('69264','2','8','0','1','1366','768','32','1','1','0','0','0','0','fr'),
('69265','1','0','0','0','0','0','0','0','0','0','0','0','0','en-us'),
('69266','1','8','0','1','1024','768','32','0','1','0','0','0','0','it'),
('69267','2','7','0','1','1440','900','32','1','1','0','0','0','1','pt'),
('69268','1','6','0','0','0','0','0','0','0','0','0','0','0',NULL),
('69269','1','5','0','0','0','0','0','0','0','0','0','0','0',NULL),
('69270','1','5','0','0','0','0','0','0','0','0','0','0','0',NULL),
('69271','1','0','0','0','0','0','0','0','0','0','0','0','0','en-us'),
('69272','1','0','0','0','0','0','0','0','0','0','0','0','0','fr'),
('69273','1','0','0','0','0','0','0','0','0','0','0','0','0','fr'),
('69274','1','0','0','0','0','0','0','0','0','0','0','0','0','fr'),
('69275','1','0','0','0','0','0','0','0','0','0','0','0','0','fr'),
('69276','1','0','0','0','0','0','0','0','0','0','0','0','0','fr'),
('69277','1','0','0','0','0','0','0','0','0','0','0','0','0','fr'),
('69278','1','6','0','0','0','0','0','0','0','0','0','0','0','en-us'),
('69279','1','0','0','0','0','0','0','0','0','0','0','0','0','fr'),
('69280','1','0','0','0','0','0','0','0','0','0','0','0','0','fr'),
('69281','1','0','0','0','0','0','0','0','0','0','0','0','0','fr'),
('69282','1','0','0','0','0','0','0','0','0','0','0','0','0','fr'),
('69283','1','0','0','0','0','0','0','0','0','0','0','0','0','fr'),
('69284','1','0','0','0','0','0','0','0','0','0','0','0','0','fr'),
('69285','1','0','0','0','0','0','0','0','0','0','0','0','0','fr'),
('69286','1','0','0','0','0','0','0','0','0','0','0','0','0','fr'),
('69287','1','0','0','0','0','0','0','0','0','0','0','0','0','fr'),
('69288','1','0','0','0','0','0','0','0','0','0','0','0','0','fr'),
('69289','1','0','0','0','0','0','0','0','0','0','0','0','0','fr'),
('69290','1','0','0','0','0','0','0','0','0','0','0','0','0','fr'),
('69291','1','0','0','0','0','0','0','0','0','0','0','0','0','fr'),
('69292','1','0','0','0','0','0','0','0','0','0','0','0','0','fr'),
('69293','1','0','0','0','0','0','0','0','0','0','0','0','0','fr'),
('69294','3','1','0','0','0','0','0','0','0','0','0','0','0',NULL),
('69295','1','0','0','0','0','0','0','0','0','0','0','0','0','fr'),
('69296','1','0','0','0','0','0','0','0','0','0','0','0','0','fr'),
('69297','1','0','0','0','0','0','0','0','0','0','0','0','0','fr'),
('69298','1','0','0','0','0','0','0','0','0','0','0','0','0','fr'),
('69299','1','0','0','0','0','0','0','0','0','0','0','0','0','fr'),
('69300','1','0','0','0','0','0','0','0','0','0','0','0','0','fr'),
('69301','1','0','0','0','0','0','0','0','0','0','0','0','0','fr'),
('69302','1','0','0','0','0','0','0','0','0','0','0','0','0','fr'),
('69303','1','0','0','0','0','0','0','0','0','0','0','0','0','fr'),
('69304','1','0','0','0','0','0','0','0','0','0','0','0','0','fr'),
('69305','1','0','0','0','0','0','0','0','0','0','0','0','0','fr'),
('69306','1','0','0','0','0','0','0','0','0','0','0','0','0','fr'),
('69307','1','0','0','0','0','0','0','0','0','0','0','0','0','fr'),
('69308','1','0','0','0','0','0','0','0','0','0','0','0','0','fr'),
('69309','1','0','0','0','0','0','0','0','0','0','0','0','0','fr'),
('69310','1','0','0','0','0','0','0','0','0','0','0','0','0','fr'),
('69311','1','0','0','0','0','0','0','0','0','0','0','0','0','fr'),
('69312','2','0','0','1','1680','1050','24','1','1','0','0','0','1','fr'),
('69313','1','0','0','0','0','0','0','0','0','0','0','0','0','fr'),
('69314','1','0','0','0','0','0','0','0','0','0','0','0','0','fr'),
('69315','1','0','0','0','0','0','0','0','0','0','0','0','0','fr'),
('69316','1','0','0','0','0','0','0','0','0','0','0','0','0','fr'),
('69317','1','0','0','0','0','0','0','0','0','0','0','0','0','fr'),
('69318','1','0','0','0','0','0','0','0','0','0','0','0','0','fr'),
('69319','1','0','0','0','0','0','0','0','0','0','0','0','0','en-us'),
('69320','1','0','0','0','0','0','0','0','0','0','0','0','0','en-us'),
('69321','1','0','0','0','0','0','0','0','0','0','0','0','0','en-us'),
('69322','1','0','0','0','0','0','0','0','0','0','0','0','0','fr'),
('69323','1','0','0','0','0','0','0','0','0','0','0','0','0','fr'),
('69324','1','0','0','0','0','0','0','0','0','0','0','0','0','fr'),
('69325','1','0','0','0','0','0','0','0','0','0','0','0','0','fr'),
('69326','1','0','0','0','0','0','0','0','0','0','0','0','0','fr'),
('69327','1','0','0','0','0','0','0','0','0','0','0','0','0','fr'),
('69328','1','0','0','0','0','0','0','0','0','0','0','0','0','fr'),
('69329','1','0','0','0','0','0','0','0','0','0','0','0','0','fr'),
('69330','1','0','0','0','0','0','0','0','0','0','0','0','0','fr'),
('69331','2','3','0','1','1024','768','24','0','1','0','0','0','0','fr'),
('69332','1','7','0','0','0','0','0','0','0','0','0','0','0','fr'),
('69333','1','7','0','0','0','0','0','0','0','0','0','0','0','fr'),
('69334','1','0','0','0','0','0','0','0','0','0','0','0','0','fr'),
('69335','1','0','0','0','0','0','0','0','0','0','0','0','0','fr'),
('69336','1','0','0','0','0','0','0','0','0','0','0','0','0','fr'),
('69337','1','0','0','0','0','0','0','0','0','0','0','0','0','fr'),
('69338','2','8','0','1','1280','800','32','1','1','0','1','0','0','fr'),
('69339','1','0','0','0','0','0','0','0','0','0','0','0','0','fr'),
('69340','1','0','0','0','0','0','0','0','0','0','0','0','0','fr'),
('69341','1','0','0','0','0','0','0','0','0','0','0','0','0','fr'),
('69342','1','0','0','0','0','0','0','0','0','0','0','0','0','fr'),
('69343','1','0','0','0','0','0','0','0','0','0','0','0','0','fr'),
('69344','1','0','0','0','0','0','0','0','0','0','0','0','0','fr'),
('69345','1','0','0','0','0','0','0','0','0','0','0','0','0','fr'),
('69346','1','0','0','0','0','0','0','0','0','0','0','0','0','fr'),
('69347','1','0','0','0','0','0','0','0','0','0','0','0','0','fr'),
('69348','1','0','0','0','0','0','0','0','0','0','0','0','0','fr'),
('69349','1','0','0','0','0','0','0','0','0','0','0','0','0','fr'),
('69350','1','0','0','0','0','0','0','0','0','0','0','0','0','fr'),
('69351','1','7','0','1','1536','864','32','1','1','0','0','0','1','fr'),
('69352','1','0','0','0','0','0','0','0','0','0','0','0','0','fr'),
('69353','2','0','0','1','1920','1080','24','1','1','1','1','0','0','fr'),
('69354','1','0','0','0','0','0','0','0','0','0','0','0','0','fr'),
('69355','1','0','0','0','0','0','0','0','0','0','0','0','0','fr'),
('69356','1','5','0','0','0','0','0','0','0','0','0','0','0',NULL),
('69357','1','0','0','1','1280','800','24','0','1','0','1','0','0','fr'),
('69358','0','5','0','0','0','0','0','0','0','0','0','0','0',NULL),
('69359','2','8','0','1','1600','900','32','0','1','0','0','0','0','fr'),
('69360','2','8','0','0','0','0','0','0','0','0','0','0','0','fr'),
('69361','1','0','0','0','0','0','0','0','0','0','0','0','0','fr'),
('69362','2','0','0','0','0','0','0','0','0','0','0','0','0','fr'),
('69363','4','8','0','1','1024','1024','24','0','0','0','0','0','0',NULL),
('69364','0','4','0','0','0','0','0','0','0','0','0','0','0',NULL),
('69365','4','8','0','1','1024','1024','24','0','0','0','0','0','0',NULL),
('69366','2','0','0','1','1600','900','32','1','1','1','0','0','1','fr'),
('69367','2','8','0','1','1440','900','32','1','1','0','0','0','0',NULL),
('69368','2','8','0','1','1366','768','32','1','1','1','1','0','0',NULL),
('69369','2','8','0','1','1920','1080','32','1','1','1','1','0','0','fr'),
('69370','0','5','0','0','0','0','0','0','0','0','0','0','0',NULL),
('69371','0','5','0','0','0','0','0','0','0','0','0','0','0',NULL),
('69372','0','5','0','0','0','0','0','0','0','0','0','0','0',NULL),
('69373','0','5','0','0','0','0','0','0','0','0','0','0','0',NULL),
('69374','0','5','0','0','0','0','0','0','0','0','0','0','0',NULL),
('69375','0','5','0','0','0','0','0','0','0','0','0','0','0',NULL),
('69376','0','5','0','0','0','0','0','0','0','0','0','0','0',NULL),
('69377','0','5','0','0','0','0','0','0','0','0','0','0','0',NULL),
('69378','0','5','0','0','0','0','0','0','0','0','0','0','0',NULL),
('69379','0','5','0','0','0','0','0','0','0','0','0','0','0',NULL),
('69380','0','5','0','0','0','0','0','0','0','0','0','0','0',NULL),
('69381','0','5','0','0','0','0','0','0','0','0','0','0','0',NULL),
('69382','0','5','0','0','0','0','0','0','0','0','0','0','0',NULL),
('69383','0','5','0','0','0','0','0','0','0','0','0','0','0',NULL),
('69384','0','5','0','0','0','0','0','0','0','0','0','0','0',NULL),
('69385','0','5','0','0','0','0','0','0','0','0','0','0','0',NULL),
('69386','0','5','0','0','0','0','0','0','0','0','0','0','0',NULL),
('69387','0','5','0','0','0','0','0','0','0','0','0','0','0',NULL),
('69388','0','5','0','0','0','0','0','0','0','0','0','0','0',NULL),
('69389','0','5','0','0','0','0','0','0','0','0','0','0','0',NULL),
('69390','0','5','0','0','0','0','0','0','0','0','0','0','0',NULL),
('69391','0','5','0','0','0','0','0','0','0','0','0','0','0',NULL),
('69392','0','5','0','0','0','0','0','0','0','0','0','0','0',NULL),
('69393','0','5','0','0','0','0','0','0','0','0','0','0','0',NULL),
('69394','0','5','0','0','0','0','0','0','0','0','0','0','0',NULL),
('69395','0','5','0','0','0','0','0','0','0','0','0','0','0',NULL),
('69396','0','5','0','0','0','0','0','0','0','0','0','0','0',NULL),
('69397','0','5','0','0','0','0','0','0','0','0','0','0','0',NULL),
('69398','0','5','0','0','0','0','0','0','0','0','0','0','0',NULL),
('69399','0','5','0','0','0','0','0','0','0','0','0','0','0',NULL),
('69400','0','5','0','0','0','0','0','0','0','0','0','0','0',NULL),
('69401','0','5','0','0','0','0','0','0','0','0','0','0','0',NULL),
('69402','0','5','0','0','0','0','0','0','0','0','0','0','0',NULL),
('69403','0','5','0','0','0','0','0','0','0','0','0','0','0',NULL),
('69404','0','5','0','0','0','0','0','0','0','0','0','0','0',NULL),
('69405','0','5','0','0','0','0','0','0','0','0','0','0','0',NULL),
('69406','0','5','0','0','0','0','0','0','0','0','0','0','0',NULL),
('69407','0','5','0','0','0','0','0','0','0','0','0','0','0',NULL),
('69408','0','5','0','0','0','0','0','0','0','0','0','0','0',NULL),
('69409','0','5','0','0','0','0','0','0','0','0','0','0','0',NULL),
('69410','0','5','0','0','0','0','0','0','0','0','0','0','0',NULL),
('69411','0','5','0','0','0','0','0','0','0','0','0','0','0',NULL),
('69412','0','5','0','0','0','0','0','0','0','0','0','0','0',NULL),
('69413','0','5','0','0','0','0','0','0','0','0','0','0','0',NULL),
('69414','0','5','0','0','0','0','0','0','0','0','0','0','0',NULL),
('69415','0','5','0','0','0','0','0','0','0','0','0','0','0',NULL),
('69416','0','5','0','0','0','0','0','0','0','0','0','0','0',NULL),
('69417','0','5','0','0','0','0','0','0','0','0','0','0','0',NULL),
('69418','0','5','0','0','0','0','0','0','0','0','0','0','0',NULL),
('69419','0','5','0','0','0','0','0','0','0','0','0','0','0',NULL),
('69420','0','5','0','0','0','0','0','0','0','0','0','0','0',NULL),
('69421','0','5','0','0','0','0','0','0','0','0','0','0','0',NULL),
('69422','0','5','0','0','0','0','0','0','0','0','0','0','0',NULL),
('69423','0','5','0','0','0','0','0','0','0','0','0','0','0',NULL),
('69424','0','5','0','0','0','0','0','0','0','0','0','0','0',NULL),
('69425','0','5','0','0','0','0','0','0','0','0','0','0','0',NULL),
('69426','0','5','0','0','0','0','0','0','0','0','0','0','0',NULL),
('69427','0','5','0','0','0','0','0','0','0','0','0','0','0',NULL),
('69428','0','5','0','0','0','0','0','0','0','0','0','0','0',NULL),
('69429','0','5','0','0','0','0','0','0','0','0','0','0','0',NULL),
('69430','0','5','0','0','0','0','0','0','0','0','0','0','0',NULL),
('69431','0','5','0','0','0','0','0','0','0','0','0','0','0',NULL),
('69432','0','5','0','0','0','0','0','0','0','0','0','0','0',NULL);
INSERT INTO `arbor_guest` VALUES
('69433','0','5','0','0','0','0','0','0','0','0','0','0','0',NULL),
('69434','0','5','0','0','0','0','0','0','0','0','0','0','0',NULL),
('69435','0','5','0','0','0','0','0','0','0','0','0','0','0',NULL),
('69436','0','5','0','0','0','0','0','0','0','0','0','0','0',NULL),
('69437','0','5','0','0','0','0','0','0','0','0','0','0','0',NULL),
('69438','0','5','0','0','0','0','0','0','0','0','0','0','0',NULL),
('69439','0','5','0','0','0','0','0','0','0','0','0','0','0',NULL),
('69440','0','5','0','0','0','0','0','0','0','0','0','0','0',NULL),
('69441','0','5','0','0','0','0','0','0','0','0','0','0','0',NULL),
('69442','0','5','0','0','0','0','0','0','0','0','0','0','0',NULL),
('69443','0','5','0','0','0','0','0','0','0','0','0','0','0',NULL),
('69444','0','5','0','0','0','0','0','0','0','0','0','0','0',NULL),
('69445','0','5','0','0','0','0','0','0','0','0','0','0','0',NULL),
('69446','0','5','0','0','0','0','0','0','0','0','0','0','0',NULL),
('69447','0','5','0','0','0','0','0','0','0','0','0','0','0',NULL),
('69448','0','5','0','0','0','0','0','0','0','0','0','0','0',NULL),
('69449','0','5','0','0','0','0','0','0','0','0','0','0','0',NULL),
('69450','0','5','0','0','0','0','0','0','0','0','0','0','0',NULL),
('69451','0','5','0','0','0','0','0','0','0','0','0','0','0',NULL),
('69452','0','5','0','0','0','0','0','0','0','0','0','0','0',NULL),
('69453','0','5','0','0','0','0','0','0','0','0','0','0','0',NULL),
('69454','0','5','0','0','0','0','0','0','0','0','0','0','0',NULL),
('69455','0','5','0','0','0','0','0','0','0','0','0','0','0',NULL),
('69456','0','5','0','0','0','0','0','0','0','0','0','0','0',NULL),
('69457','0','5','0','0','0','0','0','0','0','0','0','0','0',NULL),
('69458','0','5','0','0','0','0','0','0','0','0','0','0','0',NULL),
('69459','0','5','0','0','0','0','0','0','0','0','0','0','0',NULL),
('69460','0','5','0','0','0','0','0','0','0','0','0','0','0',NULL),
('69461','0','5','0','0','0','0','0','0','0','0','0','0','0',NULL),
('69462','0','5','0','0','0','0','0','0','0','0','0','0','0',NULL),
('69463','0','5','0','0','0','0','0','0','0','0','0','0','0',NULL),
('69464','0','5','0','0','0','0','0','0','0','0','0','0','0',NULL),
('69465','0','5','0','0','0','0','0','0','0','0','0','0','0',NULL),
('69466','0','5','0','0','0','0','0','0','0','0','0','0','0',NULL),
('69467','1','0','0','1','1440','900','24','1','1','0','0','0','0','fr'),
('69468','1','0','0','0','0','0','0','0','0','0','0','0','0','en-us'),
('69469','2','8','0','1','1366','768','32','1','1','1','0','0','0','fr'),
('69470','2','8','0','0','0','0','0','0','0','0','0','0','0','fr'),
('69471','2','0','0','0','0','0','0','0','0','0','0','0','0','fr'),
('69472','2','0','0','0','0','0','0','0','0','0','0','0','0','fr'),
('69473','0','5','0','0','0','0','0','0','0','0','0','0','0',NULL),
('69474','2','3','0','1','1366','768','24','0','1','0','1','0','0','fr'),
('69475','1','0','0','0','0','0','0','0','0','0','0','0','0','en-us'),
('69476','2','0','0','0','0','0','0','0','0','0','0','0','0','fr'),
('69477','1','6','0','0','0','0','0','0','0','0','0','0','0','fr'),
('69478','1','5','0','0','0','0','0','0','0','0','0','0','0',NULL),
('69479','1','0','0','0','0','0','0','0','0','0','0','0','0','fr'),
('69480','2','0','0','0','0','0','0','0','0','0','0','0','0','fr'),
('69481','2','8','0','1','1440','900','32','0','1','0','0','0','0','fr'),
('69482','3','1','0','1','1280','800','24','1','1','0','1','0','0','fr-fr'),
('69483','3','1','0','1','1280','800','24','1','1','0','1','0','0','fr-fr'),
('69484','1','5','0','0','0','0','0','0','0','0','0','0','0',NULL),
('69485','1','5','0','1','1280','1024','32','1','1','1','1','0','1','fr'),
('69486','1','0','0','0','0','0','0','0','0','0','0','0','0','fr'),
('69487','1','0','0','0','0','0','0','0','0','0','0','0','0','fr'),
('69488','1','0','0','0','0','0','0','0','0','0','0','0','0','fr'),
('69489','1','0','0','0','0','0','0','0','0','0','0','0','0','fr'),
('69490','1','0','0','0','0','0','0','0','0','0','0','0','0','fr'),
('69491','1','0','0','0','0','0','0','0','0','0','0','0','0','fr'),
('69492','1','0','0','0','0','0','0','0','0','0','0','0','0','en-us'),
('69493','1','5','0','0','0','0','0','0','0','0','0','0','0',NULL),
('69494','1','0','0','0','0','0','0','0','0','0','0','0','0','en-us'),
('69495','0','5','0','0','0','0','0','0','0','0','0','0','0',NULL),
('69496','1','0','0','0','0','0','0','0','0','0','0','0','0','fr'),
('69497','1','0','0','0','0','0','0','0','0','0','0','0','0','fr'),
('69498','1','6','0','0','0','0','0','0','0','0','0','0','0','en-us'),
('69499','1','0','0','0','0','0','0','0','0','0','0','0','0','fr'),
('69500','1','4','0','0','0','0','0','0','0','0','0','0','0',NULL),
('69501','1','0','0','0','0','0','0','0','0','0','0','0','0','fr'),
('69502','1','0','0','0','0','0','0','0','0','0','0','0','0','fr'),
('69503','1','0','0','0','0','0','0','0','0','0','0','0','0','fr'),
('69504','1','0','0','0','0','0','0','0','0','0','0','0','0','fr'),
('69505','1','0','0','0','0','0','0','0','0','0','0','0','0','fr'),
('69506','1','5','0','0','0','0','0','0','0','0','0','0','0',NULL),
('69507','1','0','0','0','0','0','0','0','0','0','0','0','0','fr'),
('69508','1','0','0','0','0','0','0','0','0','0','0','0','0','fr'),
('69509','2','8','0','0','0','0','0','0','0','0','0','0','0','fr'),
('69510','1','0','0','0','0','0','0','0','0','0','0','0','0','fr'),
('69511','1','0','0','0','0','0','0','0','0','0','0','0','0','fr'),
('69512','1','0','0','0','0','0','0','0','0','0','0','0','0','fr'),
('69513','1','0','0','0','0','0','0','0','0','0','0','0','0','fr'),
('69514','1','0','0','0','0','0','0','0','0','0','0','0','0','fr'),
('69515','1','0','0','0','0','0','0','0','0','0','0','0','0','fr'),
('69516','1','0','0','0','0','0','0','0','0','0','0','0','0','fr'),
('69517','1','4','0','0','0','0','0','0','0','0','0','0','0',NULL),
('69518','1','3','0','0','0','0','0','0','0','0','0','0','0','fr'),
('69519','2','0','0','1','1366','768','24','1','1','0','0','0','0','fr'),
('69520','3','3','0','0','0','0','0','0','0','0','0','0','0','fr'),
('69521','2','0','0','1','1600','900','24','1','1','0','1','0','0','fr'),
('69522','1','0','0','1','1024','768','24','0','1','0','0','0','0','fr'),
('69523','1','6','0','1','1280','1024','32','1','1','1','1','0','1','fr'),
('69524','1','7','0','1','1024','768','32','0','1','0','0','0','1','fr'),
('69525','1','0','0','0','0','0','0','0','0','0','0','0','0','fr'),
('69526','2','0','0','1','1366','768','24','1','1','0','0','0','0','fr'),
('69527','1','0','0','0','0','0','0','0','0','0','0','0','0','fr'),
('69528','1','0','0','0','0','0','0','0','0','0','0','0','0','en-us'),
('69529','1','0','0','0','0','0','0','0','0','0','0','0','0','fr'),
('69530','1','0','0','0','0','0','0','0','0','0','0','0','0','fr'),
('69531','1','0','0','0','0','0','0','0','0','0','0','0','0','fr'),
('69532','1','7','0','0','0','0','0','0','0','0','0','0','0','fr'),
('69533','1','6','0','0','0','0','0','0','0','0','0','0','0',NULL),
('69534','1','0','0','0','0','0','0','0','0','0','0','0','0','fr'),
('69535','1','0','0','0','0','0','0','0','0','0','0','0','0','fr'),
('69536','1','0','0','0','0','0','0','0','0','0','0','0','0','fr'),
('69537','1','0','0','0','0','0','0','0','0','0','0','0','0','fr'),
('69538','1','0','0','0','0','0','0','0','0','0','0','0','0','fr'),
('69539','1','0','0','0','0','0','0','0','0','0','0','0','0','fr'),
('69540','1','0','0','0','0','0','0','0','0','0','0','0','0','fr'),
('69541','1','0','0','0','0','0','0','0','0','0','0','0','0','fr'),
('69542','1','0','0','0','0','0','0','0','0','0','0','0','0','fr'),
('69543','1','0','0','0','0','0','0','0','0','0','0','0','0','fr'),
('69544','1','0','0','0','0','0','0','0','0','0','0','0','0','fr'),
('69545','1','0','0','0','0','0','0','0','0','0','0','0','0','en-us'),
('69546','1','0','0','0','0','0','0','0','0','0','0','0','0','en-us'),
('69547','1','0','0','0','0','0','0','0','0','0','0','0','0','fr'),
('69548','1','0','0','0','0','0','0','0','0','0','0','0','0','en-us'),
('69549','2','0','0','0','0','0','0','0','0','0','0','0','0','fr'),
('69550','1','0','0','0','0','0','0','0','0','0','0','0','0','fr');
/* Scheme for table arbor_hook */
CREATE TABLE `arbor_hook` (
  `id_hook` int(10) unsigned NOT NULL AUTO_INCREMENT,
  `name` varchar(64) NOT NULL,
  `title` varchar(64) NOT NULL,
  `description` text,
  `position` tinyint(1) NOT NULL DEFAULT '1',
  PRIMARY KEY (`id_hook`),
  UNIQUE KEY `hook_name` (`name`)
) ENGINE=MyISAM AUTO_INCREMENT=56 DEFAULT CHARSET=utf8;

INSERT INTO `arbor_hook` VALUES
('1','payment','Payment',NULL,'1'),
('2','newOrder','New orders',NULL,'0'),
('3','paymentConfirm','Payment confirmation',NULL,'0'),
('4','paymentReturn','Payment return',NULL,'0'),
('5','updateQuantity','Quantity update','Quantity is updated only when the customer effectively <b>place</b> his order.','0'),
('6','rightColumn','Right column blocks',NULL,'1'),
('7','leftColumn','Left column blocks',NULL,'1'),
('8','home','Homepage content',NULL,'1'),
('9','header','Header of pages','A hook which allow you to do things in the header of each pages','0'),
('10','cart','Cart creation and update',NULL,'0'),
('11','authentication','Successful customer authentication',NULL,'0'),
('12','addproduct','Product creation',NULL,'0'),
('13','updateproduct','Product Update',NULL,'0'),
('14','top','Top of pages','A hook which allow you to do things a the top of each pages.','1'),
('15','extraLeft','Extra actions on the product page (left column).',NULL,'0'),
('16','deleteproduct','Product deletion','This hook is called when a product is deleted','0'),
('17','productfooter','Product footer','Add new blocks under the product description','1'),
('18','invoice','Invoice','Add blocks to invoice (order)','1'),
('19','updateOrderStatus','Order\'s status update event','Launch modules when the order\'s status of an order change.','0'),
('20','adminOrder','Display in Back-Office, tab AdminOrder','Launch modules when the tab AdminOrder is displayed on back-office.','0'),
('21','footer','Footer','Add block in footer','1'),
('22','PDFInvoice','PDF Invoice','Allow the display of extra informations into the PDF invoice','0'),
('23','adminCustomers','Display in Back-Office, tab AdminCustomers','Launch modules when the tab AdminCustomers is displayed on back-office.','0'),
('24','orderConfirmation','Order confirmation page','Called on order confirmation page','0'),
('25','createAccount','Successful customer create account','Called when new customer create account successfuled','0'),
('26','customerAccount','Customer account page display in front office','Display on page account of the customer','1'),
('27','orderSlip','Called when a order slip is created','Called when a quantity of one product change in an order.','0'),
('28','productTab','Tabs on product page','Called on order product page tabs','0'),
('29','productTabContent','Content of tabs on product page','Called on order product page tabs','0'),
('30','shoppingCart','Shopping cart footer','Display some specific informations on the shopping cart page','0'),
('31','createAccountForm','Customer account creation form','Display some information on the form to create a customer account','1'),
('32','orderReturn','Product returned','When an order return is made','0'),
('33','postUpdateOrderStatus','Post Order\'s status update event','Launch modules when the order\'s status was changed (enables automated workflow).','0'),
('34','productActions','Product actions','Put new action buttons on product page','1'),
('35','cancelProduct','Product cancelled','This hook is called when you cancel a product in an order','0'),
('36','backOfficeHome','Administration panel homepage',NULL,'1'),
('37','extraRight','Extra actions on the product page (right column).',NULL,'0'),
('38','AdminStatsModules','Stats - Modules',NULL,'1'),
('39','GraphEngine','Graph Engines',NULL,'0'),
('40','GridEngine','Grid Engines',NULL,'0'),
('55','myAccountBlock','My account block','Display extra informations inside the \"my account\" block','1'),
('42','productOutOfStock','Product out of stock','Make action while product is out of stock','1'),
('43','updateProductAttribute','Product attribute update',NULL,'1'),
('44','extraCarrier','Extra carrier (module mode)',NULL,'0'),
('45','shoppingCartExtra','Shopping cart extra button','Display some specific informations','1'),
('46','search','Search',NULL,'0'),
('47','backBeforePayment','Redirect in order process','Redirect user to the module instead of displaying payment modules','0'),
('48','updateCarrier','Carrier update','This hook is called when a carrier is updated','0'),
('49','createAccountTop','Block above the form for create an account',NULL,'1'),
('50','backOfficeHeader','Administration panel header',NULL,'0'),
('51','backOfficeTop','Administration panel top hover the tabs',NULL,'1'),
('52','backOfficeFooter','Administration panel footer',NULL,'1');
/* Scheme for table arbor_hook_module */
CREATE TABLE `arbor_hook_module` (
  `id_module` int(10) unsigned NOT NULL,
  `id_hook` int(10) unsigned NOT NULL,
  `position` tinyint(2) unsigned NOT NULL,
  PRIMARY KEY (`id_module`,`id_hook`),
  KEY `id_hook` (`id_hook`),
  KEY `id_module` (`id_module`)
) ENGINE=MyISAM DEFAULT CHARSET=utf8;

INSERT INTO `arbor_hook_module` VALUES
('3','1','1'),
('6','1','2'),
('4','1','3'),
('3','4','1'),
('6','4','2'),
('12','7','10'),
('143','7','12'),
('65','19','1'),
('161','26','1'),
('0','50','5'),
('65','8','3'),
('10','7','7'),
('35','2','1'),
('67','39','1'),
('161','10','1'),
('53','28','1'),
('164','9','6'),
('143','8','2'),
('1','8','1'),
('21','7','9'),
('163','14','5'),
('156','9','3'),
('71','50','1'),
('167','7','6'),
('128','7','5'),
('25','15','1'),
('162','7','3'),
('161','54','1'),
('35','5','1'),
('26','7','14'),
('53','29','1'),
('144','14','4'),
('148','38','17'),
('61','7','8'),
('58','14','6'),
('58','24','1'),
('116','7','4'),
('169','14','2'),
('135','38','16'),
('145','15','2'),
('68','39','2'),
('69','39','3'),
('70','38','1'),
('71','38','2'),
('72','38','3'),
('73','38','4'),
('74','21','1'),
('74','11','1'),
('74','25','1'),
('75','38','5'),
('76','38','6'),
('77','36','1'),
('78','38','7'),
('153','38','18'),
('80','38','8'),
('82','38','9'),
('83','38','10'),
('84','38','11'),
('144','9','4'),
('110','46','1'),
('86','38','12'),
('87','39','4'),
('110','38','15'),
('72','50','2'),
('99','50','3'),
('90','6','1'),
('165','9','7'),
('96','38','13'),
('95','40','1'),
('99','38','14'),
('101','17','1'),
('43','7','13'),
('70','50','4'),
('161','9','1'),
('53','21','2'),
('102','7','15'),
('156','14','3'),
('161','23','1'),
('145','17','2'),
('168','9','2'),
('169','9','5'),
('165','14','1'),
('167','38','19');
/* Scheme for table arbor_hook_module_exceptions */
CREATE TABLE `arbor_hook_module_exceptions` (
  `id_hook_module_exceptions` int(10) unsigned NOT NULL AUTO_INCREMENT,
  `id_module` int(10) unsigned NOT NULL,
  `id_hook` int(10) unsigned NOT NULL,
  `file_name` varchar(255) DEFAULT NULL,
  PRIMARY KEY (`id_hook_module_exceptions`),
  KEY `id_module` (`id_module`),
  KEY `id_hook` (`id_hook`)
) ENGINE=MyISAM DEFAULT CHARSET=utf8;

/* Scheme for table arbor_image */
CREATE TABLE `arbor_image` (
  `id_image` int(10) unsigned NOT NULL AUTO_INCREMENT,
  `id_product` int(10) unsigned NOT NULL,
  `position` tinyint(2) unsigned NOT NULL DEFAULT '0',
  `cover` tinyint(1) unsigned NOT NULL DEFAULT '0',
  PRIMARY KEY (`id_image`),
  UNIQUE KEY `product_position` (`id_product`,`position`),
  KEY `image_product` (`id_product`),
  KEY `id_product_cover` (`id_product`,`cover`)
) ENGINE=MyISAM AUTO_INCREMENT=325 DEFAULT CHARSET=utf8;

INSERT INTO `arbor_image` VALUES
('65','32','1','1'),
('64','31','1','1'),
('63','30','1','1'),
('62','29','1','1'),
('61','28','1','1'),
('60','27','1','1'),
('54','25','1','1'),
('50','21','1','1'),
('49','20','1','1'),
('68','35','1','1'),
('67','34','1','1'),
('66','33','1','1'),
('56','19','1','1'),
('47','18','1','1'),
('58','17','1','1'),
('44','15','1','1'),
('70','37','1','1'),
('45','16','1','1'),
('41','14','1','1'),
('59','26','1','1'),
('39','13','1','1'),
('37','11','1','1'),
('69','36','1','1'),
('71','38','1','1'),
('72','39','1','1'),
('73','40','1','1'),
('74','41','1','1'),
('75','42','1','1'),
('76','43','1','1'),
('77','44','1','1'),
('78','44','2','0'),
('79','44','3','0'),
('80','44','4','0'),
('81','44','5','0'),
('82','44','6','0'),
('83','44','7','0'),
('84','44','8','0'),
('85','44','9','0'),
('86','44','10','0'),
('87','44','11','0'),
('88','44','12','0'),
('89','45','1','1'),
('90','46','1','1'),
('91','47','1','1'),
('92','48','1','1'),
('93','49','1','1'),
('94','50','1','1'),
('95','51','1','1'),
('96','53','1','1'),
('97','54','1','1'),
('98','56','1','1'),
('99','57','1','1'),
('100','58','1','1'),
('101','59','1','1'),
('102','60','1','1'),
('103','61','1','1'),
('104','62','1','1'),
('105','63','1','1'),
('114','65','1','1'),
('119','67','1','1'),
('108','64','1','1'),
('120','68','1','1'),
('121','69','1','1'),
('122','70','1','1'),
('277','71','1','1'),
('128','73','1','1'),
('129','72','1','1'),
('133','74','1','1'),
('135','75','2','1'),
('134','75','1','0'),
('138','76','1','1'),
('139','77','1','1'),
('140','78','1','1'),
('141','79','1','1'),
('142','79','2','0'),
('143','80','1','1'),
('146','81','1','1'),
('145','82','1','1'),
('147','83','1','1'),
('148','84','1','1'),
('149','85','1','1'),
('150','86','1','1'),
('151','87','1','1'),
('152','87','2','0'),
('153','87','3','0'),
('154','87','4','0'),
('155','87','5','0'),
('156','87','6','0'),
('157','87','7','0'),
('158','87','8','0'),
('159','87','9','0'),
('160','87','10','0'),
('161','88','1','1'),
('162','89','1','1'),
('166','91','1','1'),
('165','90','1','1'),
('316','183','1','1'),
('304','92','1','1'),
('170','93','1','1'),
('171','94','1','1'),
('172','95','1','1'),
('176','99','1','1'),
('175','96','1','1'),
('201','100','1','1'),
('178','101','1','0'),
('179','101','2','0'),
('180','101','3','0'),
('181','101','4','1'),
('182','101','5','0'),
('183','101','6','0'),
('184','101','7','0'),
('185','101','8','0'),
('186','101','9','0'),
('187','101','10','0'),
('188','101','11','0'),
('189','101','12','0'),
('190','101','13','0'),
('191','101','14','0'),
('192','101','15','0'),
('193','101','16','0'),
('194','101','17','0'),
('195','101','18','0'),
('196','101','19','0'),
('197','101','20','0'),
('202','103','1','1'),
('199','102','1','1'),
('203','100','2','0'),
('204','104','1','1'),
('205','104','2','0'),
('206','105','1','1'),
('207','106','1','1'),
('208','107','1','1'),
('209','108','1','1'),
('210','109','1','1'),
('211','110','1','1'),
('212','111','1','1'),
('213','112','1','1'),
('214','113','1','1'),
('215','114','1','1'),
('216','115','1','1'),
('217','117','1','1'),
('218','118','1','1'),
('219','120','1','1'),
('220','121','1','1'),
('221','122','1','1'),
('226','128','1','1'),
('225','127','1','1'),
('224','126','1','1'),
('227','129','1','1'),
('228','130','1','1'),
('229','131','1','1'),
('230','132','1','1'),
('231','133','1','1'),
('232','134','1','1'),
('233','135','1','1'),
('234','136','1','1'),
('235','137','1','1'),
('236','138','1','1'),
('237','139','1','1'),
('238','140','1','1'),
('239','141','1','0'),
('240','141','2','0'),
('241','141','3','0'),
('242','141','4','1'),
('243','141','5','0'),
('244','141','6','0'),
('245','141','7','0'),
('246','141','8','0'),
('247','141','9','0'),
('248','141','10','0'),
('249','141','11','0'),
('250','141','12','0'),
('251','141','13','0'),
('252','141','14','0'),
('253','141','15','0'),
('254','141','16','0'),
('255','141','17','0'),
('256','141','18','0'),
('257','141','19','0'),
('258','141','20','0'),
('259','142','1','1'),
('260','143','1','1'),
('261','144','1','1'),
('264','147','1','1'),
('263','146','1','1'),
('265','148','1','1'),
('266','149','1','1'),
('268','152','1','1'),
('269','153','1','1'),
('305','154','1','1'),
('273','156','1','1'),
('274','157','1','1'),
('275','158','1','1'),
('276','159','1','1'),
('281','162','1','1'),
('279','161','1','1'),
('280','160','1','1'),
('282','162','2','0'),
('291','163','1','1'),
('292','165','1','1');
INSERT INTO `arbor_image` VALUES
('287','164','1','1'),
('293','166','1','1'),
('294','167','1','1'),
('295','168','1','1'),
('296','169','1','1'),
('297','170','1','1'),
('298','171','1','1'),
('299','172','1','1'),
('302','174','1','1'),
('301','173','1','1'),
('303','175','1','1'),
('306','176','1','1'),
('307','177','1','1'),
('308','178','1','1'),
('319','179','1','1'),
('313','181','1','1'),
('311','180','1','1'),
('315','182','1','1'),
('318','184','1','1'),
('322','186','1','1'),
('321','185','1','1'),
('323','187','1','1'),
('324','187','2','0');
/* Scheme for table arbor_image_lang */
CREATE TABLE `arbor_image_lang` (
  `id_image` int(10) unsigned NOT NULL,
  `id_lang` int(10) unsigned NOT NULL,
  `legend` varchar(128) DEFAULT NULL,
  UNIQUE KEY `image_lang_index` (`id_image`,`id_lang`),
  KEY `id_image` (`id_image`)
) ENGINE=MyISAM DEFAULT CHARSET=utf8;

INSERT INTO `arbor_image_lang` VALUES
('105','2','Forêt humide du Mont Kenya - Kenya'),
('98','1','Rose of the garden, Dordogne, France'),
('97','2','Renoncules'),
('89','1','Dance of poppies in a linen field'),
('84','2','Ginkgo biloba Dinglin Temple Chine'),
('80','1','Collection de 12 cartes \"Arbres Vénérables\"'),
('74','1','Instant mystique'),
('70','2','Le chêne lumineux, Jaf, Commune de Grèzes, Dordogne, France'),
('10','1','luxury-cover-for-ipod-video'),
('10','2','housse-luxe-pour-ipod-video'),
('11','1','cover'),
('11','2','housse'),
('12','1','myglove-ipod-nano'),
('12','2','myglove-ipod-nano'),
('13','1','myglove-ipod-nano'),
('13','2','myglove-ipod-nano'),
('14','1','myglove-ipod-nano'),
('14','2','myglove-ipod-nano'),
('128','2','Le Chêne de Venon, Isère, France'),
('65','1','Sequoia General Grant'),
('62','1','Metasequoia glyptostroboides, Hubei province, China'),
('50','3','Dobby Seven Sister Live Oak, Lousiane, Etats-Unis'),
('56','4','\"Jomonsugi\" Le cèdre sacré de Yakushima - Japon'),
('59','3','Die Zypresse \"Arbol del Tule\" - Mexiko'),
('39','4','Les Bristlecone Pine Californie Etats Unis'),
('37','7','Pins de Bristlecone, Californie, Etats Unis'),
('105','1','rainforest of Mount Kenya - Kenya'),
('104','2','Ile de Vancouver - Clayoquot Sound - Colombie Britannique'),
('104','1','Vancouver island, Clayoquot Sound, British Colombia'),
('103','2','Baobab et son reflet dans l\'eau, Morondava, Madagascar'),
('103','1','Baobab and its reflexion in water, Morondava, Madagascar'),
('102','2','Le Baobab de Glencoe Farm (Adansonia digitata) - Afrique du Sud'),
('102','1','Baobab of Glencoe Farm South Africa'),
('101','2','Phytolacca americana L.'),
('101','1','Phytolacca americana L.'),
('100','2','Mycena interrupta Tasmanie'),
('100','1','Mycena interrupta Tasmania'),
('99','2','Rose dans le givre'),
('99','1','Rose in the hoarfrost'),
('98','2','Rose du jardin, Dordogne, France'),
('97','1','buttercup'),
('96','2','Paquerettes - Dordogne - France'),
('96','1','Daisy - Dordogne - France'),
('95','2',' Paquerettes dans le givre'),
('95','1','Daisy in the hoarfrost'),
('94','2','Rosée matinale, histoire d\'eau'),
('94','1','Morning dew, story of water'),
('93','2','Magnolia grandiflora'),
('93','1','Magnolia grandiflora'),
('92','2','Camaieu de coquelicot dans la campagne normande'),
('92','1','Cameo of poppy in the Norman country'),
('91','2','Camaieu de Coquelicots dans un champ de lin'),
('91','1','Cameo of Poppies in a linen field'),
('90','2','C comme Coquelicots'),
('90','1','C comme Coquelicots'),
('89','2','Danse de coquelicots dans un champ de lin'),
('88','2','Mycena interrupta Tasmanie'),
('88','1','Collection de 12 cartes \"Arbres Vénérables\"'),
('87','2','Foret pluviale Eucalyptus Tasmanie'),
('87','1','Collection de 12 cartes \"Arbres Vénérables\"'),
('86','2','Pin Huon Tasmanie'),
('86','1','Collection de 12 cartes \"Arbres Vénérables\"'),
('85','2','Olivier de Roquebrune Cap Martin'),
('85','1','Collection de 12 cartes \"Arbres Vénérables\"'),
('84','1','Collection de 12 cartes \"Arbres Vénérables\"'),
('83','2','Cypres de Tule Mexique'),
('83','1','Collection de 12 cartes \"Arbres Vénérables\"'),
('82','2','Les 5 Coniferes les plus celebres'),
('82','1','Collection de 12 cartes \"Arbres Vénérables\"'),
('81','2','Chene Dobby Seven Sisters'),
('81','1','Collection de 12 cartes \"Arbres Vénérables\"'),
('80','2','Camphrier de Kamou Japon'),
('79','2','Pin de Bristlecone Californie'),
('79','1','Collection de 12 cartes \"Arbres Vénérables\"'),
('78','2','baobab de Sagole Afrique du Sud'),
('78','1','Collection de 12 cartes \"Arbres Vénérables\"'),
('77','2','Baobab de Diass Senegal'),
('77','1','Collection de 12 cartes \"Arbres Vénérables\"'),
('76','2','Rouge comme les coquelicots'),
('76','1','Rouge comme les coquelicots'),
('75','2','Duo de coquelicots'),
('75','1','Duo of Poppies'),
('74','2','Instant mystique'),
('73','2','Le Chêne et sa prairie fleurie'),
('73','1','The Oak and its flowery meadow'),
('72','2','Camaieu de Coquelicot, Jaf, Commune de Grèzes, Dordogne, France'),
('72','1','Camaïeu of poppy, Jaf, Commune of Grèzes, Dordogne, France'),
('71','2','Un chene bien enracinedans la terre Jaf'),
('71','1','An oak rooted well in the earth Jaf'),
('70','1','The shiny Oak, Jaf, Commune of Grèzes, Dordogne, France'),
('69','2','Pondering'),
('69','1','Contemplation'),
('68','2','Baobabs amoureux Madagascar'),
('68','1','Baobabs tree lovers Madagascar'),
('67','2','Pine tree Tarentaise Alps France'),
('67','1','Pine tree Tarentaise Alps France'),
('66','2','Lime Tree Haute Savoie'),
('66','1','Lime Tree Haute Savoie'),
('65','2','Sequoia General Grant'),
('129','1','Le Chêne de Venon, Isère, France'),
('129','2','Le Chêne de Venon, Isère, France'),
('128','1','Le Chêne de Venon, Isère, France'),
('122','2','La Nature Créatrice (3)'),
('122','1','Creative Nature (3)'),
('277','1','Le Chêne de Venon, Isère, France (2)'),
('121','2','Nature Créatrice 2001 2006'),
('108','2','La Nature Créatrice - Entre l\'Oural et la Finlande'),
('108','1','Creative Nature - Between Ural & Finland'),
('120','1','Creative Nature (2)'),
('120','2','La Nature Créatrice (2)'),
('121','1','Creative Nature 2001 2006'),
('119','1','Respecte moi, c\'est te respecter'),
('119','2','Respecte moi, c\'est te respecter'),
('114','1','RESPECTER l\'ARRBE, c\'est SE RESPECTER'),
('114','2','RESPECTER l ARRBE'),
('64','2','Pohutukawa Nouvelle Zelande'),
('64','1','Pohutukawa Nouvelle Zelande'),
('63','2','Huon Pine'),
('63','1','Huon Pine'),
('62','2','Metasequoia glyptostroboides, région de Hubei, Chine'),
('60','2','Jededdiah Redwood Park - Californie - Etats Unis'),
('61','1','Baobab of Sagole, Limpopo, South Africa'),
('61','2','Baobab de Sagole, Limpopo, Afrique du Sud'),
('54','4','Cèdre rouge \"Cheewhat lake\" - Colombie Britannique - Canada'),
('54','3','Cèdre rouge \"Cheewhat lake\" - Colombie Britannique - Canada'),
('54','2','Cheewhat lake'),
('54','1','Cèdre rouge \"Cheewhat lake\" - Colombie Britannique - Canada'),
('50','4','Dobby Seven Sister Live Oak, Lousiane, Etats-Unis'),
('50','2','Dobby Seven Sister Live Oak'),
('50','1','Dobby Seven Sister Live Oak, Lousiane, Etats-Unis'),
('49','4','Olivier de Roquebrune Cap Martin, Alpes Maritimes, France'),
('49','3','Olivier de Roquebrune Cap Martin, Alpes Maritimes, France'),
('49','2','Olivier de Roquebrune Cap Martin'),
('49','1','Olivier de Roquebrune Cap Martin, Alpes Maritimes, France'),
('56','1','\"Jomonsugi\" Le cèdre sacré de Yakushima - Japon'),
('56','2','\"Jomonsugi\" Le cèdre sacré de Yakushima - Japon'),
('56','3','\"Jomonsugi\" Le cèdre sacré de Yakushima - Japon'),
('47','4','Ginkgo biloba de Dinglin temple, Shandong - Chine'),
('47','3','Ginkgo biloba de Dinglin temple, Shandong - Chine'),
('47','2','Ginkgo biloba de Dinglin temple'),
('47','1','Ginkgo biloba de Dinglin temple, Shandong - Chine'),
('58','4','Les Arbres Vénérables, un tour du monde des géants millénaires'),
('59','1','The Cypress \"Arbol del Tule\" - Mexico'),
('59','2','Le Cyprès \"Arbol del Tule\" - Mexique'),
('58','3','Les Arbres Vénérables, un tour du monde des géants millénaires'),
('58','1','Les Arbres Vénérables, un tour du monde des géants millénaires'),
('58','2','Les Arbres Vénérables, un tour du monde des géants millénaires'),
('44','1','Camphrier de Kamou, Japon'),
('44','2','Camphrier de Kamou, Japon'),
('44','3','Camphrier de Kamou, Japon'),
('44','4','Camphrier de Kamou, Japon'),
('45','1','Eucalyptus regnans, Forêt pluviale de Styx, Tasmanie, Australie'),
('45','2','Eucalyptus regnans'),
('45','3','Eucalyptus regnans, Forêt pluviale de Styx, Tasmanie, Australie'),
('45','4','Eucalyptus regnans, Forêt pluviale de Styx, Tasmanie, Australie'),
('41','4','Baobab de Morondava, Madagascar'),
('41','3','Baobab de Morondava, Madagascar'),
('41','2','Baobab de Morondava, Madagascar'),
('41','1','Baobab de Morondava, Madagascar'),
('59','4','El Ciprés \"Arbol del Tule\" - México'),
('60','1','Jededdiah Redwood Park - California - United States'),
('39','1','Les Bristlecone Pine Californie Etats Unis'),
('39','2','Les Bristlecone Pine, Californie, Etats Unis.'),
('39','3','Les Bristlecone Pine Californie Etats Unis'),
('37','10','Pins de Bristlecone, Californie, Etats Unis'),
('37','9','Pins de Bristlecone, Californie, Etats Unis'),
('37','8','Pins de Bristlecone, Californie, Etats Unis'),
('37','6','Pins de Bristlecone, Californie, Etats Unis'),
('37','4','Pins de Bristlecone, Californie, Etats Unis'),
('37','3','Pins de Bristlecone, Californie, Etats Unis'),
('37','2','Pins de Bristlecone, Californie, Etats Unis'),
('37','1','Pins de Bristlecone, Californie, Etats Unis'),
('134','1','Ceillac - Hautes Alpes - France'),
('133','1','Morning autumn frost, Dordogne, France'),
('133','2','Rose dans le givre, Dordogne, France'),
('135','1','Ceillac - Hautes Alpes - France'),
('134','2','Ceillac - Hautes Alpes - France'),
('135','2','Ceillac - Hautes Alpes - France'),
('138','2','Pin à crochet - Ceillac - Hautes Alpes - France'),
('138','1','Pin à crochet - Ceillac - Hautes Alpes - France'),
('139','2','Sapin dans la neige - Ceillac - Hautes Alpes - France'),
('139','1','Spruce in the snow - Ceillac - Hautes Alpes - France'),
('140','1','Oak of the Elle\' Valley - Terrasson - Dordogne - France'),
('140','2','Chêne de la vallée de l\'Elle - Terrasson - Dordogne - France'),
('141','1','Oak in Jaf - Grèzes - Dordogne - France'),
('141','2','Chêne de Jaf - Grèzes - Dordogne - France'),
('142','1','Oak in Jaf - Grèzes - Dordogne - France'),
('142','2','Chêne de Jaf - Grèzes - Dordogne - France'),
('143','1','Oka of Venon, Isere, France'),
('143','2','chêne de Venon, Isère, France'),
('146','2','chêne de Venon en 2006, Isère, France'),
('146','1','Oak of venon, in 2006, Isere, France'),
('145','1','Oak of venon in 2004 Isere France'),
('145','2','chene de Venon en 2004 Isere France'),
('147','1','Red as poppies'),
('147','2','Rouge comme les coquelicots'),
('148','1','virgin vine (le real)'),
('148','2','Vigne vierge (la vraie)'),
('149','1','Daisy in the snow - Dordogne - France'),
('149','2','Paquerettes dans la neige - Dordogne - France');
INSERT INTO `arbor_image_lang` VALUES
('150','1','Daisy - Dordogne - France'),
('150','2','Paquerettes - Dordogne - France'),
('151','1','Baobab (contrejour) of Morondava, Madagascar'),
('151','2','Baobab (contrejour) de Morondava, Madagascar'),
('152','1','Baobab of Sagole South Africa'),
('152','2','baobab de Sagole Afrique du Sud'),
('153','1','Camphor tree Kamou Japan'),
('153','2','Camphrier de Kamou Japon'),
('154','1','Oak Dobby Seven Sisters Louisiana'),
('154','2','Chene Dobby Seven Sisters'),
('155','1','Cypress Santa Maria Tule Mexico'),
('155','2','Cypres de Tule Mexique'),
('156','1','Ginkgo biloba Dinglin Temple Chine'),
('156','2','Ginkgo biloba Dinglin Temple Chine'),
('157','1','Olive tree Roquebrune Cap Martin France'),
('157','2','Olivier de Roquebrune Cap Martin'),
('158','1','Bristlecone Pine California United States'),
('158','2','Bristlecone Pine Californie Etats Unis'),
('159','1','Huon pine Tasmania'),
('159','2','Pin Huon Tasmanie'),
('160','1','Mycena interrupta Tasmania'),
('160','2','Mycena interrupta Tasmanie'),
('161','1','The e-card who plant a tree'),
('161','2','La E-card qui plante un arbre'),
('162','1','T-shirt \"Arbor\'Ethic_001'),
('162','2','T-shirt \"Arbor\'Ethic_001'),
('166','2','T shirt femme ArborEthic'),
('166','1','T shirt women ArborEthic'),
('165','1','T-shirt \"Arbor\'Ethic_001'),
('165','2','T-shirt \"Arbor\'Ethic_001'),
('304','1','Bag in coton \"Arbor\'Ethic\"'),
('304','2','Sac en tissus coton \"Arbor\'Ethic\"'),
('170','1','Mycena interrupta, Tasmania'),
('170','2','Mycena interrupta, Tasmanie'),
('171','1','Aura, river of diamonds'),
('171','2','Aura, la rivière de diamants'),
('172','1','Duet of dandelions'),
('172','2','Duo de pissenlits'),
('175','2','Sphère d\'akènes de pissenlit'),
('175','1','Sphere of akenes of dandelion'),
('176','1','Daisy - Valley of Elle - Dordogne - France'),
('176','2','Paquerette - Vallée de l\'Elle - Dordogne - France'),
('201','2','Marguerite \"Je t\'aime\"'),
('201','1','Marguerite \"Je t\'aime\"'),
('178','1','Collector of 20 posters of Venerable Trees'),
('178','2','Collector de 20 posters \"Arbres Vénérables\"'),
('179','1','Collector of 20 posters of Venerable Trees'),
('179','2','Collector de 20 posters \"Arbres Vénérables\"'),
('180','1','Collector of 20 posters of Venerable Trees'),
('180','2','Collector de 20 posters \"Arbres Vénérables\"'),
('181','1','Collector of 20 posters of Venerable Trees'),
('181','2','Collector de 20 posters \"Arbres Vénérables\"'),
('182','1','Collector of 20 posters of Venerable Trees'),
('182','2','Collector de 20 posters \"Arbres Vénérables\"'),
('183','1','Collector of 20 posters of Venerable Trees'),
('183','2','Collector de 20 posters \"Arbres Vénérables\"'),
('184','1','Collector of 20 posters of Venerable Trees'),
('184','2','Collector de 20 posters \"Arbres Vénérables\"'),
('185','1','Collector of 20 posters of Venerable Trees'),
('185','2','Collector de 20 posters \"Arbres Vénérables\"'),
('186','1','Collector of 20 posters of Venerable Trees'),
('186','2','Collector de 20 posters \"Arbres Vénérables\"'),
('187','1','Collector of 20 posters of Venerable Trees'),
('187','2','Collector de 20 posters \"Arbres Vénérables\"'),
('188','1','Collector of 20 posters of Venerable Trees'),
('188','2','Collector de 20 posters \"Arbres Vénérables\"'),
('189','1','Collector of 20 posters of Venerable Trees'),
('189','2','Collector de 20 posters \"Arbres Vénérables\"'),
('190','1','Collector of 20 posters of Venerable Trees'),
('190','2','Collector de 20 posters \"Arbres Vénérables\"'),
('191','1','Collector of 20 posters of Venerable Trees'),
('191','2','Collector de 20 posters \"Arbres Vénérables\"'),
('192','1','Collector of 20 posters of Venerable Trees'),
('192','2','Collector de 20 posters \"Arbres Vénérables\"'),
('193','1','Collector of 20 posters of Venerable Trees'),
('193','2','Collector de 20 posters \"Arbres Vénérables\"'),
('194','1','Collector of 20 posters of Venerable Trees'),
('194','2','Collector de 20 posters \"Arbres Vénérables\"'),
('195','1','Collector of 20 posters of Venerable Trees'),
('195','2','Collector de 20 posters \"Arbres Vénérables\"'),
('196','1','Collector of 20 posters of Venerable Trees'),
('196','2','Collector de 20 posters \"Arbres Vénérables\"'),
('197','1','Collector of 20 posters of Venerable Trees'),
('197','2','Collector de 20 posters \"Arbres Vénérables\"'),
('202','1','Citadelle of Bonifacio, Corsica'),
('202','2','Citadelle de Bonifacio illuminée, Corse'),
('199','1','Baobab tree of Morondava, Madagascar'),
('199','2','Baobab de Morondava, Madagascar'),
('203','1','Marguerite \"Je t\'aime\"'),
('203','2','Marguerite \"Je t\'aime\"'),
('204','1','Marguerite \"Je t\'aime\"'),
('204','2','Marguerite \"Je t\'aime\"'),
('205','1','Marguerite \"Je t\'aime\"'),
('205','2','Marguerite \"Je t\'aime\"'),
('206','1','Pearl of silver, tear of sap'),
('206','2','Perle d\'argent, larme de sève'),
('207','1','Village of Bilia, South Corsica'),
('207','2','Commune de Bilia, Corse du sud.'),
('208','1','Bonifacio, facing in Sardinia'),
('208','2','Bonifacio, faisant face à la Sardaigne, Corse'),
('209','1','Cagnano, \"the bathtub of monks\", Cap Corsica'),
('209','2','Cagnano, \"la baignoire des moines\", Cap Corse'),
('210','1','Commune de Cagnano Porticciolo Cap Corse'),
('210','2','Commune de Cagnano Porticciolo Cap Corse'),
('211','1','Sunrise on Porticciolo, Cagnano, Cap Corsica'),
('211','2','Lever de Soleil sur Porticciolo, Cagnano, Cap Corse'),
('212','1','Commune of Cagnano, \"Ortale\", Cap Corse'),
('212','2','Commune de Cagnano, \"Ortale\", Cap Corse'),
('213','1','Commune of Cagnano,  Cap Corsica'),
('213','2','Commune de Cagnano, Cap Corse'),
('214','1','Poppies (Papaver Roheas)'),
('214','2','Coquelicot (en contre jour)'),
('215','1','Poppies (Papaver Roheas)'),
('215','2','Coquelicot (Papaver rhoeas)'),
('216','1','Poppies (Papaver Roheas)'),
('216','2','Coquelicot (Papaver rhoeas)'),
('217','1','Pumkins'),
('217','2','C comme ... Citrouille'),
('218','1','Zuchini figue, Cap Corse, France'),
('218','2','La figue Zuchini, Cap Corse, France'),
('219','1','Marguerite \"I love you\"'),
('219','2','Marguerite \"Je t\'aime\"'),
('220','1','Spirale of Love'),
('220','2','La spirale de l\'Amour'),
('221','1','water perl'),
('221','2','Perle d\'eau'),
('225','2','Preyssac sou la neige, Dordogne, France'),
('225','1','Preyssac under the snow, Dordogne, France'),
('224','1','Flyer Arbor\'Ethic'),
('224','2','Flyer Arbor\'Ethic'),
('226','1','Canopy of Preyssac under the snow, Dordogne, France'),
('226','2','Canopée de Preyssac sous la neige, Dordogne, France'),
('227','1','Tallerie, commune of Terrasson, Dordogne, France'),
('227','2','La Tallerie, Commune de Terrasson, Dordogne, France'),
('228','1','Tallerie, commune of Terrasson, Dordogne, France'),
('228','2','La Tallerie, Commune de Terrasson, Dordogne, France'),
('229','1','Vallée de l\'Elle, Charpenet, Terrasson, Dordogne, France'),
('229','2','Vallée de l\'Elle, Charpenet, Terrasson, Dordogne, France'),
('230','1','Collector of 12 cards about flowers'),
('230','2','Collection de 12 cartes sur le thème des fleurs'),
('231','1','Biodiversity Beans of all colors'),
('231','2','Biodiversité Haricots de toutes les couleurs'),
('232','1','Eucalyptus nitens Australia'),
('232','2','Eucalyptus nitens Australie'),
('233','1','Valley of Dordogne river under the mist'),
('233','2','La Rivière Dordogne sous la brume'),
('234','1','A sun in the vegetable garden, parc of Champagne, reims'),
('234','2','Un soleil dans le potager, parc de Champagne, Reims'),
('235','1','All a univers, parc of Champagne, reims'),
('235','2','Tout un univers, parc de Champagne, Reims'),
('236','1','Interior beauty, parc of Champagne, reims'),
('236','2','Beauté intérieur, parc de Champagne, Reims'),
('237','1','Seeds of sun, parc of Champagne, reims'),
('237','2','Graines de soleil, parc de Champagne, Reims'),
('238','1','A sun in the vegetable garden, parc of Champagne, reims'),
('238','2','Un soleil dans le potager, parc de Champagne, Reims'),
('239','1','Collector of 20 posters of Venerable Trees'),
('239','2','Collector de 20 posters \"Arbres Vénérables\"'),
('240','1','Collector of 20 posters of Venerable Trees'),
('240','2','Collector de 20 posters \"Arbres Vénérables\"'),
('241','1','Collector of 20 posters of Venerable Trees'),
('241','2','Collector de 20 posters \"Arbres Vénérables\"'),
('242','1','Collector of 20 posters of Venerable Trees'),
('242','2','Collector de 20 posters \"Arbres Vénérables\"'),
('243','1','Collector of 20 posters of Venerable Trees'),
('243','2','Collector de 20 posters \"Arbres Vénérables\"'),
('244','1','Collector of 20 posters of Venerable Trees'),
('244','2','Collector de 20 posters \"Arbres Vénérables\"'),
('245','1','Collector of 20 posters of Venerable Trees'),
('245','2','Collector de 20 posters \"Arbres Vénérables\"'),
('246','1','Collector of 20 posters of Venerable Trees'),
('246','2','Collector de 20 posters \"Arbres Vénérables\"'),
('247','1','Collector of 20 posters of Venerable Trees'),
('247','2','Collector de 20 posters \"Arbres Vénérables\"'),
('248','1','Collector of 20 posters of Venerable Trees'),
('248','2','Collector de 20 posters \"Arbres Vénérables\"'),
('249','1','Collector of 20 posters of Venerable Trees'),
('249','2','Collector de 20 posters \"Arbres Vénérables\"'),
('250','1','Collector of 20 posters of Venerable Trees'),
('250','2','Collector de 20 posters \"Arbres Vénérables\"'),
('251','1','Collector of 20 posters of Venerable Trees'),
('251','2','Collector de 20 posters \"Arbres Vénérables\"'),
('252','1','Collector of 20 posters of Venerable Trees'),
('252','2','Collector de 20 posters \"Arbres Vénérables\"'),
('253','1','Collector of 20 posters of Venerable Trees'),
('253','2','Collector de 20 posters \"Arbres Vénérables\"'),
('254','1','Collector of 20 posters of Venerable Trees'),
('254','2','Collector de 20 posters \"Arbres Vénérables\"'),
('255','1','Collector of 20 posters of Venerable Trees'),
('255','2','Collector de 20 posters \"Arbres Vénérables\"'),
('256','1','Collector of 20 posters of Venerable Trees'),
('256','2','Collector de 20 posters \"Arbres Vénérables\"'),
('257','1','Collector of 20 posters of Venerable Trees'),
('257','2','Collector de 20 posters \"Arbres Vénérables\"'),
('258','1','Collector of 20 posters of Venerable Trees'),
('258','2','Collector de 20 posters \"Arbres Vénérables\"'),
('259','1','Cypress of Arradon le moustoir, Morbihan, Britany, France'),
('259','2','Cyprès d\'Arradon le moustoir, Morbihan, Bretagne, France'),
('260','1','Cypress of Arradon le moustoir, Morbihan, Britany, France'),
('260','2','Cyprès d\'Arradon le moustoir, Morbihan, Bretagne, France');
INSERT INTO `arbor_image_lang` VALUES
('261','1','It is the story of an acorn'),
('261','2','C\'est l\'histoire d\'un gland'),
('264','2','C\'est l\'histoire d\'un gland...'),
('264','1','It is the story of an acorn...'),
('263','1','It is the story of an acorn...'),
('263','2','C\'est l\'histoire d\'un gland...'),
('265','1','It is the story of an acorn (2)...'),
('265','2','Protège moi pour que je devienne un arbre'),
('266','1','Protect me so that I become a tree'),
('266','2','Protège moi pour que je devienne un arbre'),
('268','1','River \"Vezere\", Thonac, Dordogne'),
('268','2','La Vézère, Thonac, Dordogne'),
('269','1','Volcano of Etna, Sicily'),
('269','2','Volcan de l\'Etna'),
('305','2','Carte du monde des arbres vénérables'),
('305','1','Map of the venerable trees'),
('318','2','Un coeur de pierre dans l\'Elle, Forêt de Marquoil, Terrasson, Dordogne'),
('316','2','Duo de coquelicots'),
('273','1','Church of Saint Sour, Terrasson Lavilledieu, Dordogne'),
('273','2','L\'église Saint Sour, Terrasson Lavilledieu, Dordogne'),
('274','1','Cornus L. , Arboretum of Eaubonne, Suisse'),
('274','2','Cornus L., Arboretum d\'Eaubonne, Suisse'),
('275','1','Baobab tree of Morondava, Madagascar'),
('275','2','baobab de Morondava, Madagascar'),
('276','1','Pearl of life'),
('276','2','Perle de vie'),
('277','2','Le Chêne de Venon, Isère, France (2)'),
('281','1','L\'église Saint Sour, Terrasson Lavilledieu, Dordogne'),
('279','1','Medieval donjon of Niort'),
('279','2','Donjon médiéval de Niort'),
('280','1','Medieval donjon of Niort (Against day)'),
('280','2','Donjon médiéval de Niort (contrejour)'),
('281','2','L\'église Saint Sour, Terrasson Lavilledieu, Dordogne'),
('282','1','L\'église Saint Sour, Terrasson Lavilledieu, Dordogne'),
('282','2','L\'église Saint Sour, Terrasson Lavilledieu, Dordogne'),
('291','1','Styx river & treefern'),
('291','2','Styx River & fougère arborescente'),
('287','2','Mount Field National Park'),
('287','1','Mount Field National Park'),
('292','2','Blue Mountains (World Heritage)'),
('292','1','Blue Mountains (World Heritage)'),
('293','1','Nothofagus gunnii, Cradle Moutains, Tasmania'),
('293','2','Nothofagus gunnii, Cradle Moutains, Tasmanie'),
('294','1','Cherry tree in Kyoto, Japan'),
('294','2','Cerisier à Kyoto, Japon'),
('295','1','The baobab alley of Morondava, Madagascar'),
('295','2','L\'allée des baobabs de Morondava, Madagascar'),
('296','1','Alerce, rainforest of Chile'),
('296','2','Alerce, forêt pluviale du Chili'),
('297','1','Alerce, rainforest of Chile'),
('297','2','Alerce, forêt pluviale du Chili'),
('298','1','Big leaf Maple, California, USA'),
('298','2','Erable à grandes feuilles, Californie, USA'),
('299','1','Big leaf maple, California, United States of America'),
('299','2','Erable à grandes feuilles, Californie, Etats Unis'),
('302','2','Noyer de Meinier, Suisse'),
('302','1','Wallnut of Meinier, Switzerland'),
('301','1','Big leaf maple, California, United States of America'),
('301','2','Erable à grandes feuilles, Californie, Etats Unis'),
('303','1','Chêne, Chemin du Bouchet, Meinier, Suisse'),
('303','2','Chêne, Chemin du Bouchet, Meinier, Suisse'),
('306','1','Listening the nature'),
('306','2','A l\'écoute de la la Nature'),
('307','1','Sensuality'),
('307','2','Sensualité'),
('308','1','coquelicots et marguerites'),
('308','2','coquelicots et marguerites'),
('319','2','Variation sur la Vézère, Terrasson Lavilledieu, Dordogne'),
('319','1','Variation on the Vezere river, Terrasson Lavilledieu, Dordogne'),
('313','1','\"The Nicle\", Terrasson Lavilledieu, Dordogne'),
('316','1','Duo of Poppies'),
('311','1','Variation on the Vezere river, Terrasson Lavilledieu, Dordogne'),
('311','2','Variation sur la Vézère, Terrasson Lavilledieu, Dordogne'),
('313','2','\"La Nicle\", ancienne ville de Terrasson Lavilledieu'),
('315','1','Variation on the Vezere river, Terrasson Lavilledieu, Dordogne'),
('315','2','Variation sur la Vézère, Terrasson Lavilledieu, Dordogne'),
('318','1','A stone Heart in the Elle river, Forest of Marquoil, Terrasson,Dordogne'),
('322','2','Le pont vieux dans la brume, Terrasson, Dordogne'),
('322','1','The old bridge in the fog, Terrasson,Dordogne'),
('321','1','The old bridge in the fog, Terrasson,Dordogne'),
('321','2','Le pont vieux dans la brume, Terrasson, Dordogne'),
('323','1','Variation sur la Vézère & Place Bouquier, Terrasson Lavilledieu, Dordogne'),
('323','2','Variation sur la Vézère et Place Bouquier, Terrasson Lavilledieu, Dordogne'),
('324','1','Variation sur la Vézère & Place Bouquier, Terrasson Lavilledieu, Dordogne'),
('324','2','Variation sur la Vézère et Place Bouquier, Terrasson Lavilledieu, Dordogne');
/* Scheme for table arbor_image_type */
CREATE TABLE `arbor_image_type` (
  `id_image_type` int(10) unsigned NOT NULL AUTO_INCREMENT,
  `name` varchar(16) NOT NULL,
  `width` int(10) unsigned NOT NULL,
  `height` int(10) unsigned NOT NULL,
  `products` tinyint(1) NOT NULL DEFAULT '1',
  `categories` tinyint(1) NOT NULL DEFAULT '1',
  `manufacturers` tinyint(1) NOT NULL DEFAULT '1',
  `suppliers` tinyint(1) NOT NULL DEFAULT '1',
  `scenes` tinyint(1) NOT NULL DEFAULT '1',
  PRIMARY KEY (`id_image_type`),
  KEY `image_type_name` (`name`)
) ENGINE=MyISAM AUTO_INCREMENT=9 DEFAULT CHARSET=utf8;

INSERT INTO `arbor_image_type` VALUES
('1','small','100','100','1','1','1','1','0'),
('2','medium','350','350','1','1','1','1','0'),
('3','large','350','350','1','1','1','1','0'),
('4','thickbox','800','800','1','0','0','0','0'),
('5','category','500','300','0','1','0','0','0'),
('6','home','350','350','1','1','0','0','0'),
('7','large_scene','600','500','0','0','0','0','1'),
('8','thumb_scene','300','300','0','0','0','0','1');
/* Scheme for table arbor_lang */
CREATE TABLE `arbor_lang` (
  `id_lang` int(10) unsigned NOT NULL AUTO_INCREMENT,
  `name` varchar(32) NOT NULL,
  `active` tinyint(3) unsigned NOT NULL DEFAULT '0',
  `iso_code` char(2) NOT NULL,
  PRIMARY KEY (`id_lang`),
  KEY `lang_iso_code` (`iso_code`)
) ENGINE=MyISAM AUTO_INCREMENT=22 DEFAULT CHARSET=utf8;

INSERT INTO `arbor_lang` VALUES
('1','English (English)','1','en'),
('2','Français (French)','1','fr'),
('3','Deutsch (German)','0','de'),
('4','Español (Spanish)','0','es'),
('6','Bahasa Indonesia (Indonesian)','0','id'),
('7','Italiano (Italian)','0','it'),
('8','J?zyk polski (Polish)','0','pl'),
('9','Português (Portuguese)','0','pt'),
('10','?eština (Czech)','0','cs'),
('11','P?????? ???? (Russian)','0','ru'),
('12','Türkçe (Turkish)','0','tr'),
('13','Ti?ng Vi?t (Vietnamese)','0','vn'),
('14','Român? (Romanian)','0','ro'),
('15','??????????? (Greek)','0','gr'),
('16','Sloven?ina  (Slovak)','0','sk'),
('17','Norsk  (Norwegian)','0','no'),
('18','??????? (Thai)','0','th'),
('19','Dansk (Danish)','0','dk'),
('20','Svenska (Swedish)','0','se'),
('21','????? (Hebrew)','0','he');
/* Scheme for table arbor_linksmenutop */
CREATE TABLE `arbor_linksmenutop` (
  `id_link` int(10) unsigned NOT NULL AUTO_INCREMENT,
  `new_window` tinyint(1) NOT NULL,
  `link` varchar(128) NOT NULL,
  PRIMARY KEY (`id_link`)
) ENGINE=MyISAM AUTO_INCREMENT=11 DEFAULT CHARSET=utf8;

INSERT INTO `arbor_linksmenutop` VALUES
('3','1','http://lanicle-terrasson.arborethic.com/'),
('6','1','http://arborethic.com/blog'),
('10','1','http://lanicle-terrasson.arborethic.com/'),
('8','1','http://arbresvenerables.fr');
/* Scheme for table arbor_linksmenutop_lang */
CREATE TABLE `arbor_linksmenutop_lang` (
  `id_link` int(11) NOT NULL,
  `id_lang` int(11) NOT NULL,
  `label` varchar(128) NOT NULL,
  KEY `id_link` (`id_link`,`id_lang`)
) ENGINE=MyISAM DEFAULT CHARSET=utf8;

INSERT INTO `arbor_linksmenutop_lang` VALUES
('3','2','Le blog de la Nicle de Terrasson'),
('3','1','The Blog of \"La Nicle de Terrasson\"'),
('6','2','Le blog d\'ARBOR\'ETHIC'),
('6','1','The blog of ARBOR\'ETHIC'),
('8','1','VENERABLE TREES'),
('8','2','ARBRES VENERABLES'),
('10','2','La Nicle de Terrasson'),
('10','1','La Nicle de Terrasson');
/* Scheme for table arbor_location_coords */
CREATE TABLE `arbor_location_coords` (
  `id_location_coords` int(10) unsigned NOT NULL AUTO_INCREMENT,
  `x` int(4) NOT NULL,
  `y` int(4) NOT NULL,
  `id_country` int(10) unsigned NOT NULL,
  PRIMARY KEY (`id_location_coords`)
) ENGINE=MyISAM AUTO_INCREMENT=44 DEFAULT CHARSET=utf8;

INSERT INTO `arbor_location_coords` VALUES
('1','285','61','1'),
('2','294','68','2'),
('3','276','62','3'),
('4','84','45','4'),
('5','470','99','5'),
('6','260','85','6'),
('7','310','35','7'),
('8','271','69','8'),
('9','308','87','9'),
('10','292','80','10'),
('11','531','92','11'),
('12','277','63','12'),
('13','278','58','13'),
('14','300','59','14'),
('15','251','86','15'),
('16','293','63','16'),
('17','265','55','17'),
('18','294','40','18'),
('19','281','69','19'),
('20','284','51','20'),
('21','71','87','21'),
('22','491','123','22'),
('23','283','41','23'),
('24','534','228','24'),
('25','475','169','25'),
('26','253','58','26'),
('27','590','264','27'),
('28','509','93','28'),
('29','334','106','29'),
('30','278','58','30'),
('31','311','239','31'),
('32','282','153','32'),
('33','253','156','33'),
('34','267','154','34'),
('35','71','87','35'),
('36','281','69','36'),
('43','271','69','37'),
('38','271','69','38'),
('39','271','69','40'),
('42','269','73','41');
/* Scheme for table arbor_log_email */
CREATE TABLE `arbor_log_email` (
  `id_log_email` int(10) unsigned NOT NULL AUTO_INCREMENT,
  `id_email_type` int(10) unsigned NOT NULL,
  `id_discount` int(10) unsigned NOT NULL,
  `id_customer` int(10) unsigned DEFAULT NULL,
  `id_cart` int(10) unsigned DEFAULT NULL,
  `date_add` datetime NOT NULL,
  PRIMARY KEY (`id_log_email`)
) ENGINE=MyISAM AUTO_INCREMENT=30 DEFAULT CHARSET=latin1;

INSERT INTO `arbor_log_email` VALUES
('1','4','3','3','132','2010-01-24 10:29:16'),
('2','4','4','4','195','2010-01-24 10:29:17'),
('3','4','5','5','206','2010-01-24 10:29:17'),
('4','4','6','6','207','2010-01-24 10:29:17'),
('5','4','7','7','209','2010-01-24 10:29:17'),
('6','4','8','8','212','2010-01-24 10:29:17'),
('7','4','9','10','222','2010-01-24 10:29:17'),
('8','4','10','11','224','2010-01-24 10:29:18'),
('9','4','11','12','230','2010-01-24 10:29:18'),
('10','4','12','14','271','2010-01-24 10:29:18'),
('11','4','13','16','302','2010-01-24 10:29:18'),
('12','4','16','1','2168','2011-11-18 10:14:15'),
('13','4','17','18','1623','2011-11-18 10:14:16'),
('14','4','18','19','1639','2011-11-18 10:14:16'),
('15','4','19','22','2324','2011-11-18 10:14:17'),
('16','4','20','24','2330','2011-11-18 10:14:17'),
('17','4','21','25','2723','2011-11-18 10:14:18'),
('18','4','22','26','2955','2011-11-18 10:14:18'),
('19','4','23','27','3187','2011-11-18 10:14:18'),
('20','4','24','28','3613','2011-11-18 10:14:19'),
('21','4','25','29','4025','2011-11-18 10:14:19'),
('22','4','26','31','4269','2011-11-18 10:14:20'),
('23','4','27','32','4368','2011-11-18 10:14:20'),
('24','4','28','33','4403','2011-11-18 10:14:20'),
('25','4','29','35','5940','2011-11-18 10:14:21'),
('26','4','30','37','8621','2011-11-18 10:14:21'),
('27','4','31','38','9700','2011-11-18 10:14:21'),
('28','4','32','39','9845','2011-11-18 10:14:22'),
('29','4','33','42','14045','2011-11-18 10:14:22');
/* Scheme for table arbor_loyalty */
CREATE TABLE `arbor_loyalty` (
  `id_loyalty` int(10) unsigned NOT NULL AUTO_INCREMENT,
  `id_loyalty_state` int(10) unsigned NOT NULL DEFAULT '1',
  `id_customer` int(10) unsigned NOT NULL,
  `id_order` int(10) unsigned DEFAULT NULL,
  `id_discount` int(10) unsigned DEFAULT NULL,
  `points` int(11) NOT NULL DEFAULT '0',
  `date_add` datetime NOT NULL,
  `date_upd` datetime NOT NULL,
  PRIMARY KEY (`id_loyalty`),
  KEY `index_loyalty_loyalty_state` (`id_loyalty_state`),
  KEY `index_loyalty_order` (`id_order`),
  KEY `index_loyalty_discount` (`id_discount`),
  KEY `index_loyalty_customer` (`id_customer`)
) ENGINE=MyISAM DEFAULT CHARSET=utf8;

/* Scheme for table arbor_loyalty_history */
CREATE TABLE `arbor_loyalty_history` (
  `id_loyalty_history` int(10) unsigned NOT NULL AUTO_INCREMENT,
  `id_loyalty` int(10) unsigned DEFAULT NULL,
  `id_loyalty_state` int(10) unsigned NOT NULL DEFAULT '1',
  `points` int(11) NOT NULL DEFAULT '0',
  `date_add` datetime NOT NULL,
  PRIMARY KEY (`id_loyalty_history`),
  KEY `index_loyalty_history_loyalty` (`id_loyalty`),
  KEY `index_loyalty_history_loyalty_state` (`id_loyalty_state`)
) ENGINE=MyISAM DEFAULT CHARSET=utf8;

/* Scheme for table arbor_loyalty_state */
CREATE TABLE `arbor_loyalty_state` (
  `id_loyalty_state` int(10) unsigned NOT NULL AUTO_INCREMENT,
  `id_order_state` int(10) unsigned DEFAULT NULL,
  PRIMARY KEY (`id_loyalty_state`),
  KEY `index_loyalty_state_order_state` (`id_order_state`)
) ENGINE=MyISAM AUTO_INCREMENT=6 DEFAULT CHARSET=utf8;

INSERT INTO `arbor_loyalty_state` VALUES
('1','0'),
('2','5'),
('3','6'),
('4','0'),
('5','0');
/* Scheme for table arbor_loyalty_state_lang */
CREATE TABLE `arbor_loyalty_state_lang` (
  `id_loyalty_state` int(10) unsigned NOT NULL AUTO_INCREMENT,
  `id_lang` int(10) unsigned NOT NULL,
  `name` varchar(64) NOT NULL,
  UNIQUE KEY `index_unique_loyalty_state_lang` (`id_loyalty_state`,`id_lang`)
) ENGINE=MyISAM AUTO_INCREMENT=6 DEFAULT CHARSET=utf8;

INSERT INTO `arbor_loyalty_state_lang` VALUES
('1','1',' '),
('1','2',' '),
('2','1',' '),
('2','2',' '),
('3','1',' '),
('3','2',' '),
('4','1',' '),
('4','2',' '),
('5','1',' '),
('5','2',' ');
/* Scheme for table arbor_manufacturer */
CREATE TABLE `arbor_manufacturer` (
  `id_manufacturer` int(10) unsigned NOT NULL AUTO_INCREMENT,
  `name` varchar(64) NOT NULL,
  `date_add` datetime NOT NULL,
  `date_upd` datetime NOT NULL,
  PRIMARY KEY (`id_manufacturer`)
) ENGINE=MyISAM AUTO_INCREMENT=7 DEFAULT CHARSET=utf8;

INSERT INTO `arbor_manufacturer` VALUES
('3','Jérôme Hutin','2008-08-10 19:44:35','2008-08-10 19:44:35'),
('4','Editions JC Lattès','2008-08-11 18:06:28','2008-08-11 18:06:28'),
('5','Yourtruenature','2008-12-13 14:50:42','2008-12-13 14:53:01'),
('6','Spreadshirt','2008-12-26 20:17:50','2008-12-26 20:18:38');
/* Scheme for table arbor_manufacturer_lang */
CREATE TABLE `arbor_manufacturer_lang` (
  `id_manufacturer` int(10) unsigned NOT NULL,
  `id_lang` int(10) unsigned NOT NULL,
  `description` text,
  `short_description` varchar(254) DEFAULT NULL,
  `meta_title` varchar(128) DEFAULT NULL,
  `meta_keywords` varchar(255) DEFAULT NULL,
  `meta_description` varchar(255) DEFAULT NULL,
  PRIMARY KEY (`id_manufacturer`,`id_lang`)
) ENGINE=MyISAM DEFAULT CHARSET=utf8;

INSERT INTO `arbor_manufacturer_lang` VALUES
('4','4',NULL,NULL,NULL,NULL,NULL),
('4','3',NULL,NULL,NULL,NULL,NULL),
('4','2','Editions JC Lattès',NULL,NULL,NULL,NULL),
('3','10',NULL,NULL,NULL,NULL,NULL),
('3','9',NULL,NULL,NULL,NULL,NULL),
('3','8',NULL,NULL,NULL,NULL,NULL),
('3','7',NULL,NULL,NULL,NULL,NULL),
('3','6',NULL,NULL,NULL,NULL,NULL),
('4','1',NULL,NULL,NULL,NULL,NULL),
('3','4',NULL,NULL,NULL,NULL,NULL),
('3','3',NULL,NULL,NULL,NULL,NULL),
('3','2','Photographe explorateur',NULL,NULL,NULL,NULL),
('3','1',NULL,NULL,NULL,NULL,NULL),
('5','1','The treegreeting card',NULL,NULL,NULL,NULL),
('5','2','cartes avec plantations d\'arbres',NULL,NULL,NULL,NULL),
('6','1','E-shop of clothes',NULL,NULL,NULL,NULL),
('6','2','boutique E-commerce d\'habits',NULL,NULL,NULL,NULL);
/* Scheme for table arbor_message */
CREATE TABLE `arbor_message` (
  `id_message` int(10) unsigned NOT NULL AUTO_INCREMENT,
  `id_cart` int(10) unsigned DEFAULT NULL,
  `id_customer` int(10) unsigned NOT NULL,
  `id_employee` int(10) unsigned DEFAULT NULL,
  `id_order` int(10) unsigned NOT NULL,
  `message` text NOT NULL,
  `private` tinyint(1) unsigned NOT NULL DEFAULT '1',
  `date_add` datetime NOT NULL,
  PRIMARY KEY (`id_message`),
  KEY `message_order` (`id_order`),
  KEY `id_cart` (`id_cart`),
  KEY `id_customer` (`id_customer`),
  KEY `id_employee` (`id_employee`)
) ENGINE=MyISAM AUTO_INCREMENT=53 DEFAULT CHARSET=utf8;

INSERT INTO `arbor_message` VALUES
('1','0','0','1','4','Je viens de vous envoyer la photo par mail.\r\nA bient&ocirc;t\r\nJerome','0','2008-11-05 19:35:35'),
('2','0','0','1','5','Bonjour\r\nj\'ai bien re&ccedil;u votre commande pour &quot;Jomon Sugi&quot;. \r\nJe vous l\'enverra &agrave; r&eacute;ception de votre ch&egrave;que.\r\nMerci de votre commande.\r\nCordialement\r\nJ&eacute;r&ocirc;me Hutin','0','2008-12-02 13:45:49'),
('3','0','0','0','7','ID de la transaction PayPal :6AX550099H961934E','1','2008-12-12 12:02:24'),
('4','0','0','1','7','les cartes partent demain matin.\r\nA+\r\nJerome','0','2008-12-12 21:44:37'),
('5','0','0','1','6','Bonjour Xavier\r\nle courrier par demain, et le poster dans la semaine prochaine.\r\nA bient&ocirc;t et merci de la commande\r\nJ&eacute;r&ocirc;me Hutin','0','2008-12-12 22:18:52'),
('6','0','0','1','8','Bonjour Madame EGLEMANN\r\nmerci pour votre commande, que je pr&eacute;pare de ce pas.\r\nJ\'attends votre ch&egrave;que.\r\nJ\'ai parl&eacute; de vous avec une personne de Figeac... \r\nA bient&ocirc;t\r\nJ&eacute;r&ocirc;me','0','2008-12-13 09:49:54'),
('7','0','0','1','5','Bonjour Jessie\r\ndans l\'attente de votre paiement\r\nA bient&ocirc;t\r\nJerome','0','2008-12-13 09:51:10'),
('8','0','0','0','9','ID de la transaction PayPal :1JL66378LS416762E','1','2008-12-14 18:15:10'),
('9','0','0','1','9','Bonsoir Tante Ariane\r\nj\'ai vu ta commande et je t\'en remercie. Je m\'en occupe aussi t&ocirc;t, d&eacute;part demain , normalement.\r\nBises\r\nMerci\r\nJ&eacute;r&ocirc;me','0','2008-12-14 20:02:12'),
('10','0','0','1','6','bonjour \r\nJe viens de commander le poster. Tu le recevras sous peu...les cartes sont parties.\r\nA bient&ocirc;t\r\nmerci\r\njerome','0','2008-12-17 00:39:29'),
('11','0','0','0','10','ID de la transaction PayPal :43V08693LU901290K','1','2008-12-29 13:56:41'),
('12','0','0','1','10','Bonjour\r\nmerci beaucoup de votre commande. Faudra que je pense &agrave; faire une carte avec les gen&egrave;vriers thurifaires de St Crepin...\r\nA bient&ocirc;t et bonne ann&eacute;e 2009\r\nJerome Hutin','0','2008-12-29 14:42:43'),
('13','0','0','0','12','ID de la transaction PayPal :9WR305428T581782N','1','2009-01-04 15:49:48'),
('14','0','0','1','13','Bonjour Fran&ccedil;ois\r\nMerci pour ta commande, je m\'en occupe.\r\nA bient&ocirc;t\r\nJerome','0','2009-01-10 00:23:36'),
('15','0','0','0','14','ID de la transaction PayPal :3L95671165797331B','1','2009-01-24 10:41:24'),
('16','0','0','1','14','Bonjour Anick et Yvon\r\nmerci de votre commande, je m\'en occupe en ce moment.\r\nBises\r\nJ&eacute;r&ocirc;me','0','2009-01-24 19:41:09'),
('17','0','0','1','13','bonsoir Fran&ccedil;ois\r\nje suis content que le sac te plaise. J\'essaie aussi d\'en fabriquer moi-m&ecirc;me avec poche interne... Y avait il un Ballisto dans l\'enveloppe avec le sac?\r\nEs tu au courant pour Thierry et Christine?.....\r\nA+\r\nJerome','0','2009-02-18 23:23:12'),
('18','0','0','0','15','ID de la transaction PayPal :3MM54719V1491224G','1','2009-02-22 10:38:17'),
('19','0','0','1','15','Bonjour Pascale\r\nje suis en train d\'imprimer les cartes. Je les enverrai demain.\r\namiti&eacute;s\r\nmerci\r\nJ&eacute;r&ocirc;me','0','2009-02-22 12:09:44'),
('20','0','0','0','16','ID de la transaction PayPal :6AM098962L750160K','1','2009-05-11 17:54:46'),
('21','0','0','1','16','Merci Xavier\r\nje m\'en occupe.\r\ncordialement\r\nJ&eacute;r&ocirc;me','0','2009-05-11 18:55:29'),
('22','0','0','1','16','Bonjour Alexis\r\nle poster est parti aujourd\'hui\r\nd&eacute;sol&eacute; du temps pass&eacute;,\r\n&agrave; bient&ocirc;t\r\nJ&eacute;r&ocirc;me','0','2009-05-30 00:38:07'),
('23','0','0','1','17','Bonsoir madame\r\nmerci de votre commande, j\'attends donc votre paiement pour lancer l\'impression et envoyer les 3 photos du ch&ecirc;ne de Venon, mais pourquoi celui-ci ? avez vous des origines l&agrave; bas?\r\n\r\nRestons en contact, car je vais rajouter des images...\r\ncordialement\r\nJ&eacute;r&ocirc;me Hutin\r\npour Arbor\'ethic\r\n(l\'apostrophe est la petite graine qui devra grandir gr&acirc;ce aux commandes des clients et amoureux de la nature','0','2009-11-26 19:26:12'),
('24','0','0','0','18','ID de la transaction PayPal :3W622281WW7313015','1','2009-11-28 12:32:51'),
('25','0','0','1','18','Bonsoir Laurence\r\nmerci bien pour la commande, il y aura de la place pour &eacute;crire ! avec toutes ces cartes. C\'est tellement rare les gens qui &eacute;crivent encore &agrave; la main.\r\nJe m\'occupe de la commande sans doute dans le week end\r\nmerci\r\nA tr&egrave;s bient&ocirc;t pour la fourchette !...\r\nJ&eacute;r&ocirc;me Hutin','0','2009-11-28 17:44:14'),
('26','0','0','1','17','Bonjour Madame Roux\r\nle paquet est parti, tenez moi au courant de son arriv&eacute;. Merci et &agrave; bient&ocirc;t\r\nJ&eacute;r&ocirc;me Hutin','0','2009-12-04 20:19:40'),
('27','2217','1','0','21','test','0','2010-01-12 16:43:06'),
('28','225','1','0','23','test','0','2010-01-12 17:41:24'),
('29','2330','24','0','25','Merci pour ce voyage et meilleurs v&oelig;ux &agrave; J&eacute;r&ocirc;me Rachel ROUSSELOT','0','2010-01-21 16:09:15'),
('30','0','0','1','25','Bonjour et bonne ann&eacute;e &agrave; vous aussi,\r\nmerci de votre commande, je m\'en occupe ces jours-ci.\r\nSavez vous que je suis aussi vosgien !\r\norginaire d\'Epinal et Remiremont mais maintenant en Dordogne.\r\nA bient&ocirc;t\r\nJ&eacute;r&ocirc;me Hutin','0','2010-01-21 17:17:58'),
('31','0','0','1','24','Bonjour,\r\nje viens de lancer votre commande au laboratoire photo. Vous recevrez directement les photos en d&eacute;but de semaine prochaine. Faites moi signe\r\n\r\nCordialement, \r\nJ&eacute;r&ocirc;me Hutin\r\n','0','2010-01-29 12:22:40'),
('32','0','0','1','24','Bonjour\r\nmerci pour vote commande.\r\nA bient&ocirc;t et n\'h&eacute;sitez pas &agrave; revenir vers Arbor\'Ethic.\r\nCordialement\r\nJ&eacute;r&ocirc;me Hutin','0','2010-02-02 12:39:26'),
('33','0','0','0','26','ID de la transaction PayPal :472060493Y4995729','1','2010-02-09 15:21:46'),
('34','0','0','0','27','ID de la transaction PayPal :1R95219065116742W','1','2010-02-27 16:55:20'),
('35','0','0','1','27','Bonjour,\r\nBien re&ccedil;u votre commande.  Je m\'en occupe et &agrave; bient&ocirc;t.\r\n\r\nCordialement, \r\nJ&eacute;r&ocirc;me Hutin','0','2010-02-27 23:06:27'),
('36','0','0','1','27','Bonjour\r\nvotre commande est lanc&eacute; au laboratoire. Vous devriez les recevoir directement d\'ici 3 ou 4 jours...\r\nA bient&ocirc;t\r\nJ&eacute;r&ocirc;me','0','2010-03-02 10:50:24'),
('37','3186','19','0','0','Voila enfin ma commande','0','2010-03-10 17:20:38'),
('38','0','0','0','28','ID de la transaction PayPal :0T125131J0174450X','1','2010-03-10 17:45:18'),
('39','0','0','0','31','ID de la transaction PayPal :80F148172N350460J','1','2010-04-18 15:08:33'),
('40','0','0','1','33','Bonjour Monique\r\nMerci pour ta 1 &egrave;re commande,\r\nje m\'en occupe d&egrave;s r&eacute;ception de ton ch&egrave;que.\r\nLes vacances &eacute;taient bien?\r\nbises\r\nJ&eacute;r&ocirc;me','0','2010-04-28 13:11:09'),
('41','0','0','1','31','Bonjour\r\nj\'ai bien re&ccedil;u votre commande, et le paiement,\r\nIl y a aura quelques jours de retard mais ne vous inqui&eacute;tez pas, \r\n&agrave; bient&ocirc;t\r\nJ&eacute;r&ocirc;me Hutin','0','2010-04-28 13:13:03'),
('42','0','0','0','35','ID de la transaction PayPal :9UC910357F857714B','1','2010-07-21 09:19:07'),
('43','0','0','1','35','Bonjour,\r\nMerci pour votre commande. Vous avez bien choisi ces coquelicots qui avaient pouss&eacute; en Normandie.\r\ntenez moi au courant de la r&eacute;ception de la photo, merci\r\n\r\nCordialement, \r\nJ&eacute;r&ocirc;me Hutin','0','2010-07-21 10:29:00'),
('44','8621','37','0','36','Je souhaiterais savoir si vous pouvez imprimer au dos l\'origine du nom de la paquerette? Entre autres, la p&eacute;riode de paques et aussi le pr&eacute;nom &quot; Pascal&quot;. \r\nSi vous pouviez m\'envoyer une sorte de BAT avant l\'envoi, j\'appr&eacute;cierais.\r\nJe vous remercie par avance pour votre attention.\r\nCordialement,\r\nPascal Oudia','0','2010-12-10 16:01:31'),
('45','0','0','1','36','Bonjour monsieur\r\nune bonne id&eacute;e que de rajouter la d&eacute;finition de la paquerette. C\'est chose faite ! Je vous envoie le BAT; Pour le tirage or original, le logo d\'Arborethic n\'apparaitra pas bien &eacute;videmment.\r\n\r\nPeut &ecirc;tre que d\'autres mod&egrave;les voire des posters vont vous int&eacute;resser...\r\nA bient&ocirc;t\r\nJ&eacute;r&ocirc;me Hutin','0','2010-12-11 22:41:45'),
('46','9700','38','0','37','Salut J&eacute;r&ocirc;me &amp; Kiki, on t\'a vu &agrave; la t&eacute;l&eacute; suisse! Je te contacte bient&ocirc;t pour le projet.  On passera vous voir fin avril. Si jamais il te reste un livre, pense &agrave; moi ! \r\nPace e saluta David &amp; Nat','0','2011-01-05 17:38:07'),
('47','0','0','1','37','salut David\r\nje ne suis pas chez moi et j\'ai 39&deg;C de fi&egrave;vre. Je suis en Haute Tarentaise o&ugrave; j\'ai photographier pour uen deuxi&egrave;me fois, un pin &agrave; crochet poussant &agrave; 2000 m.\r\n\r\nActuellement je ne peux pas t\'imprimer les cartes de voeux ! comment faire ?\r\nD&eacute;j&agrave; que ce foutu grippe o&ugrave; je ne sais quoi s\'en aille !!!\r\n\r\nHier avec les gens qui m\'ont conduit &agrave; l\'arbre, nous avons parl&eacute; de toi ! \r\n\r\nPour le livre, tu sais qu\'il est puis&eacute;, et je comprends pas pourquoi ma boutique envoie un message de rupture de stock.\r\n\r\nVu que c de l\'impression &agrave; l\'unit&eacute;, je comprends pas !!!\r\n\r\nA bient&ocirc;t mes amis\r\nJ&eacute;r&ocirc;me\r\n\r\nEt vive l\'ann&eacute;e de la for&ecirc;t.\r\ndis moi sur quelle chaine tu m\'as vu &agrave; la tv suisse. Je n\'ai pas &eacute;t&eacute; averti !!\r\n','0','2011-01-05 18:06:48'),
('48','0','0','0','38','ID de la transaction PayPal :2ED57287A89137940','1','2011-01-15 14:43:26'),
('49','0','0','1','37','salut david\r\nje t\'envoies  les cartes de voeux et la photo &quot;larme de cendre&quot;.\r\nA bient&ocirc;t\r\ndans l\'attente de ton paiement\r\nMerci\r\nJ&eacute;r&ocirc;me','0','2011-01-21 11:51:12'),
('50','0','0','1','38','Bonjour monsieur Subileau\r\navez vous bien re&ccedil;u la carte de la marguerite?\r\nSavez vous que le S&eacute;quoia de Martign&eacute; Briand a &eacute;t&eacute; abattu malgr&eacute; qu\'il y avait d\'autres possibilit&eacute;s...\r\nMerci de me r&eacute;pondre\r\nArbor\'Ethiquement\r\nJ&eacute;r&ocirc;me Hutin','0','2011-03-08 10:10:42'),
('51','0','0','1','39','Bonjour Anne\r\nBien re&ccedil;u ta commande, les transferts sont pr&eacute;par&eacute;s, et plus qu\'&agrave; coudre les 3 sacs !! en coton &eacute;cru des Vosges ! Ah les racines restent bien pr&eacute;sentes.\r\nA bient&ocirc;t et merci\r\nJ&eacute;r&ocirc;me Hutin','0','2011-05-11 10:49:27'),
('52','0','0','0','40','ID de la transaction PayPal :4NW60575CJ865582C','1','2011-11-16 16:34:12');
/* Scheme for table arbor_message_readed */
CREATE TABLE `arbor_message_readed` (
  `id_message` int(10) unsigned NOT NULL,
  `id_employee` int(10) unsigned NOT NULL,
  `date_add` datetime NOT NULL,
  PRIMARY KEY (`id_message`,`id_employee`)
) ENGINE=MyISAM DEFAULT CHARSET=utf8;

INSERT INTO `arbor_message_readed` VALUES
('29','1','2010-01-21 17:16:10'),
('44','1','2010-12-11 22:42:03'),
('46','1','2011-01-05 18:02:45');
/* Scheme for table arbor_meta */
CREATE TABLE `arbor_meta` (
  `id_meta` int(10) unsigned NOT NULL AUTO_INCREMENT,
  `page` varchar(64) NOT NULL,
  PRIMARY KEY (`id_meta`),
  KEY `meta_name` (`page`)
) ENGINE=MyISAM AUTO_INCREMENT=11 DEFAULT CHARSET=utf8;


/* Scheme for table arbor_meta_lang */
CREATE TABLE `arbor_meta_lang` (
  `id_meta` int(10) unsigned NOT NULL,
  `id_lang` int(10) unsigned NOT NULL,
  `title` varchar(128) DEFAULT NULL,
  `description` varchar(255) DEFAULT NULL,
  `keywords` varchar(255) DEFAULT NULL,
  PRIMARY KEY (`id_meta`,`id_lang`)
) ENGINE=MyISAM DEFAULT CHARSET=utf8;

INSERT INTO `arbor_meta_lang` VALUES
('8','1','Promotions','Nos produits en promotion','promotion, réduction'),
('9','1','Plan du site','Perdu ? Trouvez ce que vous cherchez','plan, site'),
('1','1','Erreur 404','Cette page est introuvable','erreur, 404, introuvable'),
('7','2','Mot de passe oublié','Renseignez votre adresse e-mail afin de recevoir votre nouveau mot de passe.','mot de passe, oublié, e-mail, nouveau, regénération'),
('6','2','Nouveaux produits','Liste de nos nouveaux produits','nouveau, produit'),
('5','2','Fabricants','Liste de nos fabricants','fabricants'),
('5','1','Fabricants','Liste de nos fabricants','fabricants'),
('3','2','Contactez-nous','Utilisez notre formulaire pour nous contacter','contact, formulaire, e-mail'),
('4','2','ArborEthic, la boutique ethique des photographies de Jerome Hutin','ArborEthic, la boutique ethique des photographies de Jerome Hutin','arborethic,arbor\'ethic,photographies, Jerome Hutin, nature, environnement, arbres venerables, carte, cadeau,poster'),
('6','1','Nouveaux produits','Liste de nos nouveaux produits','nouveau, produit'),
('2','2','Meilleurs ventes','Liste de nos produits les mieux vendus','meilleurs ventes'),
('7','1','Mot de passe oublié','Renseignez votre adresse e-mail afin de recevoir votre nouveau mot de passe.','mot de passe, oublié, e-mail, nouveau, regénération'),
('1','2','Erreur 404','Cette page est introuvable','erreur, 404, introuvable'),
('1','3','Erreur 404','Cette page est introuvable','erreur, 404, introuvable'),
('2','3','Meilleurs ventes','Liste de nos produits les mieux vendus','meilleurs ventes'),
('3','3','Contactez-nous','Utilisez notre formulaire pour nous contacter','contact, formulaire, e-mail'),
('4','3',NULL,'Boutique propulsé par PrestaShop','boutique, prestashop'),
('5','3','Fabricants','Liste de nos fabricants','fabricants'),
('6','3','Nouveaux produits','Liste de nos nouveaux produits','nouveau, produit'),
('7','3','Mot de passe oublié','Renseignez votre adresse e-mail afin de recevoir votre nouveau mot de passe.','mot de passe, oublié, e-mail, nouveau, regénération'),
('8','3','Promotions','Nos produits en promotion','promotion, réduction'),
('9','3','Plan du site','Perdu ? Trouvez ce que vous cherchez','plan, site'),
('10','3','Fournisseurs','Liste de nos fournisseurs','fournisseurs'),
('1','4','Erreur 404','Cette page est introuvable','erreur, 404, introuvable'),
('2','4','Meilleurs ventes','Liste de nos produits les mieux vendus','meilleurs ventes'),
('3','4','Contactez-nous','Utilisez notre formulaire pour nous contacter','contact, formulaire, e-mail'),
('4','4',NULL,'Boutique propulsé par PrestaShop','boutique, prestashop'),
('5','4','Fabricants','Liste de nos fabricants','fabricants'),
('6','4','Nouveaux produits','Liste de nos nouveaux produits','nouveau, produit'),
('7','4','Mot de passe oublié','Renseignez votre adresse e-mail afin de recevoir votre nouveau mot de passe.','mot de passe, oublié, e-mail, nouveau, regénération'),
('8','4','Promotions','Nos produits en promotion','promotion, réduction'),
('9','4','Plan du site','Perdu ? Trouvez ce que vous cherchez','plan, site'),
('10','4','Fournisseurs','Liste de nos fournisseurs','fournisseurs'),
('1','6','Erreur 404','Cette page est introuvable','erreur, 404, introuvable'),
('2','6','Meilleurs ventes','Liste de nos produits les mieux vendus','meilleurs ventes'),
('3','6','Contactez-nous','Utilisez notre formulaire pour nous contacter','contact, formulaire, e-mail'),
('4','6',NULL,'Boutique propulsé par PrestaShop','boutique, prestashop'),
('5','6','Fabricants','Liste de nos fabricants','fabricants'),
('6','6','Nouveaux produits','Liste de nos nouveaux produits','nouveau, produit'),
('7','6','Mot de passe oublié','Renseignez votre adresse e-mail afin de recevoir votre nouveau mot de passe.','mot de passe, oublié, e-mail, nouveau, regénération'),
('8','6','Promotions','Nos produits en promotion','promotion, réduction'),
('9','6','Plan du site','Perdu ? Trouvez ce que vous cherchez','plan, site'),
('10','6','Fournisseurs','Liste de nos fournisseurs','fournisseurs'),
('1','7','Erreur 404','Cette page est introuvable','erreur, 404, introuvable'),
('2','7','Meilleurs ventes','Liste de nos produits les mieux vendus','meilleurs ventes'),
('3','7','Contactez-nous','Utilisez notre formulaire pour nous contacter','contact, formulaire, e-mail'),
('4','7',NULL,'Boutique propulsé par PrestaShop','boutique, prestashop'),
('5','7','Fabricants','Liste de nos fabricants','fabricants'),
('6','7','Nouveaux produits','Liste de nos nouveaux produits','nouveau, produit'),
('7','7','Mot de passe oublié','Renseignez votre adresse e-mail afin de recevoir votre nouveau mot de passe.','mot de passe, oublié, e-mail, nouveau, regénération'),
('8','7','Promotions','Nos produits en promotion','promotion, réduction'),
('9','7','Plan du site','Perdu ? Trouvez ce que vous cherchez','plan, site'),
('10','7','Fournisseurs','Liste de nos fournisseurs','fournisseurs'),
('1','8','Erreur 404','Cette page est introuvable','erreur, 404, introuvable'),
('2','8','Meilleurs ventes','Liste de nos produits les mieux vendus','meilleurs ventes'),
('3','8','Contactez-nous','Utilisez notre formulaire pour nous contacter','contact, formulaire, e-mail'),
('4','8',NULL,'Boutique propulsé par PrestaShop','boutique, prestashop'),
('5','8','Fabricants','Liste de nos fabricants','fabricants'),
('6','8','Nouveaux produits','Liste de nos nouveaux produits','nouveau, produit'),
('7','8','Mot de passe oublié','Renseignez votre adresse e-mail afin de recevoir votre nouveau mot de passe.','mot de passe, oublié, e-mail, nouveau, regénération'),
('8','8','Promotions','Nos produits en promotion','promotion, réduction'),
('9','8','Plan du site','Perdu ? Trouvez ce que vous cherchez','plan, site'),
('10','8','Fournisseurs','Liste de nos fournisseurs','fournisseurs'),
('1','9','Erreur 404','Cette page est introuvable','erreur, 404, introuvable'),
('2','9','Meilleurs ventes','Liste de nos produits les mieux vendus','meilleurs ventes'),
('3','9','Contactez-nous','Utilisez notre formulaire pour nous contacter','contact, formulaire, e-mail'),
('4','9',NULL,'Boutique propulsé par PrestaShop','boutique, prestashop'),
('5','9','Fabricants','Liste de nos fabricants','fabricants'),
('6','9','Nouveaux produits','Liste de nos nouveaux produits','nouveau, produit'),
('7','9','Mot de passe oublié','Renseignez votre adresse e-mail afin de recevoir votre nouveau mot de passe.','mot de passe, oublié, e-mail, nouveau, regénération'),
('8','9','Promotions','Nos produits en promotion','promotion, réduction'),
('9','9','Plan du site','Perdu ? Trouvez ce que vous cherchez','plan, site'),
('10','9','Fournisseurs','Liste de nos fournisseurs','fournisseurs'),
('1','10','Erreur 404','Cette page est introuvable','erreur, 404, introuvable'),
('2','10','Meilleurs ventes','Liste de nos produits les mieux vendus','meilleurs ventes'),
('3','10','Contactez-nous','Utilisez notre formulaire pour nous contacter','contact, formulaire, e-mail'),
('4','10',NULL,'Boutique propulsé par PrestaShop','boutique, prestashop'),
('5','10','Fabricants','Liste de nos fabricants','fabricants'),
('6','10','Nouveaux produits','Liste de nos nouveaux produits','nouveau, produit'),
('7','10','Mot de passe oublié','Renseignez votre adresse e-mail afin de recevoir votre nouveau mot de passe.','mot de passe, oublié, e-mail, nouveau, regénération'),
('8','10','Promotions','Nos produits en promotion','promotion, réduction'),
('9','10','Plan du site','Perdu ? Trouvez ce que vous cherchez','plan, site'),
('10','10','Fournisseurs','Liste de nos fournisseurs','fournisseurs'),
('1','11','Erreur 404','Cette page est introuvable','erreur, 404, introuvable'),
('2','11','Meilleurs ventes','Liste de nos produits les mieux vendus','meilleurs ventes'),
('3','11','Contactez-nous','Utilisez notre formulaire pour nous contacter','contact, formulaire, e-mail'),
('4','11',NULL,'Boutique propulsé par PrestaShop','boutique, prestashop'),
('5','11','Fabricants','Liste de nos fabricants','fabricants'),
('6','11','Nouveaux produits','Liste de nos nouveaux produits','nouveau, produit'),
('7','11','Mot de passe oublié','Renseignez votre adresse e-mail afin de recevoir votre nouveau mot de passe.','mot de passe, oublié, e-mail, nouveau, regénération'),
('8','11','Promotions','Nos produits en promotion','promotion, réduction'),
('9','11','Plan du site','Perdu ? Trouvez ce que vous cherchez','plan, site'),
('10','11','Fournisseurs','Liste de nos fournisseurs','fournisseurs'),
('1','12','Erreur 404','Cette page est introuvable','erreur, 404, introuvable'),
('2','12','Meilleurs ventes','Liste de nos produits les mieux vendus','meilleurs ventes'),
('3','12','Contactez-nous','Utilisez notre formulaire pour nous contacter','contact, formulaire, e-mail'),
('4','12',NULL,'Boutique propulsé par PrestaShop','boutique, prestashop'),
('5','12','Fabricants','Liste de nos fabricants','fabricants'),
('6','12','Nouveaux produits','Liste de nos nouveaux produits','nouveau, produit'),
('7','12','Mot de passe oublié','Renseignez votre adresse e-mail afin de recevoir votre nouveau mot de passe.','mot de passe, oublié, e-mail, nouveau, regénération'),
('8','12','Promotions','Nos produits en promotion','promotion, réduction'),
('9','12','Plan du site','Perdu ? Trouvez ce que vous cherchez','plan, site'),
('10','12','Fournisseurs','Liste de nos fournisseurs','fournisseurs'),
('1','13','Erreur 404','Cette page est introuvable','erreur, 404, introuvable'),
('2','13','Meilleurs ventes','Liste de nos produits les mieux vendus','meilleurs ventes'),
('3','13','Contactez-nous','Utilisez notre formulaire pour nous contacter','contact, formulaire, e-mail'),
('4','13',NULL,'Boutique propulsé par PrestaShop','boutique, prestashop'),
('5','13','Fabricants','Liste de nos fabricants','fabricants'),
('6','13','Nouveaux produits','Liste de nos nouveaux produits','nouveau, produit'),
('7','13','Mot de passe oublié','Renseignez votre adresse e-mail afin de recevoir votre nouveau mot de passe.','mot de passe, oublié, e-mail, nouveau, regénération'),
('8','13','Promotions','Nos produits en promotion','promotion, réduction'),
('9','13','Plan du site','Perdu ? Trouvez ce que vous cherchez','plan, site'),
('10','13','Fournisseurs','Liste de nos fournisseurs','fournisseurs'),
('1','14','Erreur 404','Cette page est introuvable','erreur, 404, introuvable'),
('2','14','Meilleurs ventes','Liste de nos produits les mieux vendus','meilleurs ventes'),
('3','14','Contactez-nous','Utilisez notre formulaire pour nous contacter','contact, formulaire, e-mail'),
('4','14',NULL,'Boutique propulsé par PrestaShop','boutique, prestashop'),
('5','14','Fabricants','Liste de nos fabricants','fabricants'),
('6','14','Nouveaux produits','Liste de nos nouveaux produits','nouveau, produit'),
('7','14','Mot de passe oublié','Renseignez votre adresse e-mail afin de recevoir votre nouveau mot de passe.','mot de passe, oublié, e-mail, nouveau, regénération'),
('8','14','Promotions','Nos produits en promotion','promotion, réduction'),
('9','14','Plan du site','Perdu ? Trouvez ce que vous cherchez','plan, site'),
('10','14','Fournisseurs','Liste de nos fournisseurs','fournisseurs'),
('1','15','Erreur 404','Cette page est introuvable','erreur, 404, introuvable'),
('2','15','Meilleurs ventes','Liste de nos produits les mieux vendus','meilleurs ventes'),
('3','15','Contactez-nous','Utilisez notre formulaire pour nous contacter','contact, formulaire, e-mail'),
('4','15',NULL,'Boutique propulsé par PrestaShop','boutique, prestashop'),
('5','15','Fabricants','Liste de nos fabricants','fabricants'),
('6','15','Nouveaux produits','Liste de nos nouveaux produits','nouveau, produit'),
('7','15','Mot de passe oublié','Renseignez votre adresse e-mail afin de recevoir votre nouveau mot de passe.','mot de passe, oublié, e-mail, nouveau, regénération'),
('8','15','Promotions','Nos produits en promotion','promotion, réduction'),
('9','15','Plan du site','Perdu ? Trouvez ce que vous cherchez','plan, site'),
('10','15','Fournisseurs','Liste de nos fournisseurs','fournisseurs'),
('1','16','Erreur 404','Cette page est introuvable','erreur, 404, introuvable'),
('2','16','Meilleurs ventes','Liste de nos produits les mieux vendus','meilleurs ventes'),
('3','16','Contactez-nous','Utilisez notre formulaire pour nous contacter','contact, formulaire, e-mail'),
('4','16',NULL,'Boutique propulsé par PrestaShop','boutique, prestashop'),
('5','16','Fabricants','Liste de nos fabricants','fabricants'),
('6','16','Nouveaux produits','Liste de nos nouveaux produits','nouveau, produit'),
('7','16','Mot de passe oublié','Renseignez votre adresse e-mail afin de recevoir votre nouveau mot de passe.','mot de passe, oublié, e-mail, nouveau, regénération'),
('8','16','Promotions','Nos produits en promotion','promotion, réduction'),
('9','16','Plan du site','Perdu ? Trouvez ce que vous cherchez','plan, site'),
('10','16','Fournisseurs','Liste de nos fournisseurs','fournisseurs'),
('1','17','Erreur 404','Cette page est introuvable','erreur, 404, introuvable'),
('2','17','Meilleurs ventes','Liste de nos produits les mieux vendus','meilleurs ventes'),
('3','17','Contactez-nous','Utilisez notre formulaire pour nous contacter','contact, formulaire, e-mail'),
('4','17',NULL,'Boutique propulsé par PrestaShop','boutique, prestashop'),
('5','17','Fabricants','Liste de nos fabricants','fabricants'),
('6','17','Nouveaux produits','Liste de nos nouveaux produits','nouveau, produit'),
('7','17','Mot de passe oublié','Renseignez votre adresse e-mail afin de recevoir votre nouveau mot de passe.','mot de passe, oublié, e-mail, nouveau, regénération'),
('8','17','Promotions','Nos produits en promotion','promotion, réduction'),
('9','17','Plan du site','Perdu ? Trouvez ce que vous cherchez','plan, site'),
('10','17','Fournisseurs','Liste de nos fournisseurs','fournisseurs'),
('1','18','Erreur 404','Cette page est introuvable','erreur, 404, introuvable'),
('2','18','Meilleurs ventes','Liste de nos produits les mieux vendus','meilleurs ventes'),
('3','18','Contactez-nous','Utilisez notre formulaire pour nous contacter','contact, formulaire, e-mail'),
('4','18',NULL,'Boutique propulsé par PrestaShop','boutique, prestashop'),
('5','18','Fabricants','Liste de nos fabricants','fabricants'),
('6','18','Nouveaux produits','Liste de nos nouveaux produits','nouveau, produit'),
('7','18','Mot de passe oublié','Renseignez votre adresse e-mail afin de recevoir votre nouveau mot de passe.','mot de passe, oublié, e-mail, nouveau, regénération'),
('8','18','Promotions','Nos produits en promotion','promotion, réduction'),
('9','18','Plan du site','Perdu ? Trouvez ce que vous cherchez','plan, site'),
('10','18','Fournisseurs','Liste de nos fournisseurs','fournisseurs'),
('1','19','Erreur 404','Cette page est introuvable','erreur, 404, introuvable'),
('2','19','Meilleurs ventes','Liste de nos produits les mieux vendus','meilleurs ventes'),
('3','19','Contactez-nous','Utilisez notre formulaire pour nous contacter','contact, formulaire, e-mail'),
('4','19',NULL,'Boutique propulsé par PrestaShop','boutique, prestashop'),
('5','19','Fabricants','Liste de nos fabricants','fabricants'),
('6','19','Nouveaux produits','Liste de nos nouveaux produits','nouveau, produit'),
('7','19','Mot de passe oublié','Renseignez votre adresse e-mail afin de recevoir votre nouveau mot de passe.','mot de passe, oublié, e-mail, nouveau, regénération'),
('8','19','Promotions','Nos produits en promotion','promotion, réduction'),
('9','19','Plan du site','Perdu ? Trouvez ce que vous cherchez','plan, site'),
('10','19','Fournisseurs','Liste de nos fournisseurs','fournisseurs'),
('1','20','Erreur 404','Cette page est introuvable','erreur, 404, introuvable'),
('2','20','Meilleurs ventes','Liste de nos produits les mieux vendus','meilleurs ventes'),
('3','20','Contactez-nous','Utilisez notre formulaire pour nous contacter','contact, formulaire, e-mail'),
('4','20',NULL,'Boutique propulsé par PrestaShop','boutique, prestashop'),
('5','20','Fabricants','Liste de nos fabricants','fabricants'),
('6','20','Nouveaux produits','Liste de nos nouveaux produits','nouveau, produit'),
('7','20','Mot de passe oublié','Renseignez votre adresse e-mail afin de recevoir votre nouveau mot de passe.','mot de passe, oublié, e-mail, nouveau, regénération'),
('8','20','Promotions','Nos produits en promotion','promotion, réduction'),
('9','20','Plan du site','Perdu ? Trouvez ce que vous cherchez','plan, site'),
('10','20','Fournisseurs','Liste de nos fournisseurs','fournisseurs'),
('1','21','Erreur 404','Cette page est introuvable','erreur, 404, introuvable'),
('2','21','Meilleurs ventes','Liste de nos produits les mieux vendus','meilleurs ventes'),
('3','21','Contactez-nous','Utilisez notre formulaire pour nous contacter','contact, formulaire, e-mail'),
('4','21',NULL,'Boutique propulsé par PrestaShop','boutique, prestashop'),
('5','21','Fabricants','Liste de nos fabricants','fabricants'),
('6','21','Nouveaux produits','Liste de nos nouveaux produits','nouveau, produit'),
('7','21','Mot de passe oublié','Renseignez votre adresse e-mail afin de recevoir votre nouveau mot de passe.','mot de passe, oublié, e-mail, nouveau, regénération'),
('8','21','Promotions','Nos produits en promotion','promotion, réduction'),
('9','21','Plan du site','Perdu ? Trouvez ce que vous cherchez','plan, site'),
('10','21','Fournisseurs','Liste de nos fournisseurs','fournisseurs'),
('8','2','Promotions','Nos produits en promotion','promotion, réduction'),
('9','2','Plan du site','Perdu ? Trouvez ce que vous cherchez','plan, site'),
('10','2','Fournisseurs','Liste de nos fournisseurs','fournisseurs'),
('3','1','Contactez-nous','Utilisez notre formulaire pour nous contacter','contact, formulaire, e-mail'),
('4','1','Arbor\'Ethic, the E-shop of photographies of Jerome Hutin','Arbor\'Ethic, the E-shop of photographies of Jerome Hutin','arborethic,arbor\'ethic, Jerome Hutin, photographies,nature, environment, venerable tree, poster,card,gift,'),
('2','1','Meilleurs ventes','Liste de nos produits les mieux vendus','meilleurs ventes'),
('10','1','Fournisseurs','Liste de nos fournisseurs','fournisseurs');
/* Scheme for table arbor_module */
CREATE TABLE `arbor_module` (
  `id_module` int(10) unsigned NOT NULL AUTO_INCREMENT,
  `name` varchar(64) NOT NULL,
  `active` tinyint(1) unsigned NOT NULL DEFAULT '0',
  PRIMARY KEY (`id_module`),
  KEY `name` (`name`)
) ENGINE=MyISAM AUTO_INCREMENT=171 DEFAULT CHARSET=utf8;

INSERT INTO `arbor_module` VALUES
('1','homefeatured','1'),
('2','gsitemap','1'),
('3','cheque','1'),
('4','paypal','1'),
('5','editorial','1'),
('6','bankwire','1'),
('49','feeder','1'),
('65','blockbestsellers','1'),
('116','blockcart','1'),
('10','blockcategories','1'),
('12','blockinfos','1'),
('67','graphartichow','1'),
('162','blockmyaccount','1'),
('143','blocknewproducts','1'),
('17','blockpaymentlogo','1'),
('145','blockpnav','1'),
('106','crossselling','1'),
('61','blockspecials','1'),
('21','blocktags','1'),
('125','blockmanufacturer','1'),
('35','mailalerts','1'),
('25','sendtoafriend','1'),
('26','blocklink','1'),
('128','blocknewsletter','1'),
('28','newsletter','1'),
('101','productscategory','1'),
('43','blockhtml','1'),
('53','productcomments','1'),
('54','loyalty','1'),
('57','gadsense','1'),
('58','ganalytics','1'),
('59','blockrss','1'),
('135','statspersonalinfos','1'),
('66','followup','1'),
('68','graphvisifire','1'),
('69','graphxmlswfcharts','1'),
('70','statsbestcategories','1'),
('71','statsbestcustomers','1'),
('72','statsbestproducts','1'),
('73','statscatalog','1'),
('74','statsdata','1'),
('75','statsequipment','1'),
('76','statsgeolocation','1'),
('77','statshome','1'),
('78','statslive','1'),
('153','statsnewsletter','1'),
('80','statsorigin','1'),
('163','blockpermanentlinks','1'),
('82','statsproduct','1'),
('83','statsregistrations','1'),
('84','statssales','1'),
('165','blocklanguages','1'),
('86','statsvisits','1'),
('87','graphgooglechart','1'),
('167','sekeywords','1'),
('89','blockviewed','1'),
('90','blockspecialscarousel','1'),
('91','birthdaypresent','1'),
('102','freeblock','1'),
('95','gridextjs','1'),
('96','statscheckup','1'),
('97','trackingfront','1'),
('103','producttooltip','1'),
('99','statsbestvouchers','1'),
('124','blockvariouslinks','1'),
('109','watermark','1'),
('110','statssearch','1'),
('161','blockwishlist','1'),
('134','canonicalurl','1'),
('144','blocktopmenu','1'),
('148','pagesnotfound','1'),
('169','allfix','1'),
('156','menunav','1'),
('166','blockuserinfo','1'),
('152','promotions','1'),
('164','blockcurrencies','1'),
('168','topsearch','1'),
('170','topanel','1');
/* Scheme for table arbor_module_country */
CREATE TABLE `arbor_module_country` (
  `id_module` int(10) unsigned NOT NULL,
  `id_country` int(10) unsigned NOT NULL,
  PRIMARY KEY (`id_module`,`id_country`)
) ENGINE=MyISAM DEFAULT CHARSET=utf8;

INSERT INTO `arbor_module_country` VALUES
('3','1'),
('3','2'),
('3','3'),
('3','4'),
('3','5'),
('3','6'),
('3','7'),
('3','8'),
('3','9'),
('3','10'),
('3','11'),
('3','12'),
('3','13'),
('3','14'),
('3','15'),
('3','16'),
('3','17'),
('3','18'),
('3','19'),
('3','20'),
('3','21'),
('3','22'),
('3','23'),
('3','24'),
('3','25'),
('3','26'),
('3','27'),
('3','28'),
('3','29'),
('3','30'),
('3','31'),
('3','32'),
('3','33'),
('3','34'),
('3','35'),
('3','36'),
('3','37'),
('3','38'),
('3','39'),
('3','40'),
('3','41'),
('4','1'),
('4','2'),
('4','3'),
('4','4'),
('4','5'),
('4','6'),
('4','7'),
('4','8'),
('4','9'),
('4','10'),
('4','11'),
('4','12'),
('4','13'),
('4','14'),
('4','15'),
('4','16'),
('4','17'),
('4','18'),
('4','19'),
('4','20'),
('4','21'),
('4','22'),
('4','23'),
('4','24'),
('4','25'),
('4','26'),
('4','27'),
('4','28'),
('4','29'),
('4','30'),
('4','31'),
('4','32'),
('4','33'),
('4','34'),
('4','35'),
('4','36'),
('4','37'),
('4','38'),
('4','39'),
('4','40'),
('4','41'),
('6','1'),
('6','2'),
('6','3'),
('6','4'),
('6','5'),
('6','6'),
('6','7'),
('6','8'),
('6','9'),
('6','10'),
('6','11'),
('6','12'),
('6','13'),
('6','14'),
('6','15'),
('6','16'),
('6','17'),
('6','18'),
('6','19'),
('6','20'),
('6','21'),
('6','22'),
('6','23'),
('6','24'),
('6','25'),
('6','26'),
('6','27'),
('6','28'),
('6','29'),
('6','30'),
('6','31'),
('6','32'),
('6','33'),
('6','34'),
('6','35'),
('6','36'),
('6','37'),
('6','38'),
('6','39'),
('6','40'),
('6','41');
/* Scheme for table arbor_module_currency */
CREATE TABLE `arbor_module_currency` (
  `id_module` int(10) unsigned NOT NULL,
  `id_currency` int(11) NOT NULL,
  PRIMARY KEY (`id_module`,`id_currency`),
  KEY `id_module` (`id_module`)
) ENGINE=MyISAM DEFAULT CHARSET=utf8;

INSERT INTO `arbor_module_currency` VALUES
('3','1'),
('3','2'),
('4','1'),
('6','1'),
('6','2'),
('6','4');
/* Scheme for table arbor_module_group */
CREATE TABLE `arbor_module_group` (
  `id_module` int(10) unsigned NOT NULL,
  `id_group` int(11) unsigned NOT NULL,
  PRIMARY KEY (`id_module`,`id_group`)
) ENGINE=MyISAM DEFAULT CHARSET=utf8;

INSERT INTO `arbor_module_group` VALUES
('3','1'),
('3','3'),
('3','4'),
('4','1'),
('4','3'),
('4','4'),
('6','1'),
('6','3'),
('6','4');
/* Scheme for table arbor_newsletter */
CREATE TABLE `arbor_newsletter` (
  `id` int(6) NOT NULL AUTO_INCREMENT,
  `email` varchar(255) NOT NULL,
  `newsletter_date_add` datetime DEFAULT NULL,
  `ip_registration_newsletter` varchar(15) NOT NULL,
  `http_referer` varchar(255) DEFAULT NULL,
  PRIMARY KEY (`id`)
) ENGINE=MyISAM AUTO_INCREMENT=14 DEFAULT CHARSET=utf8;

INSERT INTO `arbor_newsletter` VALUES
('1','arborethic@free.fr','2010-11-20 23:46:01','82.65.153.43',NULL),
('2','joh00n@z0es.com','2010-11-27 18:43:22','74.118.194.209',NULL),
('3','urbainic@aol.com','2011-01-30 08:11:18','79.86.25.236',NULL),
('4','sezif-2005@hotmail.com','2011-03-26 18:10:53','41.141.140.87',NULL),
('5','sophielecloerec@yahoo.fr','2011-05-04 20:37:53','89.224.185.63',NULL),
('6','mara2737@gmail.com','2011-08-01 17:32:19','186.206.1.199',NULL),
('7','jan@walschap.net','2011-08-16 14:46:28','81.50.86.172',NULL),
('8','regismayer@yahoo.fr','2011-08-31 15:58:33','93.14.229.22',NULL),
('9','lepape.claire@yahoo.fr','2011-09-12 01:59:55','78.126.62.14',NULL),
('10','chef10chef@hotmail.fe','2011-09-15 02:09:02','41.141.192.29',NULL),
('11','niky@issarbe.com','2011-09-30 08:18:37','109.106.76.244',NULL),
('12','jocelyne@cpo.fr','2011-10-14 11:20:54','217.195.18.153',NULL),
('13','anne.malhaire@orange.fr','2011-11-01 14:09:07','88.175.154.67',NULL);
/* Scheme for table arbor_operating_system */
CREATE TABLE `arbor_operating_system` (
  `id_operating_system` int(10) unsigned NOT NULL AUTO_INCREMENT,
  `name` varchar(64) DEFAULT NULL,
  PRIMARY KEY (`id_operating_system`)
) ENGINE=MyISAM AUTO_INCREMENT=13 DEFAULT CHARSET=utf8;

INSERT INTO `arbor_operating_system` VALUES
('1','Windows XP'),
('2','Windows Vista'),
('3','MacOsX'),
('4','Linux'),
('5','Windows XP'),
('6','Windows Vista'),
('7','MacOsX'),
('8','Linux'),
('9','Windows XP'),
('10','Windows Vista'),
('11','MacOsX'),
('12','Linux');
/* Scheme for table arbor_order_detail */
CREATE TABLE `arbor_order_detail` (
  `id_order_detail` int(10) unsigned NOT NULL AUTO_INCREMENT,
  `id_order` int(10) unsigned NOT NULL,
  `product_id` int(10) unsigned NOT NULL,
  `product_attribute_id` int(10) unsigned DEFAULT NULL,
  `product_name` varchar(255) NOT NULL,
  `product_quantity` int(10) unsigned NOT NULL DEFAULT '0',
  `product_quantity_in_stock` int(10) NOT NULL DEFAULT '0',
  `product_quantity_return` int(10) unsigned NOT NULL DEFAULT '0',
  `product_quantity_reinjected` int(10) unsigned NOT NULL DEFAULT '0',
  `product_quantity_refunded` int(10) unsigned NOT NULL DEFAULT '0',
  `product_price` decimal(20,6) NOT NULL DEFAULT '0.000000',
  `reduction_percent` decimal(10,2) NOT NULL,
  `reduction_amount` decimal(20,6) NOT NULL,
  `product_quantity_discount` decimal(20,6) NOT NULL DEFAULT '0.000000',
  `product_ean13` varchar(13) DEFAULT NULL,
  `product_reference` varchar(32) DEFAULT NULL,
  `product_supplier_reference` varchar(32) DEFAULT NULL,
  `product_weight` float NOT NULL,
  `tax_name` varchar(16) NOT NULL,
  `tax_rate` decimal(10,3) NOT NULL DEFAULT '0.000',
  `ecotax` decimal(17,2) NOT NULL DEFAULT '0.00',
  `discount_quantity_applied` tinyint(1) NOT NULL DEFAULT '0',
  `download_hash` varchar(255) DEFAULT NULL,
  `download_nb` int(10) unsigned DEFAULT '0',
  `download_deadline` datetime DEFAULT '0000-00-00 00:00:00',
  PRIMARY KEY (`id_order_detail`),
  KEY `order_detail_order` (`id_order`),
  KEY `product_id` (`product_id`),
  KEY `id_order_id_order_detail` (`id_order`,`id_order_detail`),
  KEY `product_attribute_id` (`product_attribute_id`)
) ENGINE=MyISAM AUTO_INCREMENT=99 DEFAULT CHARSET=utf8;

INSERT INTO `arbor_order_detail` VALUES
('5','4','67','0','Respecte moi, c\'est te respecter','1','0','0','0','0','5.000000','0.00','0.000000','0.000000',NULL,'Telechargement_01','JH_Telechargement','0','','0.000','0.00','0','0135f1e41b1c1de3c0f116b599981b0719a11760','0','2009-11-05 18:25:32'),
('6','5','19','61','\"Jomonsugi\" Le cèdre sacré de Yakushima - Japon - Impressions: papier photo - 20 x 30 cm','1','0','0','0','0','10.000000','0.00','0.000000','0.000000',NULL,'ArbresVenerables_07','JH','0','','0.000','0.00','0',NULL,'0','0000-00-00 00:00:00'),
('7','6','67','0','Respecte moi, c\'est te respecter','1','0','0','0','0','5.000000','0.00','0.000000','0.000000',NULL,'Telechargement_01','JH_Telechargement','0','','0.000','0.00','0','3de85d9ef3e1138a4b4a50cbe8de07293a4cdeb6','0','2009-12-11 14:52:16'),
('8','6','73','355','Le Chêne de Venon, Isère, France (3) - Impressions: papier photo 50 x 70 cm','1','0','0','0','0','30.000000','0.00','0.000000','0.000000',NULL,'ArbresVenerables_24','JH','0','','0.000','0.00','0',NULL,'0','0000-00-00 00:00:00'),
('9','6','87','373','Collection de 10 cartes de voeux \"Arbres Vénérables\" - Impressions: papier recyclé, Impressions: cartes 110 x 210 mm (2 volets r','1','0','0','0','0','25.000000','0.00','0.000000','0.000000',NULL,'Carte_voeux_AV_01','JH_Cartes','0','','0.000','0.00','0',NULL,'0','0000-00-00 00:00:00'),
('10','7','75','361','Ceillac - Hautes Alpes - France - Impressions: cartes 110 x 210 mm (2 volets recto) couleur','1','0','0','0','0','3.000000','0.00','0.000000','0.000000',NULL,'Carte_voeux_01','JH_Cartes','0','','0.000','0.00','0',NULL,'0','0000-00-00 00:00:00'),
('11','7','83','369','Rouge comme les coquelicots - Impressions: cartes 110 x 210 mm (2 volets recto) couleur','1','0','0','0','0','3.000000','0.00','0.000000','0.000000',NULL,'Carte_voeux_09','JH_Cartes','0','','0.000','0.00','0',NULL,'0','0000-00-00 00:00:00'),
('12','7','84','370','Vigne vierge (la vraie) - Impressions: cartes 110 x 210 mm (2 volets recto) couleur','1','0','0','0','0','3.000000','0.00','0.000000','0.000000',NULL,'Carte_voeux_10','JH_Cartes','0','','0.000','0.00','0',NULL,'0','0000-00-00 00:00:00'),
('13','7','85','371','Paquerettes dans la neige - Dordogne - France - Impressions: cartes 110 x 210 mm (2 volets recto) couleur','1','0','0','0','0','3.000000','0.00','0.000000','0.000000',NULL,'Carte_voeux_11','JH_Cartes','0','','0.000','0.00','0',NULL,'0','0000-00-00 00:00:00'),
('14','8','19','61','\"Jomonsugi\" Le cèdre sacré de Yakushima - Japon - Impressions: papier photo - 20 x 30 cm','1','0','0','0','0','10.000000','0.00','0.000000','0.000000',NULL,'ArbresVenerables_07','JH','0','','0.000','0.00','0',NULL,'0','0000-00-00 00:00:00'),
('15','8','67','0','Respecte moi, c\'est te respecter','1','0','0','0','0','5.000000','0.00','0.000000','0.000000',NULL,'Telechargement_01','JH_Telechargement','0','','0.000','0.00','0','cdca89e8f1f1ff183ad34a52351e9ee0d58b7657','0','2009-12-12 23:54:00'),
('16','8','78','364','Chêne de la vallée de l\'Elle - Terrasson - Dordogne - France - Impressions: cartes 110 x 210 mm (2 volets recto) couleur','1','0','0','0','0','3.000000','0.00','0.000000','0.000000',NULL,'Carte_voeux_04','JH_Cartes','0','','0.000','0.00','0',NULL,'0','0000-00-00 00:00:00'),
('17','8','79','365','Chêne de Jaf - Grèzes - Dordogne - France - Impressions: cartes 110 x 210 mm (2 volets recto) couleur','1','0','0','0','0','3.000000','0.00','0.000000','0.000000',NULL,'Carte_voeux_05','JH_Cartes','0','','0.000','0.00','0',NULL,'0','0000-00-00 00:00:00'),
('18','8','82','368','chêne de Venon en 2004, Isère, France - Impressions: cartes 110 x 210 mm (2 volets recto) couleur','1','0','0','0','0','3.000000','0.00','0.000000','0.000000',NULL,'Carte_voeux_08','JH_Cartes','0','','0.000','0.00','0',NULL,'0','0000-00-00 00:00:00'),
('19','9','44','192','Collection de 12 cartes \"Arbres Vénérables\" - Impressions: Collection de 12 Photos 11 x 20 cm','1','0','0','0','0','30.000000','0.00','0.000000','0.000000',NULL,'Coffret_cartes_01','JH_Cartes','0','','0.000','0.00','0',NULL,'0','0000-00-00 00:00:00'),
('20','10','75','361','Ceillac - Hautes Alpes - France - Impressions: cartes 110 x 210 mm (2 volets recto) couleur','3','0','0','0','0','3.000000','0.00','0.000000','0.000000',NULL,'Carte_voeux_01','JH_Cartes','0','','0.000','0.00','0',NULL,'0','0000-00-00 00:00:00'),
('21','10','76','362','Pin à crochet - Ceillac - Hautes Alpes - France - Impressions: cartes 110 x 210 mm (2 volets recto) couleur','3','0','0','0','0','3.000000','0.00','0.000000','0.000000',NULL,'Carte_voeux_02','JH_Cartes','0','','0.000','0.00','0',NULL,'0','0000-00-00 00:00:00'),
('22','10','77','363','Sapin dans la neige - Ceillac - Hautes Alpes - France - Impressions: cartes 110 x 210 mm (2 volets recto) couleur','3','0','0','0','0','3.000000','0.00','0.000000','0.000000',NULL,'Carte_voeux_03','JH_Cartes','0','','0.000','0.00','0',NULL,'0','0000-00-00 00:00:00'),
('23','10','87','373','Collection de 10 cartes de voeux \"Arbres Vénérables\" - Impressions: papier recyclé, Impressions: cartes 110 x 210 mm (2 volets r','1','0','0','0','0','25.000000','0.00','0.000000','0.000000',NULL,'Carte_voeux_AV_01','JH_Cartes','0','','0.000','0.00','0',NULL,'0','0000-00-00 00:00:00'),
('25','12','87','373','Collection de 10 cartes de voeux \"Arbres Vénérables\" - Impressions: papier recyclé, Impressions: cartes 110 x 210 mm (2 volets r','1','0','0','0','0','25.000000','0.00','0.000000','0.000000',NULL,'Carte_voeux_AV_01','JH_Cartes','0','','0.000','0.00','0',NULL,'0','0000-00-00 00:00:00'),
('26','13','75','361','Ceillac - Hautes Alpes - France - Impressions: cartes 110 x 210 mm (2 volets recto) couleur','1','0','0','0','0','3.000000','0.00','0.000000','0.000000',NULL,'Carte_voeux_01','JH_Cartes','0','','0.000','0.00','0',NULL,'0','0000-00-00 00:00:00'),
('27','13','76','362','Pin à crochet - Ceillac - Hautes Alpes - France - Impressions: cartes 110 x 210 mm (2 volets recto) couleur','5','0','0','0','0','3.000000','0.00','0.000000','0.000000',NULL,'Carte_voeux_02','JH_Cartes','0','','0.000','0.00','0',NULL,'0','0000-00-00 00:00:00'),
('28','13','77','363','Sapin dans la neige - Ceillac - Hautes Alpes - France - Impressions: cartes 110 x 210 mm (2 volets recto) couleur','5','0','0','0','0','3.000000','0.00','0.000000','0.000000',NULL,'Carte_voeux_03','JH_Cartes','0','','0.000','0.00','0',NULL,'0','0000-00-00 00:00:00'),
('29','13','78','364','Chêne de la vallée de l\'Elle - Terrasson - Dordogne - France - Impressions: cartes 110 x 210 mm (2 volets recto) couleur','1','0','0','0','0','3.000000','0.00','0.000000','0.000000',NULL,'Carte_voeux_04','JH_Cartes','0','','0.000','0.00','0',NULL,'0','0000-00-00 00:00:00'),
('30','13','80','366','chêne de Venon, Isère, France - Impressions: cartes 110 x 210 mm (2 volets recto) couleur','1','0','0','0','0','3.000000','0.00','0.000000','0.000000',NULL,'Carte_voeux_06','JH_Cartes','0','','0.000','0.00','0',NULL,'0','0000-00-00 00:00:00'),
('31','13','84','370','Vigne vierge (la vraie) - Impressions: cartes 110 x 210 mm (2 volets recto) couleur','1','0','0','0','0','3.000000','0.00','0.000000','0.000000',NULL,'Carte_voeux_10','JH_Cartes','0','','0.000','0.00','0',NULL,'0','0000-00-00 00:00:00'),
('32','13','87','373','Collection de 10 cartes de voeux \"Arbres Vénérables\" - Impressions: papier recyclé, Impressions: cartes 110 x 210 mm (2 volets r','1','0','0','0','0','25.000000','0.00','0.000000','0.000000',NULL,'Carte_voeux_AV_01','JH_Cartes','0','','0.000','0.00','0',NULL,'0','0000-00-00 00:00:00'),
('33','13','92','0','Sac en tissus coton \"Arbor\'Ethic\"','1','0','0','0','0','16.900000','0.00','0.000000','0.000000',NULL,'Sac Arbor\'Ethic 001','Sac_001','0','','0.000','0.00','0',NULL,'0','0000-00-00 00:00:00'),
('34','14','44','192','Collection de 12 cartes \"Arbres Vénérables\" - Impressions: Collection de 12 Photos 11 x 20 cm','1','0','0','0','0','30.000000','0.00','0.000000','0.000000',NULL,'Coffret_cartes_01','JH_Cartes','0','','0.000','0.00','0',NULL,'0','0000-00-00 00:00:00'),
('35','14','74','360','Rose dans le givre, Dordogne, France - Impressions: cartes 110 x 210 mm (2 volets recto) couleur','1','0','0','0','0','3.000000','0.00','0.000000','0.000000',NULL,'Carte_rose_01','JH_Cartes','0','','0.000','0.00','0',NULL,'0','0000-00-00 00:00:00'),
('36','14','83','369','Rouge comme les coquelicots - Impressions: cartes 110 x 210 mm (2 volets recto) couleur','1','0','0','0','0','3.000000','0.00','0.000000','0.000000',NULL,'Carte_voeux_09','JH_Cartes','0','','0.000','0.00','0',NULL,'0','0000-00-00 00:00:00'),
('37','14','84','370','Vigne vierge (la vraie) - Impressions: cartes 110 x 210 mm (2 volets recto) couleur','1','0','0','0','0','3.000000','0.00','0.000000','0.000000',NULL,'Carte_voeux_10','JH_Cartes','0','','0.000','0.00','0',NULL,'0','0000-00-00 00:00:00'),
('38','14','85','371','Paquerettes dans la neige - Dordogne - France - Impressions: cartes 110 x 210 mm (2 volets recto) couleur','1','0','0','0','0','3.000000','0.00','0.000000','0.000000',NULL,'Carte_voeux_11','JH_Cartes','0','','0.000','0.00','0',NULL,'0','0000-00-00 00:00:00'),
('39','14','86','372','Paquerettes - Dordogne - France - Impressions: cartes 110 x 210 mm (2 volets recto) couleur','1','0','0','0','0','3.000000','0.00','0.000000','0.000000',NULL,'Cartes_voeux_12','JH_cartes','0','','0.000','0.00','0',NULL,'0','0000-00-00 00:00:00'),
('40','15','74','360','Rose dans le givre, Dordogne, France - Impressions: cartes 110 x 210 mm (2 volets recto) couleur','1','0','0','0','0','3.000000','0.00','0.000000','0.000000',NULL,'Carte_rose_01','JH_Cartes','0','','0.000','0.00','0',NULL,'0','0000-00-00 00:00:00'),
('41','15','80','366','chêne de Venon en 2008, Isère, France - Impressions: cartes 110 x 210 mm (2 volets recto) couleur','1','0','0','0','0','3.000000','0.00','0.000000','0.000000',NULL,'Carte_voeux_06','JH_Cartes','0','','0.000','0.00','0',NULL,'0','0000-00-00 00:00:00'),
('42','15','81','367','chêne de Venon en 2006, Isère, France - Impressions: cartes 110 x 210 mm (2 volets recto) couleur','1','0','0','0','0','3.000000','0.00','0.000000','0.000000',NULL,'Carte_voeux_07','JH_Cartes','0','','0.000','0.00','0',NULL,'0','0000-00-00 00:00:00'),
('43','15','83','369','Rouge comme les coquelicots - Impressions: cartes 110 x 210 mm (2 volets recto) couleur','1','0','0','0','0','3.000000','0.00','0.000000','0.000000',NULL,'Carte_voeux_09','JH_Cartes','0','','0.000','0.00','0',NULL,'0','0000-00-00 00:00:00'),
('44','15','85','371','Paquerettes dans la neige - Dordogne - France - Impressions: cartes 110 x 210 mm (2 volets recto) couleur','1','0','0','0','0','3.000000','0.00','0.000000','0.000000',NULL,'Carte_voeux_11','JH_Cartes','0','','0.000','0.00','0',NULL,'0','0000-00-00 00:00:00'),
('45','16','100','413','Marguerite \"Je t\'aime\" - Impressions couleurs: Impression photo numérique 21 x 60 cm','1','0','0','0','0','50.000000','0.00','0.000000','0.000000',NULL,'JH_Fleurs_Marguerite15','JH_Fleurs','0','','0.000','0.00','0',NULL,'0','0000-00-00 00:00:00'),
('46','17','71','342','Le Chêne de Venon, Isère, France (2) - Impressions couleurs: papier photo - 20 x 30 cm','2','0','0','0','0','10.000000','0.00','0.000000','0.000000',NULL,'ArbresVenerables_24','JH','0','','0.000','0.00','0',NULL,'0','0000-00-00 00:00:00'),
('47','17','73','354','Le Chêne de Venon, Isère, France (3) - Impressions couleurs: papier photo - 20 x 30 cm','1','0','0','0','0','10.000000','0.00','0.000000','0.000000',NULL,'ArbresVenerables_24','JH','0','','0.000','0.00','0',NULL,'0','0000-00-00 00:00:00'),
('48','18','83','369','Rouge comme les coquelicots - Impressions couleurs: cartes 110 x 210 mm (2 volets recto) couleur','1','0','0','0','0','3.000000','0.00','0.000000','0.000000',NULL,'Carte_voeux_09','JH_Cartes','0','','0.000','0.00','0',NULL,'0','0000-00-00 00:00:00'),
('49','18','87','373','Collection de 10 cartes de voeux \"Arbres Vénérables\" - Impressions couleurs: cartes 110 x 210 mm (2 volets recto) couleur','1','0','0','0','0','25.000000','0.00','0.000000','0.000000',NULL,'Carte_voeux_AV_01','JH_Cartes','0','','0.000','0.00','0',NULL,'0','0000-00-00 00:00:00'),
('50','18','93','374','Mycena interrupta, Tasmanie - Impressions couleurs: cartes 110 x 210 mm (2 volets recto) couleur, Impressions couleurs: papier c','1','0','0','0','0','3.000000','0.00','0.000000','0.000000',NULL,'Mycena_001','JH_Champi_001','0','','0.000','0.00','0',NULL,'0','0000-00-00 00:00:00'),
('51','19','126','0','Flyer Arbor\'Ethic','1','1','0','0','0','0.000000','0.00','0.000000','0.000000',NULL,'FlyerArborEthic','Flyer_Arborethic','0','','0.000','0.00','0','0e0c3636ca18d93854c5a23d244208122a50553e','1','2011-01-08 19:50:19'),
('52','20','126','0','Flyer Arbor\'Ethic à télécharger gratuitement','1','1','0','0','0','0.000000','0.00','0.000000','0.000000',NULL,'FlyerArborEthic','Flyer_Arborethic','0','','0.000','0.00','0','1de68512bd3bee8006650a813b40c9f4a9f2f5c0','0','2011-01-09 18:36:27'),
('53','21','135','631','La rivière Dordogne dans la brume matinale, Périgord, France - Impressions couleurs : Cartes A5 2 volets','1','1','0','0','0','5.000000','0.00','0.000000','0.000000',NULL,'Dordogne_006','JH_Dordogne','0','','0.000','0.00','0',NULL,'0','0000-00-00 00:00:00'),
('54','22','135','631','La rivière Dordogne dans la brume matinale, Périgord, France - Impressions couleurs : Cartes A5 2 volets','1','1','0','0','0','5.000000','0.00','0.000000','0.000000',NULL,'Dordogne_006','JH_Dordogne','0','','0.000','0.00','0',NULL,'0','0000-00-00 00:00:00'),
('55','23','135','631','La rivière Dordogne dans la brume matinale, Périgord, France - Impressions couleurs : Cartes A5 2 volets','1','1','0','0','0','5.000000','0.00','0.000000','0.000000',NULL,'Dordogne_006','JH_Dordogne','0','','0.000','0.00','0',NULL,'0','0000-00-00 00:00:00'),
('56','24','61','300','Baobab et son reflet dans l\'eau, Morondava, Madagascar - Impressions couleurs : papier photo - 20 x 30 cm','13','13','0','0','0','10.000000','0.00','0.000000','0.000000',NULL,'ArbresVenerables_22','JH','0','','0.000','0.00','0',NULL,'0','0000-00-00 00:00:00'),
('57','25','61','300','Baobab et son reflet dans l\'eau, Morondava, Madagascar - Impressions couleurs : papier photo - 20 x 30 cm','1','1','0','0','0','10.000000','0.00','0.000000','0.000000',NULL,'ArbresVenerables_22','JH','0','','0.000','0.00','0',NULL,'0','0000-00-00 00:00:00'),
('58','25','135','631','La rivière Dordogne dans la brume matinale, Périgord, France - Impressions couleurs : Cartes A5 2 volets','1','1','0','0','0','5.000000','0.00','0.000000','0.000000',NULL,'Dordogne_006','JH_Dordogne','0','','0.000','0.00','0',NULL,'0','0000-00-00 00:00:00'),
('59','25','43','545','Rouge ... comme les coquelicots - Impressions couleurs : Cartes A5 2 volets','1','1','0','0','0','3.000000','0.00','0.000000','0.000000',NULL,'Fleurs_02','JH_Fleurs','0','','0.000','0.00','0',NULL,'0','0000-00-00 00:00:00'),
('60','25','121','493','La spirale de l\'Amour - Impressions couleurs : Cartes A5 2 volets','1','1','0','0','0','5.000000','0.00','0.000000','0.000000',NULL,'JF_Fleurs_Maguerite_Spirale16','JH_Fleurs','0','','0.000','0.00','0',NULL,'0','0000-00-00 00:00:00'),
('61','26','87','373','Collection de 10 cartes de voeux \"Arbres Vénérables\" - Impressions couleurs : cartes 110 x 210 mm (2 volets recto) couleur','1','1','0','0','0','25.000000','0.00','0.000000','0.000000',NULL,'Carte_voeux_AV_01','JH_Cartes','0','','0.000','0.00','0',NULL,'0','0000-00-00 00:00:00'),
('62','26','142','658','Cyprès d\'Arradon le moustoir, Morbihan, Bretagne, France - Impressions couleurs : Cartes A5 2 volets','1','1','0','0','0','5.000000','0.00','0.000000','0.000000',NULL,'Bretagne_001','JH_Bretagne','0','','0.000','0.00','0',NULL,'0','0000-00-00 00:00:00'),
('63','26','143','663','Cyprès d\'Arradon le moustoir, Golfe du Morbihan, Bretagne, France - Impressions couleurs : Cartes A5 2 volets','1','1','0','0','0','5.000000','0.00','0.000000','0.000000',NULL,'Bretagne_001','JH_Bretagne','0','','0.000','0.00','0',NULL,'0','0000-00-00 00:00:00'),
('64','26','141','657','Collector de 20 posters 20 x 30 cm \"Arbres Vénérables\"  - Impressions couleurs : Collector de 20 posters \"Arbres Vénérables\"','1','1','0','0','0','90.000000','0.00','0.000000','0.000000',NULL,'Collector_arbres_20x30','JH_arbres','0','','0.000','0.00','0',NULL,'0','0000-00-00 00:00:00'),
('65','27','72','348','Le Chêne de Venon, Isère, France (1) - Impressions couleurs : papier photo - 20 x 30 cm','1','1','0','0','0','10.000000','0.00','0.000000','0.000000',NULL,'ArbresVenerables_24','JH','0','','0.000','0.00','0',NULL,'0','0000-00-00 00:00:00'),
('66','27','71','342','Le Chêne de Venon, Isère, France (2) - Impressions couleurs : papier photo - 20 x 30 cm','1','1','0','0','0','10.000000','0.00','0.000000','0.000000',NULL,'ArbresVenerables_24','JH','0','','0.000','0.00','0',NULL,'0','0000-00-00 00:00:00'),
('67','27','43','539','Rouge ... comme les coquelicots - Impressions couleurs : papier photo - 20 x 30 cm','1','1','0','0','0','10.000000','0.00','0.000000','0.000000',NULL,'Fleurs_02','JH_Fleurs','0','','0.000','0.00','0',NULL,'0','0000-00-00 00:00:00'),
('68','28','142','660','Cyprès d\'Arradon le moustoir, Morbihan, Bretagne, France - Impressions couleurs : papier photo 50 x 70 cm','1','1','0','0','0','40.000000','0.00','0.000000','0.000000',NULL,'Bretagne_001','JH_Bretagne','0','','0.000','0.00','0',NULL,'0','0000-00-00 00:00:00'),
('69','29','51','575',' Paquerettes dans le givre - Impressions couleurs : papier photo - 20 x 30 cm','1','1','0','0','0','10.000000','0.00','0.000000','0.000000',NULL,'Fleurs_09','JH_Fleurs','0','','0.000','0.00','0',NULL,'0','0000-00-00 00:00:00'),
('70','29','43','539','Rouge ... comme les coquelicots - Impressions couleurs : papier photo - 20 x 30 cm','1','1','0','0','0','10.000000','0.00','0.000000','0.000000',NULL,'Fleurs_02','JH_Fleurs','0','','0.000','0.00','0',NULL,'0','0000-00-00 00:00:00'),
('71','29','50','570','Rosée matinale, histoire d\'eau - Impressions couleurs : papier photo - 20 x 30 cm','1','1','0','0','0','10.000000','0.00','0.000000','0.000000',NULL,'Fleurs_08','JH_Fleurs','0','','0.000','0.00','0',NULL,'0','0000-00-00 00:00:00'),
('72','30','121','493','La spirale de l\'Amour - Impressions couleurs : Cartes A5 2 volets','1','1','0','0','0','5.000000','0.00','0.000000','0.000000',NULL,'JF_Fleurs_Maguerite_Spirale16','JH_Fleurs','0','','0.000','0.00','0',NULL,'0','0000-00-00 00:00:00'),
('73','30','115','465','Coquelicot (Papaver rhoeas) - Impressions couleurs : cartes 110 x 210 mm (2 volets recto) couleur','1','1','0','0','0','5.000000','0.00','0.000000','0.000000',NULL,'Fleurs_17','JH_Fleurs','0','','0.000','0.00','0',NULL,'0','0000-00-00 00:00:00'),
('74','31','45','551','Danse de coquelicots dans un champ de lin - Impressions couleurs : Cartes A5 2 volets','1','1','0','0','0','3.000000','0.00','0.000000','0.000000',NULL,'Fleurs_03','JH_Fleurs','0','','0.000','0.00','0',NULL,'0','0000-00-00 00:00:00'),
('75','31','42','538','Duo de coquelicots - Impressions couleurs : Cartes A5 2 volets','1','1','0','0','0','3.000000','0.00','0.000000','0.000000',NULL,'Fleurs_01','JH_Fleurs','0','','0.000','0.00','0',NULL,'0','0000-00-00 00:00:00'),
('76','31','50','574','Rosée matinale, histoire d\'eau - Impressions couleurs : Cartes A5 2 volets','1','1','0','0','0','3.000000','0.00','0.000000','0.000000',NULL,'Fleurs_08','JH_Fleurs','0','','0.000','0.00','0',NULL,'0','0000-00-00 00:00:00'),
('77','31','99','534','Paquerette - Vallée de l\'Elle - Dordogne - France - Impressions couleurs : Cartes A5 2 volets','1','1','0','0','0','3.000000','0.00','0.000000','0.000000',NULL,'Fleurs_14','JH_Fleurs','0','','0.000','0.00','0',NULL,'0','0000-00-00 00:00:00'),
('78','31','114','603','Coquelicot (Papaver rhoeas) - Impressions couleurs : Cartes A5 2 volets','3','3','0','0','0','3.000000','0.00','0.000000','0.000000',NULL,'Fleurs_16','JH_Fleurs','0','','0.000','0.00','0',NULL,'0','0000-00-00 00:00:00'),
('79','31','46','563','C ... comme Coquelicots - Impressions couleurs : Cartes A5 2 volets','1','1','0','0','0','3.000000','0.00','0.000000','0.000000',NULL,'Fleurs_04','JH_Fleurs','0','','0.000','0.00','0',NULL,'0','0000-00-00 00:00:00'),
('80','31','43','545','Rouge ... comme les coquelicots - Impressions couleurs : Cartes A5 2 volets','1','1','0','0','0','3.000000','0.00','0.000000','0.000000',NULL,'Fleurs_02','JH_Fleurs','0','','0.000','0.00','0',NULL,'0','0000-00-00 00:00:00'),
('81','31','115','465','Coquelicot (Papaver rhoeas) - Impressions couleurs : cartes 110 x 210 mm (2 volets recto) couleur','1','1','0','0','0','5.000000','0.00','0.000000','0.000000',NULL,'Fleurs_17','JH_Fleurs','0','','0.000','0.00','0',NULL,'0','0000-00-00 00:00:00'),
('82','32','43','545','Rouge ... comme les coquelicots - Impressions couleurs : Cartes A5 2 volets','1','1','0','0','0','3.000000','0.00','0.000000','0.000000',NULL,'Fleurs_02','JH_Fleurs','0','','0.000','0.00','0',NULL,'0','0000-00-00 00:00:00'),
('83','32','114','603','Coquelicot (Papaver rhoeas) - Impressions couleurs : Cartes A5 2 volets','1','1','0','0','0','3.000000','0.00','0.000000','0.000000',NULL,'Fleurs_16','JH_Fleurs','0','','0.000','0.00','0',NULL,'0','0000-00-00 00:00:00'),
('84','32','153','821','Volcan de l\'Etna - Impressions couleurs : papier photo - 20 x 30 cm','1','1','0','0','0','15.000000','0.00','0.000000','0.000000',NULL,'Italie_001','JH_Italie','0','','0.000','0.00','0',NULL,'0','0000-00-00 00:00:00'),
('85','32','46','563','C ... comme Coquelicots - Impressions couleurs : Cartes A5 2 volets','1','1','0','0','0','3.000000','0.00','0.000000','0.000000',NULL,'Fleurs_04','JH_Fleurs','0','','0.000','0.00','0',NULL,'0','0000-00-00 00:00:00'),
('86','33','134','626','Canopée d\'Eucalyptus nitens, Australie - Impressions couleurs : Cartes A5 2 volets','1','1','0','0','0','5.000000','0.00','0.000000','0.000000',NULL,'Australie_001','JH_Australie','0','','0.000','0.00','0',NULL,'0','0000-00-00 00:00:00'),
('87','33','135','631','La rivière Dordogne dans la brume matinale, Périgord, France - Impressions couleurs : Cartes A5 2 volets','1','1','0','0','0','5.000000','0.00','0.000000','0.000000',NULL,'Dordogne_006','JH_Dordogne','0','','0.000','0.00','0',NULL,'0','0000-00-00 00:00:00'),
('88','34','154','832','Carte du monde des arbres vénérables - Impressions couleurs : papier photo 50 x 70 cm','1','1','0','0','0','70.000000','0.00','0.000000','0.000000',NULL,'Carte_monde_arbres_001','JH_arbre_monde_001','0','','0.000','0.00','0',NULL,'0','0000-00-00 00:00:00'),
('89','36','99','534','Paquerette - Vallée de l\'Elle - Dordogne - France - Impressions couleurs : Cartes A5 2 volets','1','1','0','0','0','3.000000','0.00','0.000000','0.000000',NULL,'Fleurs_14','JH_Fleurs','0','','0.000','0.00','0',NULL,'0','0000-00-00 00:00:00'),
('90','37','87','373','Collection de 10 cartes de voeux \"Arbres Vénérables\" - Impressions couleurs : cartes 110 x 210 mm (2 volets recto) couleur','1','1','0','0','0','25.000000','0.00','0.000000','0.000000',NULL,'Carte_voeux_AV_01','JH_Cartes','0','','0.000','0.00','0',NULL,'0','0000-00-00 00:00:00'),
('91','37','105','432','Perle d\'argent, larme de cendre - Impressions couleurs : papier dessin 20 x 20 cm','1','1','0','0','0','20.000000','0.00','0.000000','0.000000',NULL,'Corse_002','JH_Corse_002','0','','0.000','0.00','0',NULL,'0','0000-00-00 00:00:00'),
('92','38','121','493','La spirale de l\'Amour - Impressions couleurs : Cartes A5 2 volets','1','1','0','0','0','5.000000','0.00','0.000000','0.000000',NULL,'JF_Fleurs_Maguerite_Spirale16','JH_Fleurs','0','','0.000','0.00','0',NULL,'0','0000-00-00 00:00:00'),
('93','39','92','1094','Sac en tissu coton \"Arbor\'Ethic\" - Sac cabas en tissus : Sac cabas en tissus - Sac cabas en tissus 1 exemplaire','3','3','0','0','0','15.000000','0.00','0.000000','0.000000',NULL,'JH_Sac_citrouille_001','JH','0','','0.000','0.00','0',NULL,'0','0000-00-00 00:00:00'),
('94','40','53','586','Paquerettes - Dordogne - France - Formats et supports : Cartes A5 2 volets','1','1','0','0','0','3.000000','0.00','0.000000','0.000000',NULL,'Fleurs_10','JH_Fleurs','0','','0.000','0.00','0',NULL,'0','0000-00-00 00:00:00'),
('95','40','171','1052','Erable à grandes feuilles, Californie, Etats Unis - Formats et supports : Cartes A5 2 volets','1','1','0','0','0','5.000000','0.00','0.000000','0.000000',NULL,'JH_USA_001','JH_USA','0','','0.000','0.00','0',NULL,'0','0000-00-00 00:00:00'),
('96','40','146','677','C\'est l\'histoire d\'un gland (2)... - Formats et supports : Cartes A5 2 volets','1','1','0','0','0','5.000000','0.00','0.000000','0.000000',NULL,'Graines_001','JH_Dordogne','0','','0.000','0.00','0',NULL,'0','0000-00-00 00:00:00'),
('97','40','95','598','Duo de pissenlits - Formats et supports : Cartes A5 2 volets','1','1','0','0','0','3.000000','0.00','0.000000','0.000000',NULL,'JH_fleurs_pissenlits','JH','0','','0.000','0.00','0',NULL,'0','0000-00-00 00:00:00'),
('98','40','134','626','Canopée d\'Eucalyptus nitens, Australie - Formats et supports : Cartes A5 2 volets','1','1','0','0','0','5.000000','0.00','0.000000','0.000000',NULL,'Australie_001','JH_Australie','0','','0.000','0.00','0',NULL,'0','0000-00-00 00:00:00');
/* Scheme for table arbor_order_discount */
CREATE TABLE `arbor_order_discount` (
  `id_order_discount` int(10) unsigned NOT NULL AUTO_INCREMENT,
  `id_order` int(10) unsigned NOT NULL,
  `id_discount` int(10) unsigned NOT NULL,
  `name` varchar(32) NOT NULL,
  `value` decimal(17,2) NOT NULL DEFAULT '0.00',
  PRIMARY KEY (`id_order_discount`),
  KEY `order_discount_order` (`id_order`),
  KEY `id_discount` (`id_discount`)
) ENGINE=MyISAM DEFAULT CHARSET=utf8;

/* Scheme for table arbor_order_history */
CREATE TABLE `arbor_order_history` (
  `id_order_history` int(10) unsigned NOT NULL AUTO_INCREMENT,
  `id_employee` int(10) unsigned NOT NULL,
  `id_order` int(10) unsigned NOT NULL,
  `id_order_state` int(10) unsigned NOT NULL,
  `date_add` datetime NOT NULL,
  PRIMARY KEY (`id_order_history`),
  KEY `order_history_order` (`id_order`),
  KEY `id_employee` (`id_employee`),
  KEY `id_order_state` (`id_order_state`)
) ENGINE=MyISAM AUTO_INCREMENT=142 DEFAULT CHARSET=utf8;

INSERT INTO `arbor_order_history` VALUES
('6','0','4','10','2008-11-05 18:25:32'),
('7','0','5','1','2008-11-28 21:12:16'),
('8','1','5','4','2008-12-06 14:30:30'),
('9','0','6','1','2008-12-11 14:52:15'),
('10','0','7','2','2008-12-12 12:02:23'),
('11','1','7','3','2008-12-12 21:40:24'),
('12','1','6','2','2008-12-12 22:17:32'),
('13','1','6','3','2008-12-12 22:17:44'),
('14','0','8','1','2008-12-12 23:53:59'),
('15','1','8','3','2008-12-13 09:47:53'),
('16','1','5','5','2008-12-13 09:50:25'),
('17','0','9','2','2008-12-14 18:15:08'),
('18','1','5','2','2008-12-16 09:03:10'),
('19','1','5','2','2008-12-16 09:03:22'),
('20','1','8','4','2008-12-16 09:03:59'),
('21','1','9','4','2008-12-16 09:04:16'),
('22','1','6','4','2008-12-16 09:05:05'),
('23','1','7','4','2008-12-16 09:05:37'),
('24','1','7','5','2008-12-18 13:25:34'),
('25','1','8','5','2008-12-29 10:40:21'),
('26','1','8','2','2008-12-29 10:40:32'),
('27','1','9','5','2008-12-29 10:42:15'),
('28','0','10','2','2008-12-29 13:56:40'),
('29','1','10','3','2008-12-29 14:40:29'),
('30','0','11','10','2009-01-01 10:56:05'),
('32','0','12','2','2009-01-04 15:49:48'),
('33','1','12','3','2009-01-04 16:44:17'),
('34','0','13','1','2009-01-09 08:36:01'),
('35','1','13','3','2009-01-10 00:22:49'),
('36','1','12','5','2009-01-10 22:53:32'),
('37','1','6','5','2009-01-10 22:54:07'),
('38','1','4','5','2009-01-10 22:56:15'),
('39','1','4','2','2009-01-10 22:56:24'),
('40','1','13','4','2009-01-13 00:44:45'),
('41','0','14','2','2009-01-24 10:41:24'),
('42','1','14','3','2009-01-24 19:40:19'),
('43','1','13','5','2009-02-18 23:20:53'),
('44','1','13','2','2009-02-18 23:21:17'),
('45','0','15','2','2009-02-22 10:38:16'),
('46','1','15','3','2009-02-22 12:08:45'),
('47','1','15','4','2009-02-28 19:46:07'),
('48','1','14','5','2009-02-28 19:46:28'),
('49','1','15','5','2009-04-29 23:42:35'),
('50','1','13','5','2009-04-29 23:43:00'),
('51','1','5','5','2009-04-29 23:43:20'),
('52','1','4','5','2009-04-29 23:43:36'),
('53','0','16','2','2009-05-11 17:54:43'),
('54','1','16','4','2009-05-30 00:36:23'),
('55','1','16','4','2009-05-30 00:36:51'),
('56','1','16','4','2009-05-30 00:36:57'),
('57','1','16','5','2009-06-14 14:43:58'),
('58','0','17','1','2009-11-26 10:27:21'),
('59','0','18','2','2009-11-28 12:32:51'),
('60','1','17','4','2009-12-04 20:17:44'),
('61','1','18','4','2009-12-04 20:38:45'),
('62','1','18','5','2009-12-26 00:32:39'),
('63','1','17','5','2009-12-26 00:32:52'),
('64','0','19','2','2010-01-08 19:50:20'),
('65','0','20','2','2010-01-09 18:36:28'),
('66','0','21','1','2010-01-12 16:44:04'),
('67','0','22','1','2010-01-12 17:10:10'),
('68','0','23','1','2010-01-12 17:42:02'),
('69','0','24','10','2010-01-20 14:00:30'),
('70','1','24','8','2010-01-20 15:30:07'),
('71','0','25','1','2010-01-21 16:20:43'),
('72','1','23','6','2010-01-22 11:28:05'),
('73','1','22','6','2010-01-22 11:28:23'),
('74','1','21','6','2010-01-22 11:28:44'),
('75','1','24','2','2010-01-26 09:45:02'),
('76','1','24','3','2010-01-29 12:20:28'),
('77','1','25','2','2010-01-29 12:24:36'),
('78','1','25','3','2010-01-29 12:24:45'),
('79','1','24','4','2010-01-29 19:22:17'),
('80','1','25','4','2010-02-02 12:26:03'),
('81','1','24','5','2010-02-02 12:37:58'),
('82','0','26','2','2010-02-09 15:21:48'),
('83','1','26','3','2010-02-09 18:21:29'),
('84','0','27','2','2010-02-27 16:55:21'),
('85','1','27','3','2010-02-27 23:05:16'),
('86','1','27','2','2010-03-05 10:00:08'),
('87','1','27','4','2010-03-05 10:00:19'),
('88','1','26','4','2010-03-05 10:00:38'),
('89','0','28','2','2010-03-10 17:45:20'),
('90','1','28','3','2010-03-11 14:49:32'),
('91','1','28','4','2010-03-17 13:31:23'),
('92','0','29','1','2010-03-25 20:51:14'),
('93','1','29','2','2010-04-02 18:30:20'),
('94','1','29','3','2010-04-02 18:30:26'),
('95','1','28','5','2010-04-02 21:08:45'),
('96','1','27','5','2010-04-02 21:09:29'),
('97','1','25','8','2010-04-02 21:10:13'),
('98','1','25','5','2010-04-02 21:10:40'),
('99','0','30','1','2010-04-04 18:56:52'),
('100','1','30','3','2010-04-05 20:42:40'),
('101','1','29','4','2010-04-06 20:30:05'),
('102','1','29','5','2010-04-09 09:31:43'),
('103','1','30','4','2010-04-09 09:32:11'),
('104','0','31','2','2010-04-18 15:08:35'),
('105','1','31','3','2010-04-18 17:20:29'),
('106','0','32','1','2010-04-24 22:43:26'),
('107','0','33','1','2010-04-28 10:55:51'),
('108','0','34','1','2010-05-01 23:41:51'),
('109','1','32','2','2010-05-03 18:36:29'),
('110','1','33','2','2010-05-03 18:36:52'),
('111','1','34','2','2010-05-07 23:18:01'),
('112','1','34','3','2010-05-07 23:18:11'),
('113','1','33','2','2010-05-07 23:18:34'),
('114','1','33','3','2010-05-07 23:18:40'),
('115','1','32','2','2010-05-07 23:19:09'),
('116','1','31','3','2010-05-07 23:19:28'),
('117','1','26','5','2010-05-07 23:19:56'),
('118','1','32','3','2010-05-07 23:20:36'),
('119','1','34','4','2010-05-18 00:03:38'),
('120','1','33','4','2010-05-18 00:03:54'),
('121','1','31','4','2010-05-18 00:04:13'),
('122','1','30','5','2010-05-18 00:04:35'),
('123','1','34','5','2010-06-03 20:22:51'),
('124','1','33','5','2010-06-10 23:37:38'),
('125','1','32','5','2010-06-10 23:37:56'),
('126','1','31','5','2010-06-10 23:38:17'),
('127','0','36','1','2010-12-10 16:04:52'),
('128','0','37','1','2011-01-05 17:39:20'),
('129','0','38','2','2011-01-15 14:43:27'),
('130','1','37','4','2011-01-21 11:51:37'),
('131','1','38','4','2011-01-21 11:54:24'),
('132','1','36','6','2011-01-21 11:54:46'),
('133','1','37','5','2011-03-08 10:08:16'),
('134','1','38','5','2011-03-08 10:08:31'),
('135','0','39','1','2011-05-10 17:47:57'),
('136','1','39','3','2011-05-11 10:47:55'),
('137','1','39','3','2011-05-14 10:20:54'),
('138','1','39','4','2011-05-17 09:25:17'),
('139','1','39','4','2011-05-17 09:25:35'),
('140','1','39','5','2011-08-15 00:53:40'),
('141','0','40','2','2011-11-16 16:34:13');
/* Scheme for table arbor_order_message */
CREATE TABLE `arbor_order_message` (
  `id_order_message` int(10) unsigned NOT NULL AUTO_INCREMENT,
  `date_add` datetime NOT NULL,
  PRIMARY KEY (`id_order_message`)
) ENGINE=MyISAM AUTO_INCREMENT=2 DEFAULT CHARSET=utf8;

INSERT INTO `arbor_order_message` VALUES
('1','2008-12-27 22:16:49');
/* Scheme for table arbor_order_message_lang */
CREATE TABLE `arbor_order_message_lang` (
  `id_order_message` int(10) unsigned NOT NULL,
  `id_lang` int(10) unsigned NOT NULL,
  `name` varchar(128) NOT NULL,
  `message` text NOT NULL,
  PRIMARY KEY (`id_order_message`,`id_lang`)
) ENGINE=MyISAM DEFAULT CHARSET=utf8;

INSERT INTO `arbor_order_message_lang` VALUES
('1','1','Délai','Bonjour,\n\nUn des éléments de votre commande est actuellement en réapprovisionnement, ce qui peut légèrement retarder son envoi.\n\nMerci de votre compréhension.\n\nCordialement, \n'),
('1','2','Délai','Bonjour,\n\nUn des éléments de votre commande est actuellement en réapprovisionnement, ce qui peut légèrement retarder son envoi.\n\nMerci de votre compréhension.\n\nCordialement, \n'),
('1','3','Délai','Bonjour,\n\nUn des éléments de votre commande est actuellement en réapprovisionnement, ce qui peut légèrement retarder son envoi.\n\nMerci de votre compréhension.\n\nCordialement, \n'),
('1','4','Délai','Bonjour,\n\nUn des éléments de votre commande est actuellement en réapprovisionnement, ce qui peut légèrement retarder son envoi.\n\nMerci de votre compréhension.\n\nCordialement, \n'),
('1','6','Délai','Bonjour,\n\nUn des éléments de votre commande est actuellement en réapprovisionnement, ce qui peut légèrement retarder son envoi.\n\nMerci de votre compréhension.\n\nCordialement, \n'),
('1','7','Délai','Bonjour,\n\nUn des éléments de votre commande est actuellement en réapprovisionnement, ce qui peut légèrement retarder son envoi.\n\nMerci de votre compréhension.\n\nCordialement, \n'),
('1','8','Délai','Bonjour,\n\nUn des éléments de votre commande est actuellement en réapprovisionnement, ce qui peut légèrement retarder son envoi.\n\nMerci de votre compréhension.\n\nCordialement, \n'),
('1','9','Délai','Bonjour,\n\nUn des éléments de votre commande est actuellement en réapprovisionnement, ce qui peut légèrement retarder son envoi.\n\nMerci de votre compréhension.\n\nCordialement, \n'),
('1','10','Délai','Bonjour,\n\nUn des éléments de votre commande est actuellement en réapprovisionnement, ce qui peut légèrement retarder son envoi.\n\nMerci de votre compréhension.\n\nCordialement, \n'),
('1','11','Délai','Bonjour,\n\nUn des éléments de votre commande est actuellement en réapprovisionnement, ce qui peut légèrement retarder son envoi.\n\nMerci de votre compréhension.\n\nCordialement, \n'),
('1','12','Délai','Bonjour,\n\nUn des éléments de votre commande est actuellement en réapprovisionnement, ce qui peut légèrement retarder son envoi.\n\nMerci de votre compréhension.\n\nCordialement, \n'),
('1','13','Délai','Bonjour,\n\nUn des éléments de votre commande est actuellement en réapprovisionnement, ce qui peut légèrement retarder son envoi.\n\nMerci de votre compréhension.\n\nCordialement, \n'),
('1','14','Délai','Bonjour,\n\nUn des éléments de votre commande est actuellement en réapprovisionnement, ce qui peut légèrement retarder son envoi.\n\nMerci de votre compréhension.\n\nCordialement, \n'),
('1','15','Délai','Bonjour,\n\nUn des éléments de votre commande est actuellement en réapprovisionnement, ce qui peut légèrement retarder son envoi.\n\nMerci de votre compréhension.\n\nCordialement, \n'),
('1','16','Délai','Bonjour,\n\nUn des éléments de votre commande est actuellement en réapprovisionnement, ce qui peut légèrement retarder son envoi.\n\nMerci de votre compréhension.\n\nCordialement, \n'),
('1','17','Délai','Bonjour,\n\nUn des éléments de votre commande est actuellement en réapprovisionnement, ce qui peut légèrement retarder son envoi.\n\nMerci de votre compréhension.\n\nCordialement, \n'),
('1','18','Délai','Bonjour,\n\nUn des éléments de votre commande est actuellement en réapprovisionnement, ce qui peut légèrement retarder son envoi.\n\nMerci de votre compréhension.\n\nCordialement, \n'),
('1','19','Délai','Bonjour,\n\nUn des éléments de votre commande est actuellement en réapprovisionnement, ce qui peut légèrement retarder son envoi.\n\nMerci de votre compréhension.\n\nCordialement, \n'),
('1','20','Délai','Bonjour,\n\nUn des éléments de votre commande est actuellement en réapprovisionnement, ce qui peut légèrement retarder son envoi.\n\nMerci de votre compréhension.\n\nCordialement, \n'),
('1','21','Délai','Bonjour,\n\nUn des éléments de votre commande est actuellement en réapprovisionnement, ce qui peut légèrement retarder son envoi.\n\nMerci de votre compréhension.\n\nCordialement, \n');
/* Scheme for table arbor_order_return */
CREATE TABLE `arbor_order_return` (
  `id_order_return` int(10) unsigned NOT NULL AUTO_INCREMENT,
  `id_customer` int(10) unsigned NOT NULL,
  `id_order` int(10) unsigned NOT NULL,
  `state` tinyint(1) unsigned NOT NULL DEFAULT '1',
  `question` text NOT NULL,
  `date_add` datetime NOT NULL,
  `date_upd` datetime NOT NULL,
  PRIMARY KEY (`id_order_return`),
  KEY `order_return_customer` (`id_customer`),
  KEY `id_order` (`id_order`)
) ENGINE=MyISAM DEFAULT CHARSET=utf8;

/* Scheme for table arbor_order_return_detail */
CREATE TABLE `arbor_order_return_detail` (
  `id_order_return` int(10) unsigned NOT NULL,
  `id_order_detail` int(10) unsigned NOT NULL,
  `id_customization` int(10) unsigned NOT NULL DEFAULT '0',
  `product_quantity` int(10) unsigned NOT NULL DEFAULT '0',
  PRIMARY KEY (`id_order_return`,`id_order_detail`,`id_customization`)
) ENGINE=MyISAM DEFAULT CHARSET=utf8;

/* Scheme for table arbor_order_return_state */
CREATE TABLE `arbor_order_return_state` (
  `id_order_return_state` int(10) unsigned NOT NULL AUTO_INCREMENT,
  `color` varchar(32) DEFAULT NULL,
  PRIMARY KEY (`id_order_return_state`)
) ENGINE=MyISAM AUTO_INCREMENT=6 DEFAULT CHARSET=utf8;

INSERT INTO `arbor_order_return_state` VALUES
('1','#ADD8E6'),
('2','#EEDDFF'),
('3','#DDFFAA'),
('4','#FFD3D3'),
('5','#FFFFBB');
/* Scheme for table arbor_order_return_state_lang */
CREATE TABLE `arbor_order_return_state_lang` (
  `id_order_return_state` int(10) unsigned NOT NULL,
  `id_lang` int(10) unsigned NOT NULL,
  `name` varchar(64) NOT NULL,
  UNIQUE KEY `order_state_lang_index` (`id_order_return_state`,`id_lang`)
) ENGINE=MyISAM DEFAULT CHARSET=utf8;

INSERT INTO `arbor_order_return_state_lang` VALUES
('1','1','Waiting for confirmation'),
('2','1','Waiting for package'),
('3','1','Package received'),
('4','1','Return denied'),
('5','1','Return completed'),
('1','2','En attente de confirmation'),
('2','2','En attente du colis'),
('3','2','Colis reçu'),
('4','2','Retour refusé'),
('5','2','Retour terminé'),
('1','3','Waiting for confirmation'),
('2','3','Waiting for package'),
('3','3','Package received'),
('4','3','Return denied'),
('5','3','Return completed'),
('1','4','Waiting for confirmation'),
('2','4','Waiting for package'),
('3','4','Package received'),
('4','4','Return denied'),
('5','4','Return completed'),
('1','6','Waiting for confirmation'),
('2','6','Waiting for package'),
('3','6','Package received'),
('4','6','Return denied'),
('5','6','Return completed'),
('1','7','Waiting for confirmation'),
('2','7','Waiting for package'),
('3','7','Package received'),
('4','7','Return denied'),
('5','7','Return completed'),
('1','8','Waiting for confirmation'),
('2','8','Waiting for package'),
('3','8','Package received'),
('4','8','Return denied'),
('5','8','Return completed'),
('1','9','Waiting for confirmation'),
('2','9','Waiting for package'),
('3','9','Package received'),
('4','9','Return denied'),
('5','9','Return completed'),
('1','10','Waiting for confirmation'),
('2','10','Waiting for package'),
('3','10','Package received'),
('4','10','Return denied'),
('5','10','Return completed'),
('1','11','Waiting for confirmation'),
('2','11','Waiting for package'),
('3','11','Package received'),
('4','11','Return denied'),
('5','11','Return completed'),
('1','12','Waiting for confirmation'),
('2','12','Waiting for package'),
('3','12','Package received'),
('4','12','Return denied'),
('5','12','Return completed'),
('1','13','Waiting for confirmation'),
('2','13','Waiting for package'),
('3','13','Package received'),
('4','13','Return denied'),
('5','13','Return completed'),
('1','14','Waiting for confirmation'),
('2','14','Waiting for package'),
('3','14','Package received'),
('4','14','Return denied'),
('5','14','Return completed'),
('1','15','Waiting for confirmation'),
('2','15','Waiting for package'),
('3','15','Package received'),
('4','15','Return denied'),
('5','15','Return completed'),
('1','16','Waiting for confirmation'),
('2','16','Waiting for package'),
('3','16','Package received'),
('4','16','Return denied'),
('5','16','Return completed'),
('1','17','Waiting for confirmation'),
('2','17','Waiting for package'),
('3','17','Package received'),
('4','17','Return denied'),
('5','17','Return completed'),
('1','18','Waiting for confirmation'),
('2','18','Waiting for package'),
('3','18','Package received'),
('4','18','Return denied'),
('5','18','Return completed'),
('1','19','Waiting for confirmation'),
('2','19','Waiting for package'),
('3','19','Package received'),
('4','19','Return denied'),
('5','19','Return completed'),
('1','20','Waiting for confirmation'),
('2','20','Waiting for package'),
('3','20','Package received'),
('4','20','Return denied'),
('5','20','Return completed'),
('1','21','Waiting for confirmation'),
('2','21','Waiting for package'),
('3','21','Package received'),
('4','21','Return denied'),
('5','21','Return completed');
/* Scheme for table arbor_order_slip */
